-- Table structure for table `countries`
--

CREATE TABLE `countries` (
  `id` int(6) NOT NULL,
  `country_name` varchar(250) NOT NULL,
  `ordera` int(1) NOT NULL DEFAULT '0'
) ENGINE=MyISAM DEFAULT CHARSET=utf8;

--
-- Dumping data for table `countries`
--

INSERT INTO `countries` (`id`, `country_name`, `ordera`) VALUES
(1, 'Afghanistan', 0),
(2, '&Aring;land&nbsp;Islands', 0),
(3, 'Albania', 0),
(4, 'Algeria', 0),
(5, 'American&nbsp;Samoa', 0),
(6, 'Andorra', 0),
(7, 'Angola', 0),
(8, 'Anguilla', 0),
(9, 'Antarctica', 0),
(10, 'Antigua&nbsp;and&nbsp;Barbuda', 0),
(11, 'Argentina', 0),
(12, 'Armenia', 0),
(13, 'Aruba', 0),
(14, 'Australia', 2),
(15, 'Austria', 0),
(16, 'Azerbaijan', 0),
(17, 'Bahamas', 0),
(18, 'Bahrain', 0),
(19, 'Bangladesh', 0),
(20, 'Barbados', 0),
(21, 'Belarus', 0),
(22, 'Belgium', 0),
(23, 'Belize', 0),
(24, 'Benin', 0),
(25, 'Bermuda', 0),
(26, 'Bhutan', 0),
(27, 'Bolivia', 0),
(28, 'Bosnia&nbsp;and&nbsp;Herzegovina', 0),
(29, 'Botswana', 0),
(30, 'Bouvet&nbsp;Island', 0),
(31, 'Brazil', 3),
(32, 'British&nbsp;Indian&nbsp;Ocean&nbsp;territory', 0),
(33, 'Brunei&nbsp;Darussalam', 0),
(34, 'Bulgaria', 0),
(35, 'Burkina&nbsp;Faso', 0),
(36, 'Burundi', 0),
(37, 'Cambodia', 0),
(38, 'Cameroon', 0),
(39, 'Canada', 4),
(40, 'Cape&nbsp;Verde', 0),
(41, 'Cayman&nbsp;Islands', 0),
(42, 'Central&nbsp;African&nbsp;Republic', 0),
(43, 'Chad', 0),
(44, 'Chile', 0),
(45, 'China', 0),
(46, 'Christmas&nbsp;Island', 0),
(47, 'Cocos&nbsp;(Keeling)&nbsp;Islands', 0),
(48, 'Colombia', 0),
(49, 'Comoros', 0),
(50, 'Congo', 0),
(51, 'Congo', 0),
(52, '&nbsp;Democratic&nbsp;Republic', 0),
(53, 'Cook&nbsp;Islands', 0),
(54, 'Costa&nbsp;Rica', 0),
(55, 'C&ocirc;te&nbsp;d&#39;Ivoire&nbsp;(Ivory&nbsp;Coast)', 0),
(56, 'Croatia&nbsp;(Hrvatska)', 0),
(57, 'Cuba', 0),
(58, 'Cyprus', 0),
(59, 'Czech&nbsp;Republic', 0),
(60, 'Denmark', 0),
(61, 'Djibouti', 0),
(62, 'Dominica', 0),
(63, 'Dominican&nbsp;Republic', 0),
(64, 'East&nbsp;Timor', 0),
(65, 'Ecuador', 0),
(66, 'Egypt', 0),
(67, 'El&nbsp;Salvador', 0),
(68, 'Equatorial&nbsp;Guinea', 0),
(69, 'Eritrea', 0),
(70, 'Estonia', 0),
(71, 'Ethiopia', 0),
(72, 'Falkland&nbsp;Islands', 0),
(73, 'Faroe&nbsp;Islands', 0),
(74, 'Fiji', 0),
(75, 'Finland', 0),
(76, 'France', 5),
(77, 'French&nbsp;Guiana', 0),
(78, 'French&nbsp;Polynesia', 0),
(79, 'French&nbsp;Southern&nbsp;Territories', 0),
(80, 'Gabon', 0),
(81, 'Gambia', 0),
(82, 'Georgia', 0),
(83, 'Germany', 0),
(84, 'Ghana', 0),
(85, 'Gibraltar', 0),
(86, 'Greece', 0),
(87, 'Greenland', 0),
(88, 'Grenada', 0),
(89, 'Guadeloupe', 0),
(90, 'Guam', 0),
(91, 'Guatemala', 0),
(92, 'Guinea', 0),
(93, 'Guinea-Bissau', 0),
(94, 'Guyana', 0),
(95, 'Haiti', 0),
(96, 'Heard&nbsp;and&nbsp;McDonald&nbsp;Islands', 0),
(97, 'Honduras', 0),
(98, 'Hong&nbsp;Kong', 0),
(99, 'Hungary', 0),
(100, 'Iceland', 0),
(101, 'India', 0),
(102, 'Indonesia', 0),
(103, 'Iran', 0),
(104, 'Iraq', 0),
(105, 'Ireland', 0),
(106, 'Israel', 0),
(107, 'Italy', 0),
(108, 'Jamaica', 0),
(109, 'Japan', 0),
(110, 'Jordan', 0),
(111, 'Kazakhstan', 0),
(112, 'Kenya', 0),
(113, 'Kiribati', 0),
(114, 'Korea&nbsp;(north)', 0),
(115, 'Korea&nbsp;(south)', 0),
(116, 'Kuwait', 0),
(117, 'Kyrgyzstan', 0),
(118, 'Lao&nbsp;People&#39;s&nbsp;Democratic&nbsp;Republic', 0),
(119, 'Latvia', 0),
(120, 'Lebanon', 0),
(121, 'Lesotho', 0),
(122, 'Liberia', 0),
(123, 'Libyan&nbsp;Arab&nbsp;Jamahiriya', 0),
(124, 'Liechtenstein', 0),
(125, 'Lithuania', 0),
(126, 'Luxembourg', 0),
(127, 'Macao', 0),
(128, 'Macedonia', 0),
(129, 'Madagascar', 0),
(130, 'Malawi', 0),
(131, 'Malaysia', 0),
(132, 'Maldives', 0),
(133, 'Mali', 0),
(134, 'Malta', 0),
(135, 'Marshall&nbsp;Islands', 0),
(136, 'Martinique', 0),
(137, 'Mauritania', 0),
(138, 'Mauritius', 0),
(139, 'Mayotte', 0),
(140, 'Mexico', 7),
(141, 'Micronesia', 0),
(142, 'Moldova', 0),
(143, 'Monaco', 0),
(144, 'Mongolia', 0),
(145, 'Montserrat', 0),
(146, 'Morocco', 0),
(147, 'Mozambique', 0),
(148, 'Myanmar', 0),
(149, 'Namibia', 0),
(150, 'Nauru', 0),
(151, 'Nepal', 0),
(152, 'Netherlands', 0),
(153, 'Netherlands&nbsp;Antilles', 0),
(154, 'New&nbsp;Caledonia', 0),
(155, 'New&nbsp;Zealand', 6),
(156, 'Nicaragua', 0),
(157, 'Niger', 0),
(158, 'Nigeria', 0),
(159, 'Niue', 0),
(160, 'Norfolk&nbsp;Island', 0),
(161, 'Northern&nbsp;Mariana&nbsp;Islands', 0),
(162, 'Norway', 0),
(163, 'Oman', 0),
(164, 'Pakistan', 0),
(165, 'Palau', 0),
(166, 'Palestinian&nbsp;Territories', 0),
(167, 'Panama', 0),
(168, 'Papua&nbsp;New&nbsp;Guinea', 0),
(169, 'Paraguay', 0),
(170, 'Peru', 0),
(171, 'Philippines', 0),
(172, 'Pitcairn', 0),
(173, 'Poland', 0),
(174, 'Portugal', 0),
(175, 'Puerto&nbsp;Rico', 0),
(176, 'Qatar', 0),
(177, 'R&eacute;union', 0),
(178, 'Romania', 0),
(179, 'Russian&nbsp;Federation', 0),
(180, 'Rwanda', 0),
(181, 'Saint&nbsp;Helena', 0),
(182, 'Saint&nbsp;Kitts&nbsp;and&nbsp;Nevis', 0),
(183, 'Saint&nbsp;Lucia', 0),
(184, 'Saint&nbsp;Pierre&nbsp;and&nbsp;Miquelon', 0),
(185, 'Saint&nbsp;Vincent&nbsp;and&nbsp;the&nbsp;Grenadines', 0),
(186, 'Samoa', 0),
(187, 'San&nbsp;Marino', 0),
(188, 'Sao&nbsp;Tome&nbsp;and&nbsp;Principe', 0),
(189, 'Saudi&nbsp;Arabia', 0),
(190, 'Senegal', 0),
(191, 'Serbia&nbsp;and&nbsp;Montenegro', 0),
(192, 'Seychelles', 0),
(193, 'Sierra&nbsp;Leone', 0),
(194, 'Singapore', 0),
(195, 'Slovakia', 0),
(196, 'Slovenia', 0),
(197, 'Solomon&nbsp;Islands', 0),
(198, 'Somalia', 0),
(199, 'South&nbsp;Africa', 0),
(200, 'South&nbsp;Georgia&nbsp;and&nbsp;the&nbsp;South&nbsp;Sandwich&nbsp;Islands', 0),
(201, 'Spain', 0),
(202, 'Sri&nbsp;Lanka', 0),
(203, 'Sudan', 0),
(204, 'Suriname', 0),
(205, 'Svalbard&nbsp;and&nbsp;Jan&nbsp;Mayen&nbsp;Islands', 0),
(206, 'Swaziland', 0),
(207, 'Sweden', 0),
(208, 'Switzerland', 0),
(209, 'Syria', 0),
(210, 'Taiwan', 0),
(211, 'Tajikistan', 0),
(212, 'Tanzania', 0),
(213, 'Thailand', 0),
(214, 'Togo', 0),
(215, 'Tokelau', 0),
(216, 'Tonga', 0),
(217, 'Trinidad&nbsp;and&nbsp;Tobago', 0),
(218, 'Tunisia', 0),
(219, 'Turkey', 0),
(220, 'Turkmenistan', 0),
(221, 'Turks&nbsp;and&nbsp;Caicos&nbsp;Islands', 0),
(222, 'Tuvalu', 0),
(223, 'Uganda', 0),
(224, 'Ukraine', 0),
(225, 'United&nbsp;Arab&nbsp;Emirates', 0),
(226, 'United&nbsp;Kingdom', 8),
(227, 'United&nbsp;States&nbsp;of&nbsp;America', 0),
(228, 'Uruguay', 0),
(229, 'Uzbekistan', 0),
(230, 'Vanuatu', 0),
(231, 'Vatican&nbsp;City', 0),
(232, 'Venezuela', 0),
(233, 'Vietnam', 0),
(234, 'Virgin&nbsp;Islands&nbsp;(British)', 0),
(235, 'Virgin&nbsp;Islands&nbsp;(US)', 0),
(236, 'Wallis&nbsp;and&nbsp;Futuna&nbsp;Islands', 0),
(237, 'Western&nbsp;Sahara', 0),
(238, 'Yemen', 0),
(239, 'Zaire', 0);

-- --------------------------------------------------------

--
-- Table structure for table `coupon_code`
--

CREATE TABLE `coupon_code` (
  `id` int(11) NOT NULL,
  `coupon_code` varchar(15) NOT NULL,
  `coupon_per` float(11,2) NOT NULL,
  `start_date` date NOT NULL,
  `end_date` date NOT NULL
) ENGINE=MyISAM DEFAULT CHARSET=latin1;

--
-- Dumping data for table `coupon_code`
--

INSERT INTO `coupon_code` (`id`, `coupon_code`, `coupon_per`, `start_date`, `end_date`) VALUES
(12, 'LAX2016', 10.00, '2016-05-12', '2016-12-21'),
(13, 'LAX2017', 10.00, '2017-01-06', '2018-12-19'),
(16, 'school10', 10.00, '2017-08-26', '2017-09-30');

-- --------------------------------------------------------

--
-- Table structure for table `faqs`
--

CREATE TABLE `faqs` (
  `id` bigint(100) NOT NULL,
  `faq_cat_id` varchar(255) NOT NULL,
  `question` varchar(255) NOT NULL,
  `answer` longtext NOT NULL,
  `created_date` date NOT NULL,
  `updated_date` date NOT NULL
) ENGINE=MyISAM DEFAULT CHARSET=latin1;

--
-- Dumping data for table `faqs`
--

INSERT INTO `faqs` (`id`, `faq_cat_id`, `question`, `answer`, `created_date`, `updated_date`) VALUES
(19, '7', 'Please feel free to contact LAX Van Rental if you have any questions or concerns.', '<p><strong>Rental Requirements, Terms and Conditions:</strong></p>\r\n<ul>\r\n<ul>\r\n<li><strong>Driver license:</strong><br /> Valid driver&rsquo;s licenses issued in your state or country is acceptable as well as international licenses. You do not need to register with California DMV. Just make sure your license is valid and is not expired. The United States does not issue International Driving Permits to foreign visitors. Non-U.S. residents are required to show a valid driver&rsquo;s license and a passport from their home country. If the information on your driver&rsquo;s license is not written in the Roman alphabet, you must also present an International Driving Permit. For more information you can check California DMV website at <a href=\'http://www.dmv.ca.gov\'>www.dmv.ca.gov</a><a href=\'https://www.dmv.ca.gov\'><br /><br /></a></li>\r\n<li><strong>Do I need insurance for van rental in Los Angeles? </strong><br /> Yes, insurance is required by California state law. All authorized drivers must have proper liability insurance that can be transferred and used for the rental vehicle. We also offer two types of insurance, Supplementary Liability Insurance (SLI), and Collision Damage Waiver (CDW). Liability insurance is required by law in California and you should have it to drive any vehicle. CDW only covers the van. If you don&rsquo;t have it, you would be responsible for the entire cost of damage to the van. The credit card insurance usually does not cover passenger vans. You can purchase&nbsp;both insurances for your rental and both CDW and SLI have a $1000 deductive.<br /><br /></li>\r\n<li><strong>What is SLI (Supplementary Liability Insurance)?</strong><br /> SLI is vehicle liability insurance that protects all authorized drivers against third-party bodily injury and property-damage claims for which drivers are legally liable. Another word SLI provides coverage in the event of an accident causing bodily injury to someone other than the renter and passengers.<br /><br /></li>\r\n<li><strong>What is CDW (Collision Damage Waiver)?</strong><br /> Regardless of fault, renter is responsible for loss or damage to the rental vehicle resulting from collision or vandalism, unless you purchase this protection. C.D.W. coverage eliminates your financial responsibility for damage to the vehicle but you and your own insurance are still responsible for $1000 deductible.&nbsp;<br /><br /></li>\r\n<li><strong>Can I use my Credit card car rental insurance?</strong><br /> Most credit card companies such as Visa, MasterCard, American Express and Discover provide rental car insurance however their policy does not cover 12 &amp; 15 passenger van rental and they exclude vans with more than 8 seat or passenger.&nbsp;Before relying on your credit card on coverage, please contact your credit card company.<br /><br /></li>\r\n<li><strong>What are your age requirements? </strong><br /> You have to be at least 21 years old with&nbsp;five years of driving experienc to rent a van.<br /> If you are a visitor or tourist in California over 21 and you have a valid driver license from your home state or country, you may drive in this state without getting a California driver license as long as your home state license remains valid.<br /><br /></li>\r\n<li><strong>What is Personal Accident Insurance (PAI)?</strong><br /> PAI provides renter with coverage for medical expenses or loss of life while in the rental vehicle, The renter is covered during the rental for the following: $1,750 medical coverage for injuries due to an accident, $300 for ambulance expenses.<br /><br /></li>\r\n<li><strong>Requirements for&nbsp;Passenger Vans:</strong><br />The renter needs to be at least 21 years old and recommended to have a minimum of five years of driving experience. If the van is to be used for hire or profit or any other group, all drivers of the van must have required license and comply&nbsp;with local,&nbsp;state and Federal laws.<strong><br />School &amp; Universities:<br /></strong>Bus Safety Federal Standards for schools do not allow passenger vans to be used for transportation of children in the twelfth grade or younger.Commercial Driver&rsquo;s License (CDL) and passenger transport endorsement are required for employees of schools to operate passenger vans and follow the Public Contract Code.</li>\r\n</ul>\r\n</ul>\r\n<p>&nbsp;<strong>Services:</strong></p>\r\n<ul>\r\n<ul>\r\n<ul>\r\n<li><strong>Do you pick up and drop off customers? </strong><br /> Yes, we have a service to pick up and drop off customers however for your convenience, We also&nbsp;deliver some passenger vans to LAX and to the airport terminal arrival curbside where your airplane land and you can drop off the van at the airport&nbsp;parking.<br /><br /></li>\r\n<li><strong>Do you deliver and pick up the vehicle? </strong><br /> Yes, upon request we can deliver or collect specefic&nbsp;vehicle at your home, hotel or other places. Pick up or drop off fees may apply.<br /><br /></li>\r\n<li><strong>Do you deliver the van at the hotels? </strong><br /> Yes, we do deliver the van to the hotels but the customer needs to be present to sign the rental contract. There is some additional drop off fee if we deliver the van to your hotel outside LAX area.<br /><br /></li>\r\n<li><strong>Can you remove the last row seats to accommodate luggage?</strong><br /> Yes, when we remove the last row seats, a 12 passenger van will have seats only for 8 people (7 passengers and driver) and lots more room for the luggage. When we remove the last row seats, a 15 passenger van E350 will have seats only for 11 people (10 passengers and driver) When making your reservation, in the comment section, please mention to us for seat removal. On transit van we can only remove two middle seats of last row and there will be $25 removal &amp; storage fee.&nbsp;</li>\r\n</ul>\r\n</ul>\r\n</ul>\r\n<p><strong>Method of payment:</strong></p>\r\n<ul>\r\n<ul>\r\n<ul>\r\n<li><strong>What forms of payment do you accept? </strong><br /> You can pay the rental fee by cash, check, credit card, debit card, Paypal and travels check, however we must have a valid credit/debit card in our file.<br /><br /></li>\r\n<li><strong>Can I use another person&rsquo;s credit card for renting a vehicle? </strong><br /> Yes, you can use another person&rsquo;s credit card but the card holder must present themselves with proper ID to sign the rental contract.</li>\r\n</ul>\r\n</ul>\r\n</ul>\r\n<p><strong>Deposit</strong></p>\r\n<ul>\r\n<ul>\r\n<ul>\r\n<li><strong>Do I need a deposit when I make the reservation? </strong><br /> Yes, a deposit is required for security purposes. In order to secure your reservation, we&nbsp;autorize your debit or credit card minimum of $200. The amount of the requested deposit will be returned to you if you cancel the reservation two week before the pick up date.<br /><br /></li>\r\n<li><strong>How much is the deposit? </strong><br /> The deposits is based on the type of vehicle and debit/credit card but usually we authorize minimum of $200 and it will be released upon return the vehicle after&nbsp;5 to&nbsp;7 business days. &nbsp;</li>\r\n</ul>\r\n</ul>\r\n</ul>\r\n<p><strong>Type of vehicles</strong></p>\r\n<ul>\r\n<ul>\r\n<ul>\r\n<li><strong>What type of cars do you have? </strong><br /> We have the latest model of 12 &amp; 15 passenger transit van, minivan, luxury high top van, cargo van, 11 Passenger and 15 passenger van E350 Ford Econoline.<br /><br /></li>\r\n<li><strong>Do you have automatic or stick shift cars? </strong><br /> All of our modern vans are automatic. Make sure you ask for a stick shift in advance. Since most of our cars are automatic.<br /><br /></li>\r\n<li><strong>What is the difference between Ford E350 and Transit van?</strong><br />Ford passenger van E350 has reached the end of its life after almost 50 years and Ford discontinued making this passenger van but still using the same platform for minibus and larger vehicles.&nbsp;The heavy duty Econoline E350 is an 8 Cylendar vehicle with 4 row seats. The New modernized Ford passenger van,&nbsp;<a title=\'Ford Transit wagon 15 passenger van Los Angeles\' href=\'http://www.lax-van-rentals.com/vehicle-details.php?vid=8\' target=\'_blank\'>Transit wagon 15 passenger van</a>&nbsp;and <a title=\'Ford 12 passenger transit vans Los Angeles\' href=\'http://www.lax-van-rentals.com/vehicle-details.php?vid=17\' target=\'_blank\'>12 passenger transit vans</a>&nbsp;in three height (Low &ndash; Medium and High roof) were introduced in 2015 with many new options and individual seats.&nbsp;<br /><br /></li>\r\n<li><strong>Do you have air conditioned vehicles? </strong><br /> Yes, all our vans have air conditioning A/C front &amp; rear.<br /><br /></li>\r\n<li><strong>Do you rent cars by the hour? </strong><br /> No the minimum reservation is for 24hours to two days, please contact us for availability of the vehicle.</li>\r\n</ul>\r\n</ul>\r\n</ul>\r\n<p><strong>Accessories</strong></p>\r\n<ul>\r\n<ul>\r\n<ul>\r\n<li><strong>Do you offer accessories with your rentals? </strong><br /> We do have accessories that can be rented with the vehicles. The accessories are GPS navigation system,WiFi Internet, child booster and toddler seat.</li>\r\n<li><strong>Do you offer WiFi Internet access with your vehicles?</strong><br />Yes, stay connected while traveling in USA with portable hotspot wifi. It provides both international and domestic travelers with all the digital support needed when traveling in our vehicles. Onboard portable WiFi allows you to use many devices such as your laptop, tablet, or mobile device while you travel. You can have access to Internet up to one gigabyte.<br /><br /></li>\r\n<li><strong>FREE WiFi at LAX airport:<br /></strong>LAX airport offers unlimited free Wi-Fi (45-minute sessions) in the public areas of all arrival &amp; departure terminals.&nbsp;<br /><br /></li>\r\n<li><strong>Do you rent the passenger van with towing hitch or trailer?</strong><br /> No, we do not rent the trailer but we can provide you a passenger van with towing receiver and hitch (would be $75 extra for the entire trip)<br /> If it is absolutely necessary to tow a trailer with such a passenger van, no more than one passenger (to assist driver) should be onboard the van.</li>\r\n</ul>\r\n</ul>\r\n</ul>\r\n<p><strong>Additional charges</strong></p>\r\n<ul>\r\n<ul>\r\n<ul>\r\n<li><strong>Is there an additional charge for more than one driver? </strong><br /> Yes, additional charges apply when rental vehicle is to be driven by more than one person. If a renter wants to add an additional driver, the second driver must be 25 or older and present their valid driver&rsquo;s license and credit card.<br /> Your spouse automatically is an authorized driver if (s)he has a valid drivers license and meets the age restrictions.<br /><br /></li>\r\n<li><strong>What about the Cleaning Fee?</strong><br /> All of our vehicles are non-smoking or smoke-free fleet.<br /> Upon the return, if it is determined that the vehicle should be cleaned of tobacco odor, pet hair, excessively dirty and residue (cigarette burns, ash/butts inside the vehicle), the renter will be charged up to $499 cleaning fee.<br /><br /></li>\r\n<li><strong>Is there an additional charge for fuel? </strong><br /> Fuel must be brought back the same way it was given to you. The fuel tank usually is full and you are expected to return it full. The refueling charge of $25 plus fuel cost will&nbsp;apply if the vehicle is returned with less gas than you picked up the van.<br /><br /></li>\r\n<li><strong>Should I pay ahead of time for a full tank of fuel?</strong><br /> No, but we offer the option of paying for a full tank of fuel, prior to your pick up date. That way you do not have to worry about topping the tank off before you return the car.<br /><br /></li>\r\n<li><strong>What if I get a traffic, parking or toll ticket?</strong><br /> You are responsible for traffic tickets and if we pay that we will charge you $35 admin fee or 20% additional service fee.<br /> Renter is responsible for any driving or parking ticket and toll road violation during the rental period. The renter must pay the toll fees before entering the toll roads, crossing or bridges. If we receive toll evasion notice, it will be paid immediately and an admin fee of $35 will be added to the original violation amount.<br /><br /></li>\r\n<li><strong>Is there an additional charge for underage?</strong><br /> Yes, it only applies to customers that are 21-24 years old for minivan, for full size van the renter should be at least 25 years old.<br /><br /></li>\r\n<li><strong>What is Carpool Lanes and Toll Roads?</strong><br /> Carpool lane is a restricted traffic lane for exclusive use of vehicles with a driver and one or more passengers. So if you rent a passenger van with at least 2 or 3 occupants you can use carpool lanes. Violators may subject to a minimum $481 fine or ticket.<br /><br /></li>\r\n<li><strong>The Toll Roads (pay to drive):</strong> There are some roads and bridges that you should pay tolls. Some toll roads can be avoided by driving other routes. To avoid paying fees or fines carry US cash to pay toll if they do not accept credit cards. You can also pay your tolls by using the <a href=\'https://www.thetollroads.com/violation/oneTimeToll.do\'><em>One</em>-<em>Time</em>-<em>Toll</em>&reg;</a> payment option. (One-Time-Toll must be used within five days)</li>\r\n</ul>\r\n</ul>\r\n</ul>\r\n<p><strong>Out-of-state &amp; Speed Limit</strong></p>\r\n<ul>\r\n<ul>\r\n<ul>\r\n<li><strong>Is my driver\'s license good in every state?</strong><br /> If you have a valid license issued in your state or country, you may use it in other states that you visit. However vehicles can only be within California and Nevada, Arizona and Utah. Please contact us if you plan to drive to other states.</li>\r\n</ul>\r\n<ul>\r\n<li><strong>Can I cross international borders and drive to Mexico or Canada?<br /> &nbsp;</strong>Driving is restricted to the Continental United States and vehicles must remain in USA, however you can contact us in advance for specific requirements, additional insurance and management approval for Canada.<br /> Your rental agreements do not allow you to drive our vehicles to Mexico.<br /><br /></li>\r\n<li><strong>How much is the national speed limit?</strong><br /> In most California&rsquo;s freeways the speed limit is 65 miles/hour (or 105 Km/Hr).<br /> Please do not drive over speed limit or 65 miles per hour, whichever is lower.</li>\r\n</ul>\r\n</ul>\r\n</ul>\r\n<p><strong>Monthly Special</strong></p>\r\n<ul>\r\n<ul>\r\n<ul>\r\n<li><strong>If I rent a passenger van for a month can I get a special rate and discount price? </strong><br /> Yes, all vans can be rented by the month and receive a special offer.</li>\r\n</ul>\r\n</ul>\r\n</ul>\r\n<p><strong>Discounts</strong></p>\r\n<ul>\r\n<ul>\r\n<ul>\r\n<li><strong>Do you have AAA club, travel agencies or airport employee&rsquo;s discounts? </strong><br /> Yes, we offer discounts to members of any one of these associations. Advance reservations are required and must include the promotion code or your AAA Club Discount Code<br /><br /></li>\r\n<li><strong>Do you offer coupons? </strong><br /> Yes we do, you can print it out from the web site when available. For LAX van rental discount or group discount for van rental Los Angels check our discount page.<br /><br /></li>\r\n<li><strong>Do you offer military personnel discount?</strong><br /> Yes, Active-duty US military personnel with proper valid ID or US Armed Forces identification cards with minimum 5 days booking can get 10% discount.</li>\r\n</ul>\r\n</ul>\r\n</ul>\r\n<p><strong>Returning vehicles</strong></p>\r\n<ul>\r\n<ul>\r\n<ul>\r\n<li><strong>If I have a flight leaving during your closing hours, is there anywhere I can leave your vehicle?</strong><br /> Yes, we have a drop off service in LAX Parking lot C. Let us know in advance for instructions on where to leave your vehicle.<br /><br /></li>\r\n<li><strong>Can I return the rental van early?</strong><br /> Sure, if you want to return your vehicle early, you will not receive any refund for unused portions of your reservation and we do not charge you extra fees for breaking the rental agreement. If you are getting a special weekly rate, returning the vehicle early may change your discounted rate.</li>\r\n</ul>\r\n</ul>\r\n</ul>\r\n<p><strong>Free Miles</strong></p>\r\n<ul>\r\n<ul>\r\n<ul>\r\n<li><strong>How many miles do I get per day?</strong><br /> Our fleet rental including passenger and cargo van include 150&nbsp; free miles per day depends on vehicle types and the model. Any additional miles will be charged at the rate of 35 Cents per mile.&nbsp;Our vehicles are restricted to drive in California, Arizona and Nevada.</li>\r\n</ul>\r\n</ul>\r\n</ul>\r\n<p><strong>Damages and Mechanical Issues</strong></p>\r\n<ul>\r\n<ul>\r\n<ul>\r\n<li><strong>What if I get a flat tire?</strong><br /> We inspect all vehicles in our fleet regularly and make sure the tires are fit for long distance driving. If you get a flat tire, you are responsible for repairing the flat or replacing the tire and any damage to the van as result of a flat or blown tire. You may change the spare tire yourself or talk to a local tow company.<br /><br /></li>\r\n<li><strong>What if the van does not get started?</strong><br /> We inspect the batteries frequently however make sure all the lights are off before you leave the van. People sometimes leave the lights on and that causes battery failure.<br /><br /></li>\r\n<li><strong>What if the van gets a mechanical issue?</strong><br /> We have inspection requirements to check the fleet vehicles and follow general safety standards. If you are in LA area and the van gets a mechanical failure we will do our best to replace the van. If you are out of Los Angeles area, we will help you to find a local shop or vehicle dealer to repair it.&nbsp;Call our toll free number for arrangements.<br /><br /></li>\r\n<li><strong>What if the van gets damaged?</strong><br /> You are responsible for cost of repair plus additional processing&nbsp;fee. If you purchase Collision Damage Waiver, CDW will eliminate your financial responsibility for damage to our&nbsp;vehicle with $1000 deductible.<br /><br /> &nbsp;</li>\r\n</ul>\r\n</ul>\r\n</ul>\r\n<p><strong>Cancellation Policy</strong></p>\r\n<ul>\r\n<ul>\r\n<ul>\r\n<li><strong>Cancellation fee?</strong><br /> You may cancel your reservation without any charges all the way up to 14 days prior to your scheduled pick up date, however if you cancel your reservation within 14 days to your reservation, there will be 50% of total or the minimum $200, charge as a cancellation fee.&nbsp;For one way rental, long weekend, holidays and Christmas there is $500 cancellation fee.&nbsp; The Failure to notify us of any cancellations either by email or by a simple phone call,&nbsp;or No-show at pick-up, will result into collection of the total rental fee from the responsible party credit card.<br /><br /></li>\r\n</ul>\r\n<ul>\r\n<li><strong>How do I cancel my reservation?</strong><br /> Reservations made through this website can be cancelled by entering your email address and the confirmation code in Home page or contacting us by email <a href=\'mailto:info@lax-van-rentals.com\'>info@lax-van-rentals.com</a>.</li>\r\n</ul>\r\n</ul>\r\n</ul>\r\n<p><strong>If you have any further questions please&nbsp;contact us by email at info@lax-van-rentals.com or call our toll-free 888-840-119</strong></p>', '2013-06-17', '2018-01-09');

-- --------------------------------------------------------

--
-- Table structure for table `faqs_category`
--

CREATE TABLE `faqs_category` (
  `id` int(11) NOT NULL,
  `faqs_category` varchar(255) NOT NULL,
  `created_date` date NOT NULL
) ENGINE=MyISAM DEFAULT CHARSET=latin1;

--
-- Dumping data for table `faqs_category`
--

INSERT INTO `faqs_category` (`id`, `faqs_category`, `created_date`) VALUES
(7, ' Frequently Asked Questions ', '2013-05-04');

-- --------------------------------------------------------

--
-- Table structure for table `fc_van_page_content`
--

CREATE TABLE `fc_van_page_content` (
  `id` int(11) NOT NULL,
  `content` text NOT NULL,
  `content_spa` text NOT NULL,
  `content_por` text NOT NULL,
  `content_arab` text CHARACTER SET utf8 COLLATE utf8_unicode_ci NOT NULL
) ENGINE=MyISAM DEFAULT CHARSET=latin1;

--
-- Dumping data for table `fc_van_page_content`
--

INSERT INTO `fc_van_page_content` (`id`, `content`, `content_spa`, `content_por`, `content_arab`) VALUES
(1, '<p>\r\nRates are dependent upon availability, optional features, season and are subject to change without notice.\r\nVan Rentals for 3 days or less may be at a higher daily rate and subject to limited availability. Shorter rentals cannot be confirmed more than 3 days in advance.  However, we try to accommodate your requests, so please Contact us by email or give us a call at 888-840-1198.</p><hr />\r\n<br/>\r\n<p>Van fleet, vehicle types and features displayed on this website are provided as a guide only and are subject to change at any time. If this occurs we will offer a similar van in the same class.</p>\r\n', '<p>\r\nTarifas dependen de la disponibilidad, características opcionales de temporada y están sujetos a cambio sin previo aviso. \r\nFurgonetas, alquileres de 3 días o menos pueden estar en mayor tasa diaria y sujeto a disponibilidad. Menor de alquiler no puede ser confirmado más de 3 días de antelación. Sin embargo, intentamos acomodar a sus peticiones, así que por favor en contacto con nosotros por correo electrónico o llámenos al 888-840-1198. </p><hr />\r\n<br/>\r\n<p>Van flota, tipos de vehículo y características que se muestran en este sitio web se facilitan únicamente a título orientativo y están sujetos a cambio en cualquier momento. Si esto ocurre, le ofreceremos una similar van en la misma clase. </p>\r\n<p>\r\nTarifas dependen de la disponibilidad, características opcionales de temporada y están sujetos a cambio sin previo aviso. \r\nFurgonetas, alquileres de 3 días o menos pueden estar en mayor tasa diaria y sujeto a disponibilidad. Menor de alquiler no puede ser confirmado más de 3 días de antelación. Sin embargo, intentamos acomodar a sus peticiones, así que por favor en contacto con nosotros por correo electrónico o llámenos al 888-840-1198. </p><hr />\r\n<br/>\r\n<p>Van flota, tipos de vehículo y características que se muestran en este sitio web se facilitan únicamente a título orientativo y están sujetos a cambio en cualquier momento. Si esto ocurre, le ofreceremos una similar van en la misma clase. </p>', '<p>\r\nTaxas são dependentes de disponibilidade, recursos opcionais temporada e estão sujeitas a alterações sem aviso prévio.\r\nAluguel de van para 3 dias ou menos pode ser a maior taxa diária e sujeito a disponibilidade limitada. Aluguel de menor não pode ser confirmado mais de 3 dias de antecedência. No entanto, tentar acomodar suas solicitações, por favor entre em contato conosco por email ou nos dar uma chamada no 888-840-1198.</p><fc />\r\n<br/>\r\n<p>Van frota, tipos de veículos e recursos exibidos neste site é fornecido apenas como um guia e estão sujeitas a alterações a qualquer momento. Se isso ocorrer estaremos oferecendo um semelhante van na mesma classe.</p>', '<p style=\"margin-bottom: 0.35cm; text-align: right;\"> <strong>الموجود لدينا الشاحنات</strong><br /> <br /> <span style=\"font-family: Calibri;\"><span lang=\"ar-SA\"><span style=\"font-size: large;\"><strong>اختر شاحنتك </strong></span></span></span></p>\r\n<p style=\"margin-bottom: 0.35cm; text-align: right;\"><span style=\"font-family: Calibri;\"><span lang=\"ar-SA\"><span style=\"font-family: Arial;\">شاحنة بمعدات قياسية </span></span></span>: <span style=\"font-family: Calibri;\"><span lang=\"ar-SA\"><span style=\"font-family: Arial;\"><strong>المحرك</strong></span></span></span>: V8<span style=\"font-family: Calibri;\"><span lang=\"ar-SA\"><span style=\"font-family: Arial;\">، </span></span></span>5.4 <span style=\"font-family: Calibri;\"><span lang=\"ar-SA\"><span style=\"font-family: Arial;\">ليتر </span></span></span></p>\r\n<p style=\"margin-bottom: 0.35cm; text-align: right;\"><span style=\"font-family: Calibri;\"><span lang=\"ar-SA\"><span style=\"font-family: Arial;\"><strong>النظام</strong></span></span></span>: <span style=\"font-family: Calibri;\"><span lang=\"ar-SA\"><span style=\"font-family: Arial;\">أوتوماتيك </span></span></span></p>\r\n<p style=\"margin-bottom: 0.35cm; text-align: right;\"><span style=\"font-family: Calibri;\"><span lang=\"ar-SA\"><span style=\"font-family: Arial;\"><strong>الدفع</strong></span></span></span>: RWD</p>\r\n<p style=\"margin-bottom: 0.35cm; text-align: right;\"><span style=\"font-family: Calibri;\"><span lang=\"ar-SA\"><span style=\"font-family: Arial;\"><strong>المكابح والسحب</strong></span> </span></span>: ABS 4 <span style=\"font-family: Calibri;\"><span lang=\"ar-SA\">عجلات </span></span></p>\r\n<div style=\"margin-bottom: 0.35cm; text-align: right; margin-left: 400px;\"><span style=\"font-family: Calibri;\"><span lang=\"ar-SA\"><span style=\"font-family: Arial;\"><strong>مريحة وطبية</strong></span></span></span></div>\r\n<ul style=\"list-style-type: disc;\">\r\n<li style=\"margin-bottom: 0.35cm; text-align: right; margin-left: 400px;\"><span style=\"font-family: Calibri;\"><span lang=\"ar-SA\"><span style=\"font-family: Arial;\">تكييف هواء امامي وخلفي</span></span></span></li>\r\n<li style=\"margin-bottom: 0.35cm; text-align: right; margin-left: 400px;\"><span style=\"font-family: Calibri;\"><span lang=\"ar-SA\"><span style=\"font-family: Arial;\">نوافذ ألية</span></span></span></li>\r\n<li style=\"margin-bottom: 0.35cm; text-align: right; margin-left: 400px;\"><span style=\"font-family: Calibri;\"><span lang=\"ar-SA\"><span style=\"font-family: Arial;\">اقفال الأبواب بشكل ألي</span></span></span></li>\r\n<li style=\"margin-bottom: 0.35cm; text-align: right; margin-left: 400px;\"><span style=\"font-family: Calibri;\"><span lang=\"ar-SA\"><span style=\"font-family: Arial;\">تحكم أوتوماتيكي بالسرعة</span></span></span></li>\r\n</ul>\r\n<p style=\"margin-bottom: 0.35cm; text-align: right;\"><span style=\"font-family: Calibri;\"><span lang=\"ar-SA\"><span style=\"font-family: Arial;\"><strong>المقود</strong></span></span></span>: <span style=\"font-family: Calibri;\"><span lang=\"ar-SA\"><span style=\"font-family: Arial;\">مقود مرن – قابل للإمالة </span></span></span></p>\r\n<p style=\"margin-bottom: 0.35cm; text-align: right;\"><span style=\"font-family: Calibri;\"><span lang=\"ar-SA\"><span style=\"font-family: Arial;\"><strong>السلامة والامان</strong></span> </span></span>: <span style=\"font-family: Calibri;\"><span lang=\"ar-SA\"><span style=\"font-family: Arial;\">وسائد هوائية مزدوجة</span></span></span></p>\r\n<p style=\"margin-bottom: 0.35cm; text-align: right;\"><span style=\"font-family: Calibri;\"><span lang=\"ar-SA\"><span style=\"font-family: Arial;\"><strong>المقاعد</strong></span></span></span>: <span style=\"font-family: Calibri;\"><span lang=\"ar-SA\"><span style=\"font-family: Arial;\">مقاعد عدد</span></span></span>12 <span style=\"font-family: Calibri;\"><span lang=\"ar-SA\"><span style=\"font-family: Arial;\">مسافر </span></span></span>, <span style=\"font-family: Calibri;\"><span lang=\"ar-SA\"><span style=\"font-family: Arial;\">مقاعد عدد </span></span></span>15 <span style=\"font-family: Calibri;\"><span lang=\"ar-SA\"><span style=\"font-family: Arial;\">مسافر </span></span></span></p>\r\n<p style=\"margin-bottom: 0.35cm; text-align: right;\"><span style=\"font-family: Calibri;\"><span lang=\"ar-SA\"><span style=\"font-family: Arial;\"><strong>الترفيه</strong></span></span></span>: AM / FM <span style=\"font-family: Calibri;\"><span lang=\"ar-SA\"><span style=\"font-family: Arial;\">ستيريو ومشغل اقراص </span></span></span>( <span style=\"font-family: Calibri;\"><span lang=\"ar-SA\"><span style=\"font-family: Arial;\">قرص واحد </span></span></span>)</p>');

-- --------------------------------------------------------

--
-- Table structure for table `fleet_manager`
--

CREATE TABLE `fleet_manager` (
  `id` int(225) NOT NULL,
  `van_id` int(255) DEFAULT NULL,
  `license_number` varchar(255) DEFAULT NULL,
  `color` varchar(255) DEFAULT NULL,
  `make` varchar(255) DEFAULT NULL,
  `model` varchar(255) DEFAULT NULL,
  `year` int(255) DEFAULT NULL,
  `vi_number` varchar(255) DEFAULT NULL,
  `damage` varchar(255) DEFAULT NULL,
  `repairs` varchar(255) DEFAULT NULL
) ENGINE=InnoDB DEFAULT CHARSET=latin1;

--
-- Dumping data for table `fleet_manager`
--

INSERT INTO `fleet_manager` (`id`, `van_id`, `license_number`, `color`, `make`, `model`, `year`, `vi_number`, `damage`, `repairs`) VALUES
(17, 4, '7DEB037', 'White', 'Ford', 'E350', 2014, 'EDA32035', 'Bumper Damage on Left', 'Check Rear Tire Noise Feb 25th '),
(20, 3, '6DRZ698', 'Maroon', 'Ford', 'E350', 200, 'DB28087', 'Some scratch on body\r\n', 'No SLI - shake over 65'),
(23, 3, '7GYK229', 'White', 'Ford', 'E350', 2013, 'DDA01933', 'Right Light couple of damages', 'Top Brake light - Need Right rear Tire'),
(24, 17, '7SIM449', 'White', 'Ford', 'Transit 350', 2015, 'BFKA16078', 'Smash Back Bumper', 'New Brakes & front Tires'),
(26, 4, '61081V1', 'White', 'Ford', 'E350', 2014, 'EDA66675', 'Some scratches', 'One New tire \r\nNew Brakes - Battery on March 3'),
(27, 4, '6YDL662', 'Red', 'Ford', 'E350', 2013, 'DDA07437', 'Rear Bumper & Door\r\ntop of Tire scraches', 'NA'),
(28, 8, '7PHJ226', 'White', 'Ford', 'Transit', 2015, 'FKA97061', 'Rear door lock - side damage fixed', 'New Tires'),
(29, 8, '7VKK404', 'White', 'Ford', 'Transit', 2016, 'GKA84196', 'Washer Fluid Low level\r\nOne new Tire Aug 18', 'Rear Break Jan 18'),
(30, 16, '7MGG321', 'Black', 'Ford', 'Transit ', 2015, 'FKA94862', 'Roof Rear top right\r\nsome scratch on door and top', 'NA'),
(31, 2, '7SCJ880', 'Charcoal', 'Dodge', 'Grand Caravan', 2016, 'G0GR226912', 'No Damage', 'some miner scrach left rear & front'),
(32, 4, '6ZUA661', 'White', 'Ford', 'E350', 2014, 'DDA77268', 'NA', 'NA'),
(33, 4, '7AGE957', 'White', 'Ford', 'E350', 2013, 'DDA90986', 'NA', 'NA'),
(35, 4, '7MTX749', 'White', 'Ford', 'E350', 2014, 'DDA76747', 'NA', 'NA'),
(36, 8, '7MGG359', 'White', 'Ford', 'Transit', 2015, 'FKB16977', 'NA', 'NA'),
(37, 4, '7MTX371', 'White', 'Ford', 'E350', 2014, 'DDA58536', 'NA', 'NA'),
(38, 3, '7DMJ265', 'White', 'Ford', 'E350', 200, '2DB25756', 'NA', 'NA');

-- --------------------------------------------------------

--
-- Table structure for table `fleet_reservation_relation`
--

CREATE TABLE `fleet_reservation_relation` (
  `id` int(255) NOT NULL,
  `van_id` int(255) DEFAULT NULL,
  `license_number` varchar(255) DEFAULT NULL,
  `color` varchar(255) DEFAULT NULL,
  `make` varchar(255) DEFAULT NULL,
  `model` varchar(255) DEFAULT NULL,
  `year` int(255) DEFAULT NULL,
  `vi_number` varchar(255) DEFAULT NULL,
  `damage` varchar(255) DEFAULT NULL,
  `repairs` varchar(255) DEFAULT NULL,
  `reserv_id` int(255) DEFAULT NULL
) ENGINE=InnoDB DEFAULT CHARSET=latin1;

--
-- Dumping data for table `fleet_reservation_relation`
--

INSERT INTO `fleet_reservation_relation` (`id`, `van_id`, `license_number`, `color`, `make`, `model`, `year`, `vi_number`, `damage`, `repairs`, `reserv_id`) VALUES
(8, 2, '6DBA758', 'White', 'Ford', 'E350', 2013, 'YT^TYTG', 'Some damage', 'Need Brake', 267),
(9, 2, 'YE347T2', 'White', 'Ford', 'E350', 2013, 'YT^TYTG', 'Some damage', 'Need Brake', 273),
(10, 2, '7DTR567', 'Black', 'Ford', 'Transit', 2016, '7854uyu7', 'Somedamage', 'NeedBrake', 1),
(11, 3, 'TEST licence123', 'test color', 'test 2012', 'test 2013', 2015, 'test number 123', 'test dam.', 'test repair', 266),
(12, 16, '7MGG321', 'Black', 'Ford', 'Transit ', 2015, 'FKA94862', 'Roof Rear top rightsome scratch on door and top', 'NA', 27487),
(13, 8, '7SIM449', 'White', 'Ford', 'Transit 350', 2015, 'BFKA16078', 'Right', 'NA', 27405),
(17, 3, '7GYK229', 'White', 'Ford', 'E350', 2013, 'DDA01933', 'Right Light couple of damage', 'NA', 27879),
(18, 8, '7PHJ226', 'White', 'Ford', 'Transit', 2015, 'FKA97061', 'side', 'NA', 27591),
(19, 17, '7SIM449', 'White', 'Ford', 'Transit 350', 2015, 'BFKA16078', 'Right', 'NA', 27400),
(20, 2, '7SCJ880', 'G0GR226912', 'Dodge', 'Grand Caravan', 2016, 'G0GR226912', 'No Damage', 'NA', 25828),
(21, 4, '6YDL662', 'Red', 'Ford', 'E350', 2013, 'DDA07437', 'Rear Bumper & Doortop of Tire scraches', 'NA', 26555),
(22, 4, '7DEB037', 'White', 'Ford', 'E350', 2014, 'EDA32035', 'Bumper Damage on Left', '2012 Fabuary', 28151),
(23, 8, '7PHJ226', 'White', 'Ford', 'Transit', 2015, 'FKA97061', 'side', 'NA', 27694),
(24, 3, '7GYK229', 'White', 'Ford', 'E350', 2013, 'DDA01933', 'Right Light couple of damage', 'Repair', 28181),
(25, 8, '7PHJ226', 'White', 'Ford', 'Transit', 2015, 'FKA97061', 'side', 'NA', 28234),
(26, 4, '61081V1', 'White', 'Ford', 'E350', 2014, 'EDA66675', 'Some scratches', 'NA', 28309),
(27, 16, '7MGG321', 'Black', 'Ford', 'Transit ', 2015, 'FKA94862', 'Roof Rear top rightsome scratch on door and top', 'Need Break', 28357),
(28, 8, '7PHJ226', 'White', 'Ford', 'Transit', 2015, 'FKA97061', 'side', 'NA', 28372),
(29, 4, '61081V1', 'White', 'Ford', 'E350', 2014, 'EDA66675', 'Some scratches', 'NA', 28418),
(30, 8, '7VKK404', 'White', 'Ford', 'Transit', 2016, 'GKA84196', 'Washer Fluid Low level', 'NA', 28036),
(31, 3, '6DRZ698', 'Maroon', 'Ford', 'E350', 200, 'DB28087', 'Some scratch on body', 'NA', 28459),
(32, 17, '7SIM449', 'White', 'Ford', 'Transit 350', 2015, 'BFKA16078', 'Right', 'NA', 28455),
(33, 4, '61081V1', 'White', 'Ford', 'E350', 2014, 'EDA66675', 'Some scratches', 'NA', 28498),
(34, 2, '7SCJ880', 'Charcoal', 'Dodge', 'Grand Caravan', 2016, 'G0GR226912', 'No Damage', 'NA', 28537),
(35, 8, '7PHJ226', 'White', 'Ford', 'Transit', 2015, 'FKA97061', 'side', 'NA', 28307),
(36, 16, '7MGG321', 'Black', 'Ford', 'Transit ', 2015, 'FKA94862', 'Roof Rear top rightsome scratch on door and top', 'NA', 28094),
(37, 8, '7VKK404', 'White', 'Ford', 'Transit', 2016, 'GKA84196', 'Washer Fluid Low level', 'NA', 26720),
(38, 2, '7SCJ880', 'Charcoal', 'Dodge', 'Grand Caravan', 2016, 'G0GR226912', 'No Damage', 'NA', 26722),
(39, 4, '7MTX371', 'White', 'Ford', 'E350', 2013, 'DDA58536', 'NA', 'Tire Pressure', 24823),
(40, 4, '6YDL662', 'Red', 'Ford', 'E350', 2013, 'DDA07437', 'Rear Bumper & Doortop of Tire scraches', 'NA', 28982),
(41, 17, '7SIM449', 'White', 'Ford', 'Transit 350', 2015, 'BFKA16078', 'Right', 'Need Brakes & front Tires', 29031),
(42, 17, '7SIM449', 'White', 'Ford', 'Transit 350', 2015, 'BFKA16078', 'Right', 'Need Brakes & front Tires', 28211),
(43, 2, '7SCJ880', 'Charcoal', 'Dodge', 'Grand Caravan', 2016, 'G0GR226912', 'No Damage', 'NA', 29113),
(44, 4, '7DEB037', 'White', 'Ford', 'E350', 2014, 'EDA32035', 'Bumper Damage on Left', 'Check Rear Tire Noise Feb 25th ', 29131),
(45, 3, '7GYK229', 'White', 'Ford', 'E350', 2013, 'DDA01933', 'Right Light couple of damages', 'Top Brake light - Need Right rear Tire', 28226),
(46, 8, '7PHJ226', 'White', 'Ford', 'Transit', 2015, 'FKA97061', 'side', 'NA', 28193),
(47, 17, '7SIM449', 'White', 'Ford', 'Transit 350', 2015, 'BFKA16078', 'Smash Back Bumper', 'Need Brakes', 29004),
(48, 2, '7SCJ880', 'Charcoal', 'Dodge', 'Grand Caravan', 2016, 'G0GR226912', 'No Damage', 'NA', 28178),
(49, 8, '7VKK404', 'White', 'Ford', 'Transit', 2016, 'GKA84196', 'Washer Fluid Low level', 'NA', 28765),
(50, 4, '7MTX749', 'White', 'Ford', 'E350', 2014, 'DDA76747', 'Two miner rear bumper dent', 'na', 27221),
(51, 4, '6YDL662', 'Red', 'Ford', 'E350', 2013, 'DDA07437', 'Rear Bumper & Doortop of Tire scraches', 'NA', 28742),
(52, 3, '6DRZ698', 'Maroon', 'Ford', 'E350', 200, 'DB28087', 'Some scratch on body', 'Need Wheel Balance - shake over 65', 28427),
(53, 3, '7GYK229', 'White', 'Ford', 'E350', 2013, 'DDA01933', 'Right Light couple of damages', 'Top Brake light - Need Right rear Tire', 29377),
(54, 2, '7SCJ880', 'Charcoal', 'Dodge', 'Grand Caravan', 2016, 'G0GR226912', 'No Damage', 'NA', 28246),
(55, 16, '7MGG321', 'Black', 'Ford', 'Transit ', 2015, 'FKA94862', 'Roof Rear top rightsome scratch on door and top', 'NA', 28238),
(56, 17, '7SIM449', 'White', 'Ford', 'Transit 350', 2015, 'BFKA16078', 'Smash Back Bumper', 'Need Brakes', 29247),
(57, 4, '7DEB037', 'White', 'Ford', 'E350', 2014, 'EDA32035', 'Bumper Damage on Left', 'Check Rear Tire Noise Feb 25th ', 29420),
(58, 4, '6YDL662', 'Red', 'Ford', 'E350', 2013, 'DDA07437', 'Rear Bumper & Doortop of Tire scraches', 'NA', 28551),
(59, 8, '7PHJ226', 'White', 'Ford', 'Transit', 2015, 'FKA97061', 'side', 'NA', 28852),
(60, 16, '7MGG321', 'Black', 'Ford', 'Transit ', 2015, 'FKA94862', 'Roof Rear top rightsome scratch on door and top', 'NA', 28593),
(61, 4, '61081V1', 'White', 'Ford', 'E350', 2014, 'EDA66675', 'Some scratches', 'Check Left Front tire New Brakes - Battery on March 3', 27190),
(62, 3, '7GYK229', 'White', 'Ford', 'E350', 2013, 'DDA01933', 'Right Light couple of damages', 'Top Brake light', 27679),
(63, 4, '7MTX749', 'White', 'Ford', 'E350', 2014, 'DDA76747', 'NA', 'NA', 29029),
(64, 8, '7VKK404', 'White', 'Ford', 'Transit', 2016, 'GKA84196', 'Washer Fluid Low level', 'NA', 29666),
(65, 3, '6DRZ698', 'Maroon', 'Ford', 'E350', 200, 'DB28087', 'Some scratch on body', 'Need Wheel Balance - shake over 65', 26190),
(66, 2, '7SCJ880', 'Charcoal', 'Dodge', 'Grand Caravan', 2016, 'G0GR226912', 'No Damage', 'NA', 26193),
(67, 8, '7PHJ226', 'White', 'Ford', 'Transit', 2015, 'FKA97061', 'side', 'NA', 28698),
(68, 17, '7SIM449', 'White', 'Ford', 'Transit 350', 2015, 'BFKA16078', 'Smash Back Bumper', 'New Brakes & front Tires', 29508),
(69, 3, '7GYK229', 'White', 'Ford', 'E350', 2013, 'DDA01933', 'Right Light couple of damages', 'Top Brake light - Need Right rear Tire', 29715),
(70, 4, '6ZUA661', 'White', 'Ford', 'E350', 2014, 'DDA77268', 'NA', 'NA', 23980),
(71, 4, '7MTX749', 'White', 'Ford', 'E350', 2014, 'DDA76747', 'NA', 'NA', 28572),
(72, 16, '7MGG321', 'Black', 'Ford', 'Transit ', 2015, 'FKA94862', 'Roof Rear top rightsome scratch on door and top', 'NA', 26879),
(73, 8, '7VKK404', 'White', 'Ford', 'Transit', 2016, 'GKA84196', 'Washer Fluid Low level', 'NA', 28468),
(74, 4, '6YDL662', 'Red', 'Ford', 'E350', 2013, 'DDA07437', 'Rear Bumper & Doortop of Tire scraches', 'NA', 29919),
(75, 4, '7MTX749', 'White', 'Ford', 'E350', 2014, 'DDA76747', 'NA', 'NA', 28886),
(76, 4, '7DEB037', 'White', 'Ford', 'E350', 2014, 'EDA32035', 'Bumper Damage on Left', 'Check Rear Tire Noise Feb 25th ', 28648),
(77, 4, '6ZUA661', 'White', 'Ford', 'E350', 2014, 'DDA77268', 'NA', 'NA', 28590),
(78, 8, '7VKK404', 'White', 'Ford', 'Transit', 2016, 'GKA84196', 'Washer Fluid Low level', 'NA', 28088),
(79, 8, '7PHJ226', 'White', 'Ford', 'Transit', 2015, 'FKA97061', 'side', 'NA', 29840),
(80, 4, '6ZUA661', 'White', 'Ford', 'E350', 2014, 'DDA77268', 'NA', 'NA', 29413),
(81, 4, '7DEB037', 'White', 'Ford', 'E350', 2014, 'EDA32035', 'Bumper Damage on Left', 'Check Rear Tire Noise Feb 25th ', 22992),
(82, 4, '6YDL662', 'Red', 'Ford', 'E350', 2013, 'DDA07437', 'Rear Bumper & Doortop of Tire scraches', 'NA', 16611),
(83, 2, '7SCJ880', 'Charcoal', 'Dodge', 'Grand Caravan', 2016, 'G0GR226912', 'No Damage', 'NA', 26762),
(84, 4, '7AGE957', 'White', 'Ford', 'E350', 2013, 'DDA90986', 'NA', 'NA', 27364),
(85, 17, '7SIM449', 'White', 'Ford', 'Transit 350', 2015, 'BFKA16078', 'Smash Back Bumper', 'NA', 30028),
(86, 4, '7MTX749', 'White', 'Ford', 'E350', 2014, 'DDA76747', 'NA', 'NA', 28386),
(87, 4, '6ZUA661', 'White', 'Ford', 'E350', 2014, 'DDA77268', 'NA', 'NA', 30023),
(88, 4, '7MTX749', 'White', 'Ford', 'E350', 2014, 'DDA76747', 'NA', 'NA', 29795),
(89, 4, '6YDL662', 'Red', 'Ford', 'E350', 2013, 'DDA07437', 'Rear Bumper & Doortop of Tire scraches', 'NA', 30451),
(90, 3, '7GYK229', 'White', 'Ford', 'E350', 2013, 'DDA01933', 'Right Light couple of damages', 'Top Brake light - Need Right rear Tire', 28255),
(91, 4, '61081V1', 'White', 'Ford', 'E350', 2014, 'EDA66675', 'Some scratches', 'NA', 28747),
(92, 4, '7DEB037', 'White', 'Ford', 'E350', 2014, 'EDA32035', 'Bumper Damage on Left', 'Check Rear Tire Noise Feb 25th ', 30026),
(93, 8, '7VKK404', 'White', 'Ford', 'Transit', 2016, 'GKA84196', 'Washer Fluid Low level', 'NA', 29627),
(94, 16, '7MGG321', 'Black', 'Ford', 'Transit ', 2015, 'FKA94862', 'Roof Rear top rightsome scratch on door and top', 'NA', 30039),
(95, 8, '7PHJ226', 'White', 'Ford', 'Transit', 2015, 'FKA97061', 'side damage', 'NA', 30299),
(96, 17, '7SIM449', 'White', 'Ford', 'Transit 350', 2015, 'BFKA16078', 'Smash Back Bumper', 'Changed Oil, Brakes & all Tires', 29581),
(97, 4, '7MTX749', 'White', 'Ford', 'E350', 2014, 'DDA76747', 'NA', 'NA', 28915),
(98, 8, '7VKK404', 'White', 'Ford', 'Transit', 2016, 'GKA84196', 'Washer Fluid Low level', 'NA', 30880),
(99, 17, '7SIM449', 'White', 'Ford', 'Transit 350', 2015, 'BFKA16078', 'Smash Back Bumper', 'Brakes & front Tires Replaced', 28005),
(100, 4, '61081V1', 'White', 'Ford', 'E350', 2014, 'EDA66675', 'Some scratches', 'New Brakes - Battery on March 3', 28370),
(101, 3, '7GYK229', 'White', 'Ford', 'E350', 2013, 'DDA01933', 'Right Light couple of damages', 'Top Brake light ', 28741),
(102, 3, '7GYK229', 'White', 'Ford', 'E350', 2013, 'DDA01933', 'Right Light couple of damages', 'Top Brake light - Need Right rear Tire', 29209),
(103, 2, '7SCJ880', 'Charcoal', 'Dodge', 'Grand Caravan', 2016, 'G0GR226912', 'No Damage', 'NA', 27483),
(104, 17, '7SIM449', 'White', 'Ford', 'Transit 350', 2015, 'BFKA16078', 'Smash Back Bumper', 'Need Brakes & front Tires', 28628),
(105, 8, '7VKK404', 'White', 'Ford', 'Transit', 2016, 'GKA84196', 'Washer Fluid Low level', 'NA', 27759),
(106, 8, '7PHJ226', 'White', 'Ford', 'Transit', 2015, 'FKA97061', 'side', 'NA', 28992),
(107, 4, '61081V1', 'White', 'Ford', 'E350', 2014, 'EDA66675', 'Some scratches', 'New Brakes - Battery on March 3', 27572),
(108, 4, '7DEB037', 'White', 'Ford', 'E350', 2014, 'EDA32035', 'Bumper Damage on Left', 'Check Rear Tire Noise Feb 25th ', 26733),
(109, 17, '7SIM449', 'White', 'Ford', 'Transit 350', 2015, 'BFKA16078', 'Smash Back Bumper', 'New Brakes & front Tires', 27924),
(110, 4, '7AGE957', 'White', 'Ford', 'E350', 2013, 'DDA90986', 'NA', 'NA', 27316),
(111, 3, '7GYK229', 'White', 'Ford', 'E350', 2013, 'DDA01933', 'Right Light couple of damages', 'Top Brake light - Need Right rear Tire', 29904),
(112, 4, '7DEB037', 'White', 'Ford', 'E350', 2014, 'EDA32035', 'Bumper Damage on Left', 'Check Rear Tire Noise Feb 25th ', 30049),
(113, 4, '7DEB037', 'White', 'Ford', 'E350', 2014, 'EDA32035', 'Bumper Damage on Left', 'Check Rear Tire Noise Feb 25th ', 30916),
(114, 4, '7DEB037', 'White', 'Ford', 'E350', 2014, 'EDA32035', 'Bumper Damage on Left', 'Check Rear Tire Noise Feb 25th ', 30950),
(115, 4, '7DEB037', 'White', 'Ford', 'E350', 2014, 'EDA32035', 'Bumper Damage on Left', 'Check Rear Tire Noise Feb 25th ', 31005),
(116, 4, '6YDL662', 'Red', 'Ford', 'E350', 2013, 'DDA07437', 'Rear Bumper & Doortop of Tire scraches', 'NA', 31172),
(117, 16, '7MGG321', 'Black', 'Ford', 'Transit ', 2015, 'FKA94862', 'Roof Rear top rightsome scratch on door and top', 'NA', 31306),
(118, 8, '7VKK404', 'White', 'Ford', 'Transit', 2016, 'GKA84196', 'Washer Fluid Low level', 'NA', 31135),
(119, 4, '6YDL662', 'Red', 'Ford', 'E350', 2013, 'DDA07437', 'Rear Bumper & Doortop of Tire scraches', 'NA', 31411),
(120, 4, '7DEB037', 'White', 'Ford', 'E350', 2014, 'EDA32035', 'Bumper Damage on Left', 'Check Rear Tire Noise Feb 25th ', 31556),
(121, 17, '7SIM449', 'White', 'Ford', 'Transit 350', 2015, 'BFKA16078', 'Smash Back Bumper', 'Need Brakes & front Tires', 31601),
(122, 16, '7MGG321', 'Black', 'Ford', 'Transit ', 2015, 'FKA94862', 'Roof Rear top rightsome scratch on door and top', 'NA', 31687),
(123, 4, '7MTX749', 'White', 'Ford', 'E350', 2014, 'DDA76747', 'NA', 'NA', 31740),
(124, 2, '7SCJ880', 'Charcoal', 'Dodge', 'Grand Caravan', 2016, 'G0GR226912', 'No Damage', 'NA', 31836),
(125, 16, '7MGG321', 'Black', 'Ford', 'Transit ', 2015, 'FKA94862', 'Roof Rear top rightsome scratch on door and top', 'NA', 31430),
(126, 4, '7DEB037', 'White', 'Ford', 'E350', 2014, 'EDA32035', 'Bumper Damage on Left', 'Check Rear Tire Noise Feb 25th ', 31169),
(127, 16, '7MGG321', 'Black', 'Ford', 'Transit ', 2015, 'FKA94862', 'Roof Rear top rightsome scratch on door and top', 'NA', 31964),
(128, 4, '7MTX749', 'White', 'Ford', 'E350', 2014, 'DDA76747', 'NA', 'NA', 31693),
(129, 17, '7SIM449', 'White', 'Ford', 'Transit 350', 2015, 'BFKA16078', 'Smash Back Bumper', 'Need Brakes & front Tires', 30346),
(130, 17, '7SIM449', 'White', 'Ford', 'Transit 350', 2015, 'BFKA16078', 'Smash Back Bumper', 'Need Brakes & front Tires', 32048),
(131, 16, '7MGG321', 'Black', 'Ford', 'Transit ', 2015, 'FKA94862', 'Roof Rear top rightsome scratch on door and top', 'NA', 30922),
(132, 4, '6YDL662', 'Red', 'Ford', 'E350', 2013, 'DDA07437', 'Rear Bumper & Doortop of Tire scraches', 'NA', 31175),
(133, 3, '6DRZ698', 'Maroon', 'Ford', 'E350', 200, 'DB28087', 'Some scratch on body', 'Need Wheel Balance - shake over 65', 32202),
(134, 8, '7VKK404', 'White', 'Ford', 'Transit', 2016, 'GKA84196', 'Washer Fluid Low level', 'NA', 30427),
(135, 4, '7DEB037', 'White', 'Ford', 'E350', 2014, 'EDA32035', 'Bumper Damage on Left', 'Check Rear Tire Noise Feb 25th ', 31647),
(136, 3, '6DRZ698', 'Maroon', 'Ford', 'E350', 200, 'DB28087', 'Some scratch on body', 'Need Wheel Balance - shake over 65', 31946),
(137, 4, '7MTX749', 'White', 'Ford', 'E350', 2014, 'DDA76747', 'NA', 'NA', 32242),
(138, 4, '6YDL662', 'Red', 'Ford', 'E350', 2013, 'DDA07437', 'Rear Bumper & Doortop of Tire scraches', 'NA', 31099),
(139, 16, '7MGG321', 'Black', 'Ford', 'Transit ', 2015, 'FKA94862', 'Roof Rear top rightsome scratch on door and top', 'NA', 31526),
(140, 4, '7AGE957', 'White', 'Ford', 'E350', 2013, 'DDA90986', 'NA', 'NA', 32059),
(141, 2, '7SCJ880', 'Charcoal', 'Dodge', 'Grand Caravan', 2016, 'G0GR226912', 'No Damage', 'NA', 32468),
(142, 3, '7GYK229', 'White', 'Ford', 'E350', 2013, 'DDA01933', 'Right Light couple of damages', 'Top Brake light - Need Right rear Tire', 32329),
(143, 4, '7MTX749', 'White', 'Ford', 'E350', 2014, 'DDA76747', 'NA', 'NA', 32507),
(144, 8, '7MGG359', 'White', 'Ford', 'Transit', 2016, 'FKB16977', 'NA', 'NA', 29368),
(145, 2, '7SCJ880', 'Charcoal', 'Dodge', 'Grand Caravan', 2016, 'G0GR226912', 'No Damage', 'NA', 30909),
(146, 4, '6YDL662', 'Red', 'Ford', 'E350', 2013, 'DDA07437', 'Rear Bumper & Doortop of Tire scraches', 'NA', 28907),
(147, 4, '7DEB037', 'White', 'Ford', 'E350', 2014, 'EDA32035', 'Bumper Damage on Left', 'Check Rear Tire Noise Feb 25th ', 32763),
(148, 4, '61081V1', 'White', 'Ford', 'E350', 2014, 'EDA66675', 'Some scratches', 'New Brakes - Battery on March 3', 32788),
(149, 4, '7DEB037', 'White', 'Ford', 'E350', 2014, 'EDA32035', 'Bumper Damage on Left', 'Check Rear Tire Noise Feb 25th ', 27194),
(150, 16, '7MGG321', 'Black', 'Ford', 'Transit ', 2015, 'FKA94862', 'Roof Rear top rightsome scratch on door and top', 'NA', 31725),
(151, 3, '7GYK229', 'White', 'Ford', 'E350', 2013, 'DDA01933', 'Right Light couple of damages', 'Top Brake light - Need Right rear Tire', 32834),
(152, 4, '6YDL662', 'Red', 'Ford', 'E350', 2013, 'DDA07437', 'Rear Bumper & Doortop of Tire scraches', 'NA', 32447),
(153, 8, '7MGG359', 'White', 'Ford', 'Transit', 2016, 'FKB16977', 'NA', 'NA', 31760),
(154, 4, '61081V1', 'White', 'Ford', 'E350', 2014, 'EDA66675', 'Some scratches', 'Check Left Front tire New Brakes - Battery on March 3', 32948),
(155, 8, '7MGG359', 'White', 'Ford', 'Transit', 2016, 'FKB16977', 'NA', 'NA', 31746),
(156, 4, '7MTX749', 'White', 'Ford', 'E350', 2014, 'DDA76747', 'NA', 'NA', 28850),
(157, 16, '7MGG321', 'Black', 'Ford', 'Transit ', 2015, 'FKA94862', 'Roof Rear top rightsome scratch on door and top', 'NA', 28642),
(158, 4, '6ZUA661', 'White', 'Ford', 'E350', 2014, 'DDA77268', 'NA', 'NA', 32994),
(159, 4, '61081V1', 'White', 'Ford', 'E350', 2014, 'EDA66675', 'Some scratches', 'Check Left Front tire New Brakes - Battery on March 3', 28606),
(160, 16, '7MGG321', 'Black', 'Ford', 'Transit ', 2015, 'FKA94862', 'Roof Rear top rightsome scratch on door and top', 'NA', 32391),
(161, 2, '7SCJ880', 'Charcoal', 'Dodge', 'Grand Caravan', 2016, 'G0GR226912', 'No Damage', 'NA', 30713),
(162, 3, '7GYK229', 'White', 'Ford', 'E350', 2013, 'DDA01933', 'Right Light couple of damages', 'Top Brake light - Need Right rear Tire', 33223),
(163, 3, '6DRZ698', 'Maroon', 'Ford', 'E350', 200, 'DB28087', 'Some scratch on body', 'Need Wheel Balance - shake over 65', 32697),
(164, 17, '7SIM449', 'White', 'Ford', 'Transit 350', 2015, 'BFKA16078', 'Smash Back Bumper', 'NA', 31545),
(165, 4, '7MTX749', 'White', 'Ford', 'E350', 2014, 'DDA76747', 'NA', 'NA', 31719),
(166, 4, '7MTX371', 'White', 'Ford', 'E350', 2014, 'DDA58536', 'NA', 'NA', 33381),
(167, 8, '7MGG359', 'White', 'Ford', 'Transit', 2016, 'FKB16977', 'NA', 'NA', 28830),
(168, 4, '6ZUA661', 'White', 'Ford', 'E350', 2014, 'DDA77268', 'NA', 'NA', 28235),
(169, 4, '61081V1', 'White', 'Ford', 'E350', 2014, 'EDA66675', 'Some scratches', 'Check Left Front tire New Brakes - Battery on March 3', 33447),
(170, 8, '7VKK404', 'White', 'Ford', 'Transit', 2016, 'GKA84196', 'Washer Fluid Low level', 'NA', 31837),
(171, 3, '7DMJ265', 'White', 'Ford', 'E350', 200, '2DB25756', 'NA', 'NA', 32726),
(172, 3, '6DRZ698', 'Maroon', 'Ford', 'E350', 200, 'DB28087', 'Some scratch on body', 'Need Wheel Balance - shake over 65', 33682),
(173, 4, '61081V1', 'White', 'Ford', 'E350', 2014, 'EDA66675', 'Some scratches', 'Check Left Front tire New Brakes - Battery on March 3', 33884),
(174, 3, '7GYK229', 'White', 'Ford', 'E350', 2013, 'DDA01933', 'Right Light couple of damages', 'Top Brake light - Need Right rear Tire', 33178),
(175, 8, '7MGG359', 'White', 'Ford', 'Transit', 2015, 'FKB16977', 'NA', 'Some noise when take brake', 33742),
(176, 4, '7MTX749', 'White', 'Ford', 'E350', 2014, 'DDA76747', 'NA', 'NA', 33571),
(177, 4, '7MTX371', 'White', 'Ford', 'E350', 2014, 'DDA58536', 'NA', 'NA', 33547),
(178, 8, '7MGG359', 'White', 'Ford', 'Transit', 2015, 'FKB16977', 'NA', 'Some noise when take brake', 30154),
(179, 3, '6DRZ698', 'Maroon', 'Ford', 'E350', 200, 'DB28087', 'Some scratch on body', 'Need Wheel Balance - shake over 65', 34064),
(180, 3, '7GYK229', 'White', 'Ford', 'E350', 2013, 'DDA01933', 'Right Light couple of damages', 'Top Brake light - Need Right rear Tire', 33751),
(181, 4, '7MTX749', 'White', 'Ford', 'E350', 2014, 'DDA76747', 'NA', 'NA', 33714),
(182, 2, '7SCJ880', 'Charcoal', 'Dodge', 'Grand Caravan', 2016, 'G0GR226912', 'Small Scratch on Side Rear ', 'NA', 33333),
(183, 16, '7MGG321', 'Black', 'Ford', 'Transit ', 2015, 'FKA94862', 'Roof Rear top rightsome scratch on door and top', 'NA', 33436),
(184, 4, '7MTX371', 'White', 'Ford', 'E350', 2014, 'DDA58536', 'NA', 'NA', 32350),
(185, 16, '7MGG321', 'Black', 'Ford', 'Transit ', 2015, 'FKA94862', 'Roof Rear top rightsome scratch on door and top', 'NA', 34308),
(186, 3, '6DRZ698', 'Maroon', 'Ford', 'E350', 200, 'DB28087', 'Some scratch on body', 'Need Wheel Balance - shake over 65', 34190),
(187, 8, '7VKK404', 'White', 'Ford', 'Transit', 2016, 'GKA84196', 'Washer Fluid Low level', 'NA', 32988),
(188, 4, '7DEB037', 'White', 'Ford', 'E350', 2014, 'EDA32035', 'Bumper Damage on Left', 'Check Rear Tire Noise Feb 25th ', 32856),
(189, 3, '7GYK229', 'White', 'Ford', 'E350', 2013, 'DDA01933', 'Right Light couple of damages', 'Top Brake light - Need Right rear Tire', 34322),
(190, 8, '7PHJ226', 'White', 'Ford', 'Transit', 2015, 'FKA97061', 'side', 'NA', 34341),
(191, 4, '6ZUA661', 'White', 'Ford', 'E350', 2014, 'DDA77268', 'NA', 'NA', 29061),
(192, 17, '7SIM449', 'White', 'Ford', 'Transit 350', 2015, 'BFKA16078', 'Smash Back Bumper', 'NA', 30996),
(193, 4, '7DEB037', 'White', 'Ford', 'E350', 2014, 'EDA32035', 'Bumper Damage on Left', 'Check Rear Tire Noise Feb 25th ', 27907),
(194, 8, '7MGG359', 'White', 'Ford', 'Transit', 2015, 'FKB16977', 'NA', 'NA', 34151),
(195, 4, '6YDL662', 'Red', 'Ford', 'E350', 2013, 'DDA07437', 'Rear Bumper & Doortop of Tire scraches', 'NA', 34385),
(196, 4, '7MTX371', 'White', 'Ford', 'E350', 2014, 'DDA58536', 'NA', 'NA', 33935),
(197, 4, '6YDL662', 'Red', 'Ford', 'E350', 2013, 'DDA07437', 'Rear Bumper & Doortop of Tire scraches', 'NA', 34452),
(198, 16, '7MGG321', 'Black', 'Ford', 'Transit ', 2015, 'FKA94862', 'Roof Rear top rightsome scratch on door and top', 'Need 4 Tires', 30886),
(199, 8, '7PHJ226', 'White', 'Ford', 'Transit', 2015, 'FKA97061', 'side', 'NA', 30894),
(200, 4, '61081V1', 'White', 'Ford', 'E350', 2014, 'EDA66675', 'Some scratches', 'Check Left Front tire New Brakes - Battery on March 3', 31145),
(201, 4, '6YDL662', 'Red', 'Ford', 'E350', 2013, 'DDA07437', 'Rear Bumper & Doortop of Tire scraches', 'NA', 33119),
(202, 4, '7MTX749', 'White', 'Ford', 'E350', 2014, 'DDA76747', 'NA', 'NA', 33498),
(203, 4, '6ZUA661', 'White', 'Ford', 'E350', 2014, 'DDA77268', 'NA', 'NA', 34230),
(204, 3, '7GYK229', 'White', 'Ford', 'E350', 2013, 'DDA01933', 'Right Light couple of damages', 'Top Brake light - Need Right rear Tire', 31644),
(205, 4, '7AGE957', 'White', 'Ford', 'E350', 2013, 'DDA90986', 'NA', 'NA', 30274),
(206, 8, '7MGG359', 'White', 'Ford', 'Transit', 2015, 'FKB16977', 'NA', 'NA', 33497),
(207, 3, '7DMJ265', 'White', 'Ford', 'E350', 200, '2DB25756', 'NA', 'NA', 34519),
(208, 3, '7DMJ265', 'White', 'Ford', 'E350', 200, '2DB25756', 'NA', 'NA', 34723),
(209, 16, '7MGG321', 'Black', 'Ford', 'Transit ', 2015, 'FKA94862', 'Roof Rear top rightsome scratch on door and top', 'NA', 34558),
(210, 4, '7MTX371', 'White', 'Ford', 'E350', 2014, 'DDA58536', 'NA', 'NA', 27311),
(211, 16, '7MGG321', 'Black', 'Ford', 'Transit ', 2015, 'FKA94862', 'Roof Rear top rightsome scratch on door and top', 'NA', 33924),
(212, 4, '6YDL662', 'Red', 'Ford', 'E350', 2013, 'DDA07437', 'Rear Bumper & Doortop of Tire scraches', 'NA', 32115),
(213, 4, '7DEB037', 'White', 'Ford', 'E350', 2014, 'EDA32035', 'Bumper Damage on Left', 'Check Rear Tire Noise Feb 25th ', 34824),
(214, 4, '6YDL662', 'Red', 'Ford', 'E350', 2013, 'DDA07437', 'Rear Bumper & Doortop of Tire scraches', 'NA', 28837),
(215, 8, '7MGG359', 'White', 'Ford', 'Transit', 2015, 'FKB16977', 'NA', 'NA', 31313),
(216, 3, '7GYK229', 'White', 'Ford', 'E350', 2013, 'DDA01933', 'Right Light couple of damages', 'Top Brake light - Need Right rear Tire', 34957),
(217, 4, '6ZUA661', 'White', 'Ford', 'E350', 2014, 'DDA77268', 'NA', 'NA', 34949),
(218, 4, '7MTX749', 'White', 'Ford', 'E350', 2014, 'DDA76747', 'NA', 'NA', 34977),
(219, 4, '6ZUA661', 'White', 'Ford', 'E350', 2014, 'DDA77268', 'NA', 'NA', 34944),
(220, 4, '7MTX749', 'White', 'Ford', 'E350', 2014, 'DDA76747', 'NA', 'NA', 33421),
(221, 3, '7DMJ265', 'White', 'Ford', 'E350', 200, '2DB25756', 'NA', 'NA', 31499),
(222, 2, '7SCJ880', 'Charcoal', 'Dodge', 'Grand Caravan', 2016, 'G0GR226912', 'No Damage', 'NA', 31189),
(223, 3, '6DRZ698', 'Maroon', 'Ford', 'E350', 200, 'DB28087', 'Some scratch on body', 'Need Wheel Balance - shake over 65', 35037),
(224, 8, '7PHJ226', 'White', 'Ford', 'Transit', 2015, 'FKA97061', 'side', 'NA', 31570),
(225, 16, '7MGG321', 'Black', 'Ford', 'Transit ', 2015, 'FKA94862', 'Roof Rear top rightsome scratch on door and top', 'NA', 30785),
(226, 8, '7VKK404', 'White', 'Ford', 'Transit', 2016, 'GKA84196', 'Washer Fluid Low levelOne new Tire Aug 18', 'Need Rear Break soon', 33800),
(227, 4, '7MTX371', 'White', 'Ford', 'E350', 2014, 'DDA58536', 'NA', 'NA', 34618),
(228, 3, '7GYK229', 'White', 'Ford', 'E350', 2013, 'DDA01933', 'Right Light couple of damages', 'Top Brake light - Need Right rear Tire', 31542),
(229, 17, '7SIM449', 'White', 'Ford', 'Transit 350', 2015, 'BFKA16078', 'Smash Back Bumper', 'Differential Leak (Under Warranty) New Brakes & front Tires', 34563),
(230, 4, '7DEB037', 'White', 'Ford', 'E350', 2014, 'EDA32035', 'Bumper Damage on Left', 'Check Rear Tire Noise Feb 25th ', 32169),
(231, 8, '7VKK404', 'White', 'Ford', 'Transit', 2016, 'GKA84196', 'Washer Fluid Low levelOne new Tire Aug 18', 'Need Rear Break soon', 35221),
(232, 4, '61081V1', 'White', 'Ford', 'E350', 2014, 'EDA66675', 'Some scratches', 'Check Left Front tire New Brakes - Battery on March 3', 35070),
(233, 4, '6YDL662', 'Red', 'Ford', 'E350', 2013, 'DDA07437', 'Rear Bumper & Doortop of Tire scraches', 'NA', 35126),
(234, 8, '7VKK404', 'White', 'Ford', 'Transit', 2016, 'GKA84196', 'Washer Fluid Low levelOne new Tire Aug 18', 'Need Rear Break soon', 35332),
(235, 4, '61081V1', 'White', 'Ford', 'E350', 2014, 'EDA66675', 'Some scratches', 'Check Left Front tire New Brakes - Battery on March 3', 30173),
(236, 8, '7VKK404', 'White', 'Ford', 'Transit', 2016, 'GKA84196', 'Washer Fluid Low levelOne new Tire Aug 18', 'Need Rear Break soon', 28554),
(237, 4, '6YDL662', 'Red', 'Ford', 'E350', 2013, 'DDA07437', 'Rear Bumper & Doortop of Tire scraches', 'NA', 35194),
(238, 2, '7SCJ880', 'Charcoal', 'Dodge', 'Grand Caravan', 2016, 'G0GR226912', 'No Damage', 'NA', 35402),
(239, 4, '61081V1', 'White', 'Ford', 'E350', 2014, 'EDA66675', 'Some scratches', 'Check Left Front tire New Brakes - Battery on March 3', 35417),
(240, 16, '7MGG321', 'Black', 'Ford', 'Transit ', 2015, 'FKA94862', 'Roof Rear top rightsome scratch on door and top', 'NA', 35466),
(241, 4, '7MTX749', 'White', 'Ford', 'E350', 2014, 'DDA76747', 'NA', 'NA', 34917),
(242, 4, '7DEB037', 'White', 'Ford', 'E350', 2014, 'EDA32035', 'Bumper Damage on Left', 'Check Rear Tire Noise Feb 25th ', 35469),
(243, 17, '7SIM449', 'White', 'Ford', 'Transit 350', 2015, 'BFKA16078', 'Smash Back Bumper', 'New Brakes & front Tires', 33243),
(244, 3, '7GYK229', 'White', 'Ford', 'E350', 2013, 'DDA01933', 'Right Light couple of damages', 'Top Brake light - Need Right rear Tire', 35460),
(245, 8, '7VKK404', 'White', 'Ford', 'Transit', 2016, 'GKA84196', 'Washer Fluid --- One new Tire Aug 18', 'Need Rear Break soon', 34572),
(246, 4, '61081V1', 'White', 'Ford', 'E350', 2014, 'EDA66675', 'Some scratches', 'Check Left Front tire New Brakes - Battery on March 3', 35500),
(247, 16, '7MGG321', 'Black', 'Ford', 'Transit ', 2015, 'FKA94862', 'Roof Rear top rightsome scratch on door and top', 'NA', 35670),
(248, 3, '6DRZ698', 'Maroon', 'Ford', 'E350', 200, 'DB28087', 'Some scratch on body', 'Need Wheel Balance - shake over 65', 35684),
(249, 8, '7PHJ226', 'White', 'Ford', 'Transit', 2015, 'FKA97061', 'side Fixed', '4 New Tires', 30205),
(250, 8, '7VKK404', 'White', 'Ford', 'Transit', 2016, 'GKA84196', 'Washer Fluid Low levelOne new Tire Aug 18', 'Need Rear Break soon', 35723),
(251, 4, '61081V1', 'White', 'Ford', 'E350', 2014, 'EDA66675', 'Some scratches', 'Check Left Front tire New Brakes - Battery on March 3', 30326),
(252, 4, '6YDL662', 'Red', 'Ford', 'E350', 2013, 'DDA07437', 'Rear Bumper & Doortop of Tire scraches', 'NA', 35158),
(253, 8, '7MGG359', 'White', 'Ford', 'Transit', 2015, 'FKB16977', 'NA', 'NA', 35631),
(254, 17, '7SIM449', 'White', 'Ford', 'Transit 350', 2015, 'BFKA16078', 'Smash Back Bumper', 'New Brakes & front Tires', 35647),
(255, 3, '7GYK229', 'White', 'Ford', 'E350', 2013, 'DDA01933', 'Right Light couple of damages', 'Top Brake light - Need Right rear Tire', 29270),
(256, 4, '61081V1', 'White', 'Ford', 'E350', 2014, 'EDA66675', 'Some scratches', 'One New tire New Brakes - Battery on March 3', 35685),
(257, 3, '7GYK229', 'White', 'Ford', 'E350', 2013, 'DDA01933', 'Right Light couple of damages', 'Top Brake light - Need Right rear Tire', 35817),
(258, 17, '7SIM449', 'White', 'Ford', 'Transit 350', 2015, 'BFKA16078', 'Smash Back Bumper', 'New Brakes & front Tires', 35871),
(259, 8, '7MGG359', 'White', 'Ford', 'Transit', 2015, 'FKB16977', 'NA', 'NA', 35835),
(260, 8, '7MGG359', 'White', 'Ford', 'Transit', 2015, 'FKB16977', 'NA', 'NA', 27928),
(261, 4, '61081V1', 'White', 'Ford', 'E350', 2014, 'EDA66675', 'Some scratches', 'Check Left Front tire New Brakes - Battery on March 3', 35895),
(262, 8, '7MGG359', 'White', 'Ford', 'Transit', 2015, 'FKB16977', 'NA', 'NA', 33975),
(263, 3, '6DRZ698', 'Maroon', 'Ford', 'E350', 200, 'DB28087', 'Some scratch on body', 'Need Wheel Balance - shake over 65', 35931),
(264, 16, '7MGG321', 'Black', 'Ford', 'Transit ', 2015, 'FKA94862', 'Roof Rear top rightsome scratch on door and top', 'NA', 35939),
(265, 16, '7MGG321', 'Black', 'Ford', 'Transit ', 2015, 'FKA94862', 'Roof Rear top rightsome scratch on door and top', 'NA', 35943),
(266, 4, '6YDL662', 'Red', 'Ford', 'E350', 2013, 'DDA07437', 'Rear Bumper & Doortop of Tire scraches', 'NA', 27630),
(267, 16, '7MGG321', 'Black', 'Ford', 'Transit ', 2015, 'FKA94862', 'Roof Rear top rightsome scratch on door and top', 'NA', 32639),
(268, 8, '7VKK404', 'White', 'Ford', 'Transit', 2016, 'GKA84196', 'Washer Fluid Low level', 'Need Rear Break soon', 36034),
(269, 8, '7MGG359', 'White', 'Ford', 'Transit', 2015, 'FKB16977', 'NA', 'NA', 35886),
(270, 17, '7SIM449', 'White', 'Ford', 'Transit 350', 2015, 'BFKA16078', 'Smash Back Bumper', 'New Brakes & front Tires', 36192),
(271, 16, '7MGG321', 'Black', 'Ford', 'Transit ', 2015, 'FKA94862', 'Roof Rear top rightsome scratch on door and top', 'NA', 33043),
(272, 3, '6DRZ698', 'Maroon', 'Ford', 'E350', 200, 'DB28087', 'Some scratch on body', 'NA', 36155),
(273, 3, '7GYK229', 'White', 'Ford', 'E350', 2013, 'DDA01933', 'Right Light couple of damages', 'Top Brake light - Need Right rear Tire', 36158),
(274, 8, '7PHJ226', 'White', 'Ford', 'Transit', 2015, 'FKA97061', 'side', '4 new Tires', 35494),
(275, 4, '6YDL662', 'Red', 'Ford', 'E350', 2013, 'DDA07437', 'Rear Bumper & Doortop of Tire scraches', 'NA', 34983),
(276, 8, '7VKK404', 'White', 'Ford', 'Transit', 2016, 'GKA84196', 'Washer Fluid Low levelOne new Tire Aug 18', 'Need Rear Break soon', 35433),
(277, 8, '7MGG359', 'White', 'Ford', 'Transit', 2015, 'FKB16977', 'NA', 'NA', 35055),
(278, 4, '6YDL662', 'Red', 'Ford', 'E350', 2013, 'DDA07437', 'Rear Bumper & Doortop of Tire scraches', 'NA', 36001),
(279, 4, '61081V1', 'White', 'Ford', 'E350', 2014, 'EDA66675', 'Some scratches', 'New Brakes - Battery on March 3', 35933),
(280, 8, '7PHJ226', 'White', 'Ford', 'Transit', 2015, 'FKA97061', 'Rear door lock - side damage fixed', 'New Tires', 30199),
(281, 8, '7MGG359', 'White', 'Ford', 'Transit', 2015, 'FKB16977', 'NA', 'NA', 34718),
(282, 8, '7PHJ226', 'White', 'Ford', 'Transit', 2015, 'FKA97061', 'side', 'Need 4 Tires', 36298),
(283, 4, '6YDL662', 'Red', 'Ford', 'E350', 2013, 'DDA07437', 'Rear Bumper & Doortop of Tire scraches', 'NA', 36363),
(284, 8, '7VKK404', 'White', 'Ford', 'Transit', 2016, 'GKA84196', 'Washer Fluid Low levelOne new Tire Aug 18', 'Need Rear Break soon', 36436),
(285, 4, '7DEB037', 'White', 'Ford', 'E350', 2014, 'EDA32035', 'Bumper Damage on Left', 'Check Rear Tire Noise Feb 25th ', 36513),
(286, 2, '7SCJ880', 'Charcoal', 'Dodge', 'Grand Caravan', 2016, 'G0GR226912', 'No Damage', 'some miner scrach left rear & front', 36517),
(287, 8, '7PHJ226', 'White', 'Ford', 'Transit', 2015, 'FKA97061', 'Rear door lock - side damage fixed', 'New Tires', 36497),
(288, 8, '7VKK404', 'White', 'Ford', 'Transit', 2016, 'GKA84196', 'Washer Fluid Low levelOne new Tire Aug 18', 'Need Rear Break soon', 36518),
(289, 4, '7DEB037', 'White', 'Ford', 'E350', 2014, 'EDA32035', 'Bumper Damage on Left', 'Check Rear Tire Noise Feb 25th ', 36264),
(290, 8, '7MGG359', 'White', 'Ford', 'Transit', 2015, 'FKB16977', 'NA', 'NA', 36762),
(291, 8, '7MGG359', 'White', 'Ford', 'Transit', 2015, 'FKB16977', 'NA', 'NA', 36241),
(292, 16, '7MGG321', 'Black', 'Ford', 'Transit ', 2015, 'FKA94862', 'Roof Rear top rightsome scratch on door and top', 'NA', 36628),
(293, 17, '7SIM449', 'White', 'Ford', 'Transit 350', 2015, 'BFKA16078', 'Smash Back Bumper', 'New Brakes & front Tires', 35619),
(294, 4, '7DEB037', 'White', 'Ford', 'E350', 2014, 'EDA32035', 'Bumper Damage on Left', 'Check Rear Tire Noise Feb 25th ', 36967),
(295, 8, '7PHJ226', 'White', 'Ford', 'Transit', 2015, 'FKA97061', 'Rear door lock - side damage fixed', 'New Tires', 37007),
(296, 8, '7MGG359', 'White', 'Ford', 'Transit', 2015, 'FKB16977', 'NA', 'NA', 36964),
(297, 8, '7PHJ226', 'White', 'Ford', 'Transit', 2015, 'FKA97061', 'Rear door lock - side damage fixed', 'New Tires', 37056),
(298, 3, '7GYK229', 'White', 'Ford', 'E350', 2013, 'DDA01933', 'Right Light couple of damages', 'Top Brake light - Need Right rear Tire', 37057),
(299, 8, '7PHJ226', 'White', 'Ford', 'Transit', 2015, 'FKA97061', 'Rear door lock - side damage fixed', 'New Tires', 37116),
(300, 4, '61081V1', 'White', 'Ford', 'E350', 2014, 'EDA66675', 'Some scratches', 'One New tire New Brakes - Battery on March 3', 37120),
(301, 4, '61081V1', 'White', 'Ford', 'E350', 2014, 'EDA66675', 'Some scratches', 'One New tire New Brakes - Battery on March 3', 37146),
(302, 4, '7DEB037', 'White', 'Ford', 'E350', 2014, 'EDA32035', 'Bumper Damage on Left', 'Check Rear Tire Noise Feb 25th ', 36768),
(303, 4, '7DEB037', 'White', 'Ford', 'E350', 2014, 'EDA32035', 'Bumper Damage on Left', 'Check Rear Tire Noise Feb 25th ', 36611),
(304, 16, '7MGG321', 'Black', 'Ford', 'Transit ', 2015, 'FKA94862', 'Roof Rear top rightsome scratch on door and top', 'NA', 37428),
(305, 16, '7MGG321', 'Black', 'Ford', 'Transit ', 2015, 'FKA94862', 'Roof Rear top rightsome scratch on door and top', 'NA', 35926),
(306, 3, '7GYK229', 'White', 'Ford', 'E350', 2013, 'DDA01933', 'Right Light couple of damages', 'Top Brake light - Need Right rear Tire', 37416),
(307, 4, '61081V1', 'White', 'Ford', 'E350', 2014, 'EDA66675', 'Some scratches', 'One New tire New Brakes - Battery on March 3', 36508),
(308, 4, '7DEB037', 'White', 'Ford', 'E350', 2014, 'EDA32035', 'Bumper Damage on Left', 'Check Rear Tire Noise Feb 25th ', 37440),
(309, 2, '7SCJ880', 'Charcoal', 'Dodge', 'Grand Caravan', 2016, 'G0GR226912', 'No Damage', 'some miner scrach left rear & front', 37625),
(310, 17, '7SIM449', 'White', 'Ford', 'Transit 350', 2015, 'BFKA16078', 'Smash Back Bumper', 'New Brakes & front Tires', 37660),
(311, 8, '7VKK404', 'White', 'Ford', 'Transit', 2016, 'GKA84196', 'Washer Fluid Low levelOne new Tire Aug 18', 'Need Rear Break soon', 37806),
(312, 8, '7MGG359', 'White', 'Ford', 'Transit', 2015, 'FKB16977', 'NA', 'NA', 37799),
(313, 8, '7PHJ226', 'White', 'Ford', 'Transit', 2015, 'FKA97061', 'Rear door lock - side damage fixed', 'New Tires', 35252),
(314, 4, '61081V1', 'White', 'Ford', 'E350', 2014, 'EDA66675', 'Some scratches', 'One New tire New Brakes - Battery on March 3', 36920),
(315, 17, '7SIM449', 'White', 'Ford', 'Transit 350', 2015, 'BFKA16078', 'Smash Back Bumper', 'New Brakes & front Tires', 37388),
(316, 2, '7SCJ880', 'Charcoal', 'Dodge', 'Grand Caravan', 2016, 'G0GR226912', 'No Damage', 'some miner scrach left rear & front', 37951),
(317, 4, '6YDL662', 'Red', 'Ford', 'E350', 2013, 'DDA07437', 'Rear Bumper & Doortop of Tire scraches', 'NA', 37942),
(318, 4, '7DEB037', 'White', 'Ford', 'E350', 2014, 'EDA32035', 'Bumper Damage on Left', 'Check Rear Tire Noise Feb 25th ', 28924),
(319, 8, '7PHJ226', 'White', 'Ford', 'Transit', 2015, 'FKA97061', 'Rear door lock - side damage fixed', 'New Tires', 38064),
(320, 3, '6DRZ698', 'Maroon', 'Ford', 'E350', 200, 'DB28087', 'Some scratch on body', 'No SLI - shake over 65', 38013),
(321, 8, '7MGG359', 'White', 'Ford', 'Transit', 2015, 'FKB16977', 'NA', 'NA', 38089),
(322, 8, '7MGG359', 'White', 'Ford', 'Transit', 2015, 'FKB16977', 'NA', 'NA', 38128),
(323, 16, '7MGG321', 'Black', 'Ford', 'Transit ', 2015, 'FKA94862', 'Roof Rear top rightsome scratch on door and top', 'NA', 38033),
(324, 16, '7MGG321', 'Black', 'Ford', 'Transit ', 2015, 'FKA94862', 'Roof Rear top rightsome scratch on door and top', 'NA', 38212),
(325, 4, '61081V1', 'White', 'Ford', 'E350', 2014, 'EDA66675', 'Some scratches', 'One New tire New Brakes - Battery on March 3', 38277),
(326, 4, '6YDL662', 'Red', 'Ford', 'E350', 2013, 'DDA07437', 'Rear Bumper & Doortop of Tire scraches', 'NA', 35602),
(327, 3, '6DRZ698', 'Maroon', 'Ford', 'E350', 200, 'DB28087', 'Some scratch on body', 'No SLI - shake over 65', 38357),
(328, 3, '7GYK229', 'White', 'Ford', 'E350', 2013, 'DDA01933', 'Right Light couple of damages', 'Top Brake light - Need Right rear Tire', 35600),
(329, 8, '7PHJ226', 'White', 'Ford', 'Transit', 2015, 'FKA97061', 'Rear door lock - side damage fixed', 'New Tires', 35605),
(330, 4, '61081V1', 'White', 'Ford', 'E350', 2014, 'EDA66675', 'Some scratches', 'One New tire New Brakes - Battery on March 3', 35603),
(331, 4, '61081V1', 'White', 'Ford', 'E350', 2014, 'EDA66675', 'Some scratches', 'One New tire New Brakes - Battery on March 3', 38632),
(332, 4, '61081V1', 'White', 'Ford', 'E350', 2014, 'EDA66675', 'Some scratches', 'One New tire New Brakes - Battery on March 3', 38716),
(333, 8, '7MGG359', 'White', 'Ford', 'Transit', 2015, 'FKB16977', 'NA', 'NA', 33297),
(334, 3, '6DRZ698', 'Maroon', 'Ford', 'E350', 200, 'DB28087', 'Some scratch on body', 'No SLI - shake over 65', 38735),
(335, 4, '61081V1', 'White', 'Ford', 'E350', 2014, 'EDA66675', 'Some scratches', 'One New tire New Brakes - Battery on March 3', 38809),
(336, 8, '7PHJ226', 'White', 'Ford', 'Transit', 2015, 'FKA97061', 'Rear door lock - side damage fixed', 'New Tires', 38403),
(337, 4, '6YDL662', 'Red', 'Ford', 'E350', 2013, 'DDA07437', 'Rear Bumper & Doortop of Tire scraches', 'NA', 37615),
(338, 16, '7MGG321', 'Black', 'Ford', 'Transit ', 2015, 'FKA94862', 'Roof Rear top rightsome scratch on door and top', 'NA', 36993),
(339, 4, '7DEB037', 'White', 'Ford', 'E350', 2014, 'EDA32035', 'Bumper Damage on Left', 'Check Rear Tire Noise Feb 25th ', 38710),
(340, 3, '7GYK229', 'White', 'Ford', 'E350', 2013, 'DDA01933', 'Right Light couple of damages', 'Top Brake light - Need Right rear Tire', 38708),
(341, 8, '7MGG359', 'White', 'Ford', 'Transit', 2015, 'FKB16977', 'NA', 'NA', 37759),
(342, 2, '7SCJ880', 'Charcoal', 'Dodge', 'Grand Caravan', 2016, 'G0GR226912', 'No Damage', 'some miner scrach left rear & front', 38633),
(343, 4, '7DEB037', 'White', 'Ford', 'E350', 2014, 'EDA32035', 'Bumper Damage on Left', 'Check Rear Tire Noise Feb 25th ', 39053),
(344, 8, '7PHJ226', 'White', 'Ford', 'Transit', 2015, 'FKA97061', 'Rear door lock - side damage fixed', 'New Tires', 38191),
(345, 16, '7MGG321', 'Black', 'Ford', 'Transit ', 2015, 'FKA94862', 'Roof Rear top rightsome scratch on door and top', 'NA', 37137),
(346, 8, '7VKK404', 'White', 'Ford', 'Transit', 2016, 'GKA84196', 'Washer Fluid Low levelOne new Tire Aug 18', 'Need Rear Break soon', 38349),
(347, 3, '7GYK229', 'White', 'Ford', 'E350', 2013, 'DDA01933', 'Right Light couple of damages', 'Top Brake light - Need Right rear Tire', 38271),
(348, 4, '61081V1', 'White', 'Ford', 'E350', 2014, 'EDA66675', 'Some scratches', 'One New tire New Brakes - Battery on March 3', 39080),
(349, 4, '7DEB037', 'White', 'Ford', 'E350', 2014, 'EDA32035', 'Bumper Damage on Left', 'Check Rear Tire Noise Feb 25th ', 39054),
(350, 8, '7PHJ226', 'White', 'Ford', 'Transit', 2015, 'FKA97061', 'Rear door lock - side damage fixed', 'New Tires', 37199),
(351, 8, '7VKK404', 'White', 'Ford', 'Transit', 2016, 'GKA84196', 'Washer Fluid Low levelOne new Tire Aug 18', 'Need Rear Break soon', 38680),
(352, 8, '7MGG359', 'White', 'Ford', 'Transit', 2015, 'FKB16977', 'NA', 'NA', 38870),
(353, 4, '61081V1', 'White', 'Ford', 'E350', 2014, 'EDA66675', 'Some scratches', 'One New tire New Brakes - Battery on March 3', 24711),
(354, 8, '7MGG359', 'White', 'Ford', 'Transit', 2015, 'FKB16977', 'NA', 'NA', 39202),
(355, 3, '6DRZ698', 'Maroon', 'Ford', 'E350', 200, 'DB28087', 'Some scratch on body', 'No SLI - shake over 65', 38702),
(356, 2, '7SCJ880', 'Charcoal', 'Dodge', 'Grand Caravan', 2016, 'G0GR226912', 'No Damage', 'some miner scrach left rear & front', 38389),
(357, 4, '7DEB037', 'White', 'Ford', 'E350', 2014, 'EDA32035', 'Bumper Damage on Left', 'Check Rear Tire Noise Feb 25th ', 37241),
(358, 8, '7VKK404', 'White', 'Ford', 'Transit', 2016, 'GKA84196', 'Washer Fluid Low levelOne new Tire Aug 18', 'Need Rear Break soon', 39286),
(359, 8, '7PHJ226', 'White', 'Ford', 'Transit', 2015, 'FKA97061', 'Rear door lock - side damage fixed', 'New Tires', 38321),
(360, 4, '6YDL662', 'Red', 'Ford', 'E350', 2013, 'DDA07437', 'Rear Bumper & Doortop of Tire scraches', 'NA', 38972),
(361, 16, '7MGG321', 'Black', 'Ford', 'Transit ', 2015, 'FKA94862', 'Roof Rear top rightsome scratch on door and top', 'NA', 37608),
(362, 8, '7MGG359', 'White', 'Ford', 'Transit', 2015, 'FKB16977', 'NA', 'NA', 38107),
(363, 2, '7SCJ880', 'Charcoal', 'Dodge', 'Grand Caravan', 2016, 'G0GR226912', 'No Damage', 'some miner scrach left rear & front', 38606),
(364, 17, '7SIM449', 'White', 'Ford', 'Transit 350', 2015, 'BFKA16078', 'Smash Back Bumper', 'New Brakes & front Tires', 38752),
(365, 3, '6DRZ698', 'Maroon', 'Ford', 'E350', 200, 'DB28087', 'Some scratch on body', 'No SLI - shake over 65', 39671),
(366, 8, '7VKK404', 'White', 'Ford', 'Transit', 2016, 'GKA84196', 'Washer Fluid Low levelOne new Tire Aug 18', 'Need Rear Break soon', 39443),
(367, 4, '7DEB037', 'White', 'Ford', 'E350', 2014, 'EDA32035', 'Bumper Damage on Left', 'Check Rear Tire Noise Feb 25th ', 39596),
(368, 8, '7MGG359', 'White', 'Ford', 'Transit', 2015, 'FKB16977', 'NA', 'NA', 39115),
(369, 4, '7DEB037', 'White', 'Ford', 'E350', 2014, 'EDA32035', 'Bumper Damage on Left', 'Check Rear Tire Noise Feb 25th ', 39852),
(370, 3, '7GYK229', 'White', 'Ford', 'E350', 2013, 'DDA01933', 'Right Light couple of damages', 'Top Brake light - Need Right rear Tire', 39722),
(371, 8, '7MGG359', 'White', 'Ford', 'Transit', 2015, 'FKB16977', 'NA', 'NA', 39791),
(372, 4, '7DEB037', 'White', 'Ford', 'E350', 2014, 'EDA32035', 'Bumper Damage on Left', 'Check Rear Tire Noise Feb 25th ', 39946),
(373, 8, '7VKK404', 'White', 'Ford', 'Transit', 2016, 'GKA84196', 'Washer Fluid Low levelOne new Tire Aug 18', 'Rear Break Jan 18', 40010),
(374, 2, '7SCJ880', 'Charcoal', 'Dodge', 'Grand Caravan', 2016, 'G0GR226912', 'No Damage', 'some miner scrach left rear & front', 39603);

-- --------------------------------------------------------

--
-- Table structure for table `fleet_van`
--

CREATE TABLE `fleet_van` (
  `id` int(11) NOT NULL,
  `van_type` varchar(256) NOT NULL,
  `content` longtext NOT NULL,
  `per_hour_rate` float NOT NULL,
  `per_day` float NOT NULL,
  `two_days` float DEFAULT NULL,
  `three_days` float DEFAULT NULL,
  `per_week` float NOT NULL,
  `cdw` float NOT NULL,
  `sli` float NOT NULL,
  `additional_driver` double NOT NULL,
  `child_seat` double NOT NULL,
  `accident_coverage` double NOT NULL,
  `model_name` varchar(255) NOT NULL,
  `no_passengers` int(50) NOT NULL,
  `suitcase` varchar(255) NOT NULL,
  `front_display` int(11) NOT NULL,
  `image` varchar(255) NOT NULL,
  `created_date` date NOT NULL,
  `position` int(11) NOT NULL,
  `drive_status` enum('Self','Driver') NOT NULL DEFAULT 'Self'
) ENGINE=MyISAM DEFAULT CHARSET=latin1;

--
-- Dumping data for table `fleet_van`
--

INSERT INTO `fleet_van` (`id`, `van_type`, `content`, `per_hour_rate`, `per_day`, `two_days`, `three_days`, `per_week`, `cdw`, `sli`, `additional_driver`, `child_seat`, `accident_coverage`, `model_name`, `no_passengers`, `suitcase`, `front_display`, `image`, `created_date`, `position`, `drive_status`) VALUES
(1, 'Cargo Van Transit 2018', '<div style=\"margin-left: 10px;\">\r\n<h2>Cargo Van Standard Equipment (2018):</h2>\r\n<div>\r\n<p>Ford Transit Van 2017-2018 is an all-new model that offers many configuration including low, medium, or high roofs. The wonderful Transit-250 is the roomy cargo transit van with everything you expect from Ford, with impressive payload and strong towing capacities.<br />The standard roof cargo van rental cost include 150 free miles per day within California, Nevada, Arizona and Utah.&nbsp;Additinal mileage rate is $0.35 per mile.<br />This vehicle is available at other locations such as Hollywood, Downtown LA, Santa Monica and Beverly Hills.<br /><br /><br /><strong>For more picture of&nbsp;<a title=\"Ford Transit Cargo Van 2017-2018\" href=\"../vehicle-details.php?vid=1\" target=\"_blank\">Ford Transit Cargo Van 2017-2018</a>&nbsp;check the fleet page.</strong></p>\r\n<p><strong>The rate is not for medium or high top transit cargo van XLT, if you need larger cargo van, please contact us for the availibilty and the rate will be $125/day for the high roof transit van.</strong></p>\r\n<table style=\"height: 224px;\" width=\"473\">\r\n<tbody>\r\n<tr>\r\n<td><img src=\"../fleet_image/1465794598_high-Roof-Transit-Cargo-Van-2016.jpg\" alt=\"high-Roof-Transit-Cargo-Van-2016\" width=\"325\" height=\"213\" /></td>\r\n<td>&nbsp;</td>\r\n<td>&nbsp;</td>\r\n</tr>\r\n</tbody>\r\n</table>\r\n<h4><strong>3 days rentals or less may be at a higher daily rate and subject to limited availability and cannot be confirmed more than 7 days in advance.</strong></h4>\r\n<strong>Fuel Capacity&nbsp;&nbsp; &nbsp;</strong>25 gallons<strong><br />Wheelbase&nbsp;&nbsp; &nbsp; &nbsp; &nbsp;</strong>130\" &ndash; 148&rdquo; (150, 250 SRW)<strong><br />Maximum Payload&nbsp;&nbsp; &nbsp;</strong>4,650 lbs. (148\" ext. Van 350HD with 3.5L)<strong><br />Maximum GVWR&nbsp;&nbsp; &nbsp; &nbsp; </strong> 10,360 lbs. (350HD DRW)</div>\r\n<div>&nbsp;</div>\r\n<div><strong>Engine:&nbsp;</strong>V8, 5.4 Liter&nbsp;<br /> <strong>Transmission:</strong>&nbsp;Automatic<br /> <strong>Drivetrain: </strong>RWD<br /> <strong>Braking and Traction:&nbsp;</strong>ABS (4-Wheel)<br /> <br /> <strong>Comfort and Convenience:</strong></div>\r\n<ul>\r\n<li>Air Conditioning, Front &amp; Rear</li>\r\n<li>Power Windows</li>\r\n<li>Power Door&nbsp;<br /> &nbsp;</li>\r\n</ul>\r\n<div><strong>Steering:</strong>&nbsp;Power Steering -&nbsp;Tilt Wheel<br /> <strong>Safety and Security:&nbsp;</strong>Dual Air Bags<br /> <strong>Seats: </strong>2 seat/passenger + 18 Suitcase (estimated)<br /> <strong>Entertainment:&nbsp;</strong>AM/FM Stereo CD (Single Disc)</div>\r\n</div>', 35, 99.98, 99.98, 99.98, 599.93, 24.95, 24.99, 0, 9.99, 14.99, 'Ford Transit 250 Cargo 2018', 2, '18', 0, '1420757677_cargo-van.jpg', '0000-00-00', 1, 'Self'),
(2, '7-8 Passenger Minivan', '<div>\r\n<h3>7 Passenger MiniVan (Kia Sedona/Grand Caravan):</h3>\r\n<p>The latest model Minivan 2016-2017&nbsp;with extremely space efficient, three rows of adult size seats, large sliding doors, regular handling and fuel economy is perfect option for your long trip and travel memories. The minivan rental is 3 days included 150 free miles per day within California, Nevada &amp; Arizona. Additinal mileage rate is $0.25 per mile.<br />For more picture of&nbsp;<a title=\"7-8 Passenger MiniVan 2015-2016\" href=\"../vehicle-details.php?vid=2\" target=\"_blank\">7-8 Passenger MiniVan</a> check the fleet page.<br /><br />The back row seats can be partially or completely fold flat to use for luggage and cargo space. You can adjust cargo volume in Minivan from 39 cubic feet behind the third row to 150 cubic feet with the second and third rows folded.</p>\r\n<p>&nbsp;</p>\r\n</div>\r\n<div>&nbsp;<strong><img src=\"../images/minivan8seats.jpg\" alt=\"Minivan Toyota Sienna 8 Seat Arrangement \" width=\"318\" height=\"178\" /></strong></div>\r\n<div>&nbsp;</div>\r\n<div><strong>Engine:&nbsp;</strong>V6, 3.3 Liter&nbsp; 18/25 mpg<br /> <strong>Transmission:</strong> 6-speed Automatic<br /> <strong>Drivetrain: </strong>Front Wheel Drive (FWD) <br /> <strong>Braking and Traction:&nbsp;</strong>ABS (4-Wheel)<br /> <br /> <strong>Comfort and Convenience:</strong></div>\r\n<ul>\r\n<li>Air Conditioning, Front &amp; Rear</li>\r\n<li>Power Windows</li>\r\n<li>Power Door&nbsp;</li>\r\n<li>Carpet Floor Mats/Door Sill Protector</li>\r\n<li>Roof Rack Cross Bars<br /> &nbsp;</li>\r\n</ul>\r\n<div><strong>Steering:</strong>&nbsp;Power Steering -&nbsp;Tilt Wheel<br /> <strong>Safety and Security:&nbsp;</strong>Dual Air Bags<br /> <strong>Seats:&nbsp; </strong>7 seat/passenger + 3 Suitcase + 2 Carry on<br /> <strong>Entertainment:&nbsp;</strong>AM/FM Stereo CD (Single Disc)</div>', 35, 49.99, 49.99, 49.99, 349.93, 17.99, 24.95, 9.99, 4.99, 15.99, 'Grand Caravan/ Kia Sedona/ Toyota Sienna', 7, '5', 1, '1450501657_minivan.jpg', '0000-00-00', 2, 'Self'),
(3, '11 Passenger Van E350', '<h2>11 Passenger Van Standard Equipment:</h2>\r\n<p>We offer&nbsp;the Ford E350 Econoline Wagon as our&nbsp;11-Seater Minibus for hire.&nbsp;For groups up to 11 travelers or for those people who enjoy extra cargo space, we offer the comfort of our Ford 11 seater van E350. For 8 to 11 passengers and luggage, this 11 seater van is a perfect option, large and roomy enough for those extended families or for those looking for a bit more luggage space.<br />The last row seats can be removed from full size passenger vans to make ample cargo room for the luggage. <br />The rental include 150 free miles per day within CA, NV, AZ &amp; UT. Excess mileage will be calculated at $0.35 per mile.&nbsp;<br />2 days or less will be at higher daily rate, subject to availability and can not be confirmed more than a few days in advance.<br /><br /></p>\r\n<h4><strong>For more picture of <a title=\"11 Passenger Van Ford E350 2014\" href=\"../vehicle-details.php?vid=3\" target=\"_blank\">11 Passenger Van Ford E350</a> check the fleet page.</strong></h4>\r\n<div><strong style=\"color: #000000;\">&nbsp;</strong></div>\r\n<div>\r\n<table style=\"height: 129px;\" width=\"453\">\r\n<tbody>\r\n<tr>\r\n<td><strong>Engine:&nbsp;</strong>V8, &nbsp;4.6 - 5.4 Liter</td>\r\n<td colspan=\"3\" rowspan=\"4\"><a title=\"Ford 11 Passenger Van E350\" href=\"http://www.ford.com/\" target=\"_blank\"><img src=\"../img/FordIcon.gif\" alt=\"Ford E350\" width=\"182\" height=\"118\" /></a></td>\r\n<td>&nbsp;</td>\r\n</tr>\r\n<tr>\r\n<td><strong>Transmission:</strong>&nbsp;Automatic</td>\r\n<td>&nbsp;</td>\r\n</tr>\r\n<tr>\r\n<td><strong>Drivetrain:&nbsp;</strong>RWD</td>\r\n<td>&nbsp;</td>\r\n</tr>\r\n<tr>\r\n<td><strong>Braking and Traction:&nbsp;</strong>ABS (4-Wheel)</td>\r\n<td>&nbsp;</td>\r\n</tr>\r\n</tbody>\r\n</table>\r\n</div>\r\n<div>&nbsp;\r\n<div><strong>Comfort and Convenience:</strong></div>\r\n<ul>\r\n<li>Air Conditioning, Front &amp; Rear</li>\r\n<li>Power Windows</li>\r\n<li>Power Door<br />&nbsp;</li>\r\n</ul>\r\n<div><strong>Steering:</strong>&nbsp;Power Steering -&nbsp;Tilt Wheel<br /><strong>Horsepower:</strong> 255 to 305&nbsp;HP<br /><strong>Safety and Security:&nbsp;</strong>Dual Air Bags<br /><strong>Seats:&nbsp;</strong>11 seat (10 passengers + Driver) <br /><strong>Entertainment:&nbsp;</strong>AM/FM Stereo CD (Single Disc)<br />\r\n<div class=\"mod\" data-md=\"1001\" data-hveid=\"144\" data-ved=\"0ahUKEwi_0ejknsjSAhWrv1QKHbl9BVwQkCkIkAEoBDAS\">\r\n<div class=\"_eFb\">\r\n<div class=\"_mr kno-fb-ctx\" data-attrid=\"kc:/automotive/model_year:fuel_tank_capacity\" data-ved=\"0ahUKEwi_0ejknsjSAhWrv1QKHbl9BVwQyxMIkQEoADAS\"><strong><span class=\"_xdb\">Fuel tank capacity: 30 to&nbsp;</span></strong><span class=\"_Xbe kno-fv\">33 Gal</span></div>\r\n</div>\r\n</div>\r\n<div class=\"mod\" data-md=\"1001\" data-hveid=\"147\" data-ved=\"0ahUKEwi_0ejknsjSAhWrv1QKHbl9BVwQkCkIkwEoBTAT\">\r\n<div class=\"_eFb\">\r\n<div class=\"_mr kno-fb-ctx\" data-attrid=\"kc:/automotive/model_year:weight\" data-ved=\"0ahUKEwi_0ejknsjSAhWrv1QKHbl9BVwQyxMIlAEoADAT\"><span class=\"_xdb\"><strong>Curb weight:</strong>&nbsp;</span><span class=\"_Xbe kno-fv\">5,388 to 6,432 Lbs</span></div>\r\n</div>\r\n</div>\r\n<div class=\"mod\" data-md=\"1001\" data-hveid=\"150\" data-ved=\"0ahUKEwi_0ejknsjSAhWrv1QKHbl9BVwQkCkIlgEoBjAU\">\r\n<div class=\"_eFb\">\r\n<div class=\"_mr kno-fb-ctx\" data-attrid=\"kc:/automotive/model_year:dimension\" data-ved=\"0ahUKEwi_0ejknsjSAhWrv1QKHbl9BVwQyxMIlwEoADAU\"><strong><span class=\"_xdb\">Dimensions:&nbsp;</span></strong><span class=\"_Xbe kno-fv\">217-237&Prime; L x 79&Prime; W x 82-84&Prime; H</span></div>\r\n</div>\r\n</div>\r\n</div>\r\n<p>The&nbsp;E350 Super Duty Passenger &nbsp;Wagon 4.6-liter is flex-fuel capable, meaning the vehicle&nbsp;can run on the E85 blend of ethanol and gasoline.</p>\r\n<p>The Ford Econoline E-series Wagon had been the top selling full size passenger van in USA for more than 30 years but Ford stoped making this previous model of passenger vans in 2014 and introduced the modernized 6 Cylinder Transit wagon as the new Ford\'s full size passenger van in 2015.</p>\r\n<p>Some of these vehicles come with Advance Trac&nbsp;with&nbsp;RSC which is Ford\'s premium electronic stability system that improves vehicle control on all driving surfaces, including icy roads, snow, gravel, rain covered, and dry pavement.</p>\r\n</div>', 35, 89.99, 89.99, 89.99, 489.93, 19.99, 24.99, 9.99, 4.99, 14.99, 'Ford E-350 Super Duty', 11, '8', 0, '1412187024_1410830393_1397449658_Ford-e350.jpg', '0000-00-00', 3, 'Self'),
(16, 'Hightop 15-Pass Transit XLT', '<h2>Ford Transit Wagon 350&nbsp;&nbsp;&nbsp;&nbsp;&nbsp;&nbsp;&nbsp;&nbsp; <a title=\"15 Passenger High Roof Ford Transit 350 \" href=\"http://www.ford.com/trucks/transitvanwagon/?gnav=header-trucks\" target=\"_blank\"><img src=\"../img/ford.png\" alt=\"Ford Logo\" width=\"77\" height=\"44\" /></a></h2>\r\n<h3>For more picture click&nbsp;<a title=\"15 Pass High Roof Ford Transit Van 2015-2016\" href=\"../vehicle-details.php?vid=16\" target=\"_blank\">15 Pass High Roof Ford Transit Van 2015-2016</a>&nbsp;</h3>\r\n<ul>\r\n<li><strong>This 15 passenger Transit high roof Van HD, is extended version which includes some cargo space behind the rearmost seat.</strong></li>\r\n<li><strong>The brand new Ford Transit Wagon HighRoof 350 HD can be customized to suit almost any job that needs a commercial vehicle to carry passengers and luggage.&nbsp;</strong><strong>High-roof models can accommodate a standing adult up to 6 feet, 4 inches tall.</strong></li>\r\n<li><strong>Two days rentals or less will be at a higher daily rate and subject to limited availability and cannot be confirmed more than 7 days in advance.</strong></li>\r\n<li><strong>The High Roof Transit van rental cost include 150 free miles per day within California, Nevada, Arizona &amp; Utah.&nbsp;Additional mileage rate is $0.35 per mile.</strong></li>\r\n<li><strong>You can use your regular driver license (C class) to drive this 15 passenger high top van.&nbsp;</strong></li>\r\n</ul>\r\n<h3><strong><em>&nbsp;<a title=\" images of New Hightop 15-Pass Transit HD 2015\" href=\"../ford-15-passenger-transit-van-hd350-pictures-2015.php\" target=\"_blank\">See More images of New Hightop 15-Pass Transit HD&nbsp;</a></em></strong></h3>\r\n<p><strong>Standard Specifications:</strong></p>\r\n<p>Fuel Economy:<strong>&nbsp; </strong>City 14/Hwy 19/Comb 16 MPG&nbsp;&nbsp;&nbsp;<br /> Number of Passengers: 15<br /> Luggage Capacity: 10<br /> Doors: 3<br /> Transmission: Automatic<br /> Stereo: AM/FM<br /> Air Conditioning: A / C<br />Rear View Camera<br /> Privacy Glass<br /> Reverse park aid<br /> Dual Air Conditioning <br /> Driver/Passenger AirBags<br /> AM/FM Single CD with Aux Jack<br /> Power Locks and windows<br /> 3 Point Safety Belts<br /> Power Steering<br /> Dual long power Mirrors<br /> Rear Window De-Fogger<br /> Running Board Passenger door<br /> Dual Rear Wheel Drive<br /> 4-Wheel Disc Brakes w/ ABS<br /> Tire pressure monitor system<br /> Airbags - Safety Canopy -Side Airbags</p>\r\n<h3><strong><em>&nbsp;<a title=\" images of New Hightop 15-Pass Transit HD 2015\" href=\"../ford-15-passenger-transit-van-hd350-pictures-2015.php\" target=\"_blank\">See More images of New Hightop 15-Pass Transit HD&nbsp;</a></em></strong></h3>\r\n<p><strong>Safety:</strong> Every Transit Wagon comes with stability control, frontal airbags, front side-impact airbags and antilock brakes as standard. Rear seats have integral three-point seatbelts, and side curtain airbags cover the entire length of the passenger area. A rearview camera, rear parking sensors and lane-keeping warning are optional.</p>', 55, 169.99, 169.99, 169.99, 999.95, 39.99, 29.99, 9.99, 4.99, 15.99, '15-Pass Ford Transit 350 HD 2015-16 (Extended)', 15, '10', 1, '1463786446_FordTransitHighTop15.jpg', '0000-00-00', 7, 'Self'),
(4, '15 Passenger Van E350', '<h2>15 Passenger Van E350:&nbsp;&nbsp;&nbsp;&nbsp;&nbsp;&nbsp;&nbsp;&nbsp;&nbsp; <a title=\"Ford 15 Passenger Van E350\" href=\"http://www.ford.com/\" target=\"_blank\"><img src=\"../img/ford.png\" alt=\"Ford Logo\" width=\"77\" height=\"44\" /></a></h2>\r\n<div>\r\n<p>The rear row of seats can be removed from our full size 15 seat passenger van to make room for luggage and it turns to 11 passenger van with extra cargo room.<br />The rental include 150 free miles per day within CA, NV, AZ &amp; UT. Extra mile will be calculated for $0.35 per mile.<br />Two day rentals or less will be at a higher daily rate and subject to limited availability and cannot be confirmed more than a few days in advance.</p>\r\n<h4><strong>For more picture of <a title=\"11 Passenger Van Ford E350 2014\" href=\"../vehicle-details.php?vid=4\" target=\"_blank\">15 Passenger Van Ford E350</a> check the fleet page.<br /></strong><strong><br />Seat Arrangement:</strong></h4>\r\n</div>\r\n<div><strong><img src=\"../images/seat15pass.jpg\" alt=\"15 passenger van E350 Seat Arrangement\" width=\"345\" height=\"311\" /></strong></div>\r\n<div><strong><br />Engine:&nbsp;</strong>V8, 4.6 to 5.4 Liter<br /><strong>Transmission:</strong>&nbsp;Automatic<br /><strong>Drivetrain:&nbsp;</strong>RWD<br /><strong>Braking and Traction:&nbsp;</strong>ABS (4-Wheel)<br /><br /><strong>Comfort and Convenience:</strong></div>\r\n<ul>\r\n<li>Air Conditioning, Front &amp; Rear</li>\r\n<li>Power Windows</li>\r\n<li>Power Door&nbsp;</li>\r\n</ul>\r\n<div><strong>Steering:</strong>&nbsp;Power Steering -&nbsp;Tilt Wheel<br /><strong>Safety and Security:&nbsp;</strong>Dual Air Bags<br /><strong>Seats:&nbsp;</strong>15 seat/passenger&nbsp;<br /><strong>Horsepower:</strong>&nbsp;255 to 305&nbsp;HP<br /><strong>Entertainment:&nbsp;</strong>AM/FM Stereo CD (Single Disc)</div>\r\n<p>The&nbsp;E350 Super Duty Passenger &nbsp;Wagon 4.6-liter is flex-fuel capable, meaning the vehicle&nbsp;can run on the E85 blend of ethanol and gasoline.<br />Some of these 15 passenger van E350 come with Advance Trac&nbsp;with&nbsp;RSC&nbsp;which is Ford\'s premium electronic stability system that improves vehicle control on all driving surfaces, including icy roads, snow, gravel, rain covered, and dry pavement.&nbsp;</p>', 35, 89.99, 89.99, 89.99, 489.93, 19.99, 24.99, 9.99, 4.99, 14.99, 'Ford E-350 Super Duty', 15, '3', 1, '1451804168_15-Passenger-van-E350.jpg', '0000-00-00', 4, 'Self'),
(6, '12-Pass Benz Sprinter Van', '<p style=\"color: #000000;\">The Luxury 2015-2016 Sprinter van with up to 12 Captain chairs also features loads of high-tech safety gear including crosswind stabilization, collision prevention and lane-departure warning. <br />The sprinter van cost include 150 free miles per day within California.<br />Additinal&nbsp; mileage rate is 0.50 per mile. <br />This vehicle is available at other locations such as Hollywood, Downtown LA, Santa Monica and Beverly Hills.<br />The airport &amp; tourist fee up to 15% may apply.</p>\r\n<p><strong>For more picture of <a title=\"12 Pass Mercedes-Benz Sprinter Van\" href=\"../vehicle-details.php?vid=6\" target=\"_blank\">12 Pass&nbsp;Mercedes-Benz Sprinter Van</a> check the fleet page.</strong></p>\r\n<p>&nbsp;<br /><br /><br /></p>\r\n<h2>Powertrain Standard Specifications:</h2>\r\n<ul>\r\n<li>\r\n<p style=\"color: #000000;\">Fuel type: Diesel</p>\r\n</li>\r\n<li style=\"display: list-item;\">\r\n<p style=\"color: #000000;\">Rear-wheel drive</p>\r\n</li>\r\n<li style=\"display: list-item;\">\r\n<p style=\"color: #000000;\">Tank capacity: 26.4 gallons</p>\r\n</li>\r\n<li style=\"display: list-item;\">\r\n<p style=\"color: #000000;\">Number of Passengers: 12</p>\r\n</li>\r\n<li style=\"display: list-item;\">\r\n<p style=\"color: #000000;\">&nbsp;Luggage Capacity: 2</p>\r\n</li>\r\n<li style=\"display: list-item;\">\r\n<p style=\"color: #000000;\">Transmission: Automatic</p>\r\n</li>\r\n<li style=\"display: list-item;\">\r\n<p style=\"color: #000000;\">Stereo: AM/FM w/ CD player</p>\r\n</li>\r\n<li style=\"display: list-item;\">\r\n<p style=\"color: #000000;\">Air Conditioning: A / C</p>\r\n</li>\r\n</ul>\r\n<p style=\"text-align: center;\"><a title=\"Rent Mercedes Benz Sprinter Passenger Van from LAX Van Rentals\" href=\"sprinter-van-rental-los-angeles.php\">Rent Mercedes Benz Sprinter Passenger Van from LAX Van Rentals</a></p>', 75, 299.99, 299.99, 299.99, 1799.99, 79.99, 59.99, 0, 9.99, 19.99, '2016 Mercedes-Benz Sprinter Passenger Van', 12, '12', 0, '1459061226_12passBenzSprinter.jpg', '0000-00-00', 8, 'Self'),
(9, 'Hightop 12-Pass Transit HD', '<h2>Ford TRANSIT WAGON 350&nbsp;&nbsp;&nbsp;&nbsp; <img src=\"../img/ford.png\" alt=\"Ford Logo\" width=\"77\" height=\"44\" /></h2>\r\n<p style=\"color: #000000;\"><span class=\"modelSummary\">The Ford Transit heavy duty full size van offers versatility that few vehicles can match. High-roof models can accommodate a standing adult up to 6 feet, 4 inches tall. Fantastic Ford Transit 350 can accomodate up to 12 people and&nbsp;is simply in terrific condition.<br />The van rental cost include 150 free miles per day within California, Nevada, Arizona and Utah.<br />Additinal mileage rate is $0.35 per mile.&nbsp;</span>Two days rentals or less will be at a higher daily rate and subject to limited availability and cannot be confirmed online.<br /><br /></p>\r\n<p><strong><em>&nbsp;<a title=\" images of New Hightop 15-Pass Transit HD 2015\" href=\"../ford-15-passenger-transit-van-hd350-pictures-2015.php\" target=\"_blank\">See More images of New Hightop 15-Pass Transit HD&nbsp;</a><br /></em></strong>The brand new Ford Transit Wagon HighRoof HD can be customized to suit almost any job that needs a commercial vehicle to carry passengers and luggage. This 12 passenger Transit Van HD, includes some cargo space behind the rearmost seat. In order to reduce the risk of rollover, renter is to avoid excessive speed and sharp turns, allow sufficient stopping distance, and insist that all passengers wear seat belts when in the van</p>\r\n<h4><strong>Standard Specifications:</strong></h4>\r\n<p>Fuel Economy:<strong>&nbsp; </strong>City 14/Hwy 19/Comb 16 MPG&nbsp;&nbsp;&nbsp; <br />Number of Passengers: 12<br /> Luggage Capacity: 8<br /> Doors:&nbsp;4<br /> Transmission: Automatic<br /> Stereo: AM/FM<br /> Air Conditioning: Back &amp; Front A / C<br />Power Locks and windows<br />3 Point Safety Belts<br />Power Steering<br />Dual long power Mirrors<br />Rear Window De-Fogger<br />Running Board Passenger door<br />Dual Rear Wheel Drive<br />4-Wheel Disc Brakes w/ ABS<br />Tire pressure monitor system<br />Airbags - Safety Canopy -Side Airbags</p>\r\n<p><strong>Safety:</strong> Every Transit Wagon comes with stability control, frontal airbags, front side-impact airbags and antilock brakes as standard. Rear seats have integral three-point seatbelts, and side curtain airbags cover the entire length of the passenger area. A rearview camera, rear parking sensors and lane-keeping warning are optional.</p>', 45, 169.99, 169.99, 169.99, 999.95, 39.99, 29.99, 9.99, 4.99, 19.99, '12-Pass Ford Transit 350 XLT 2015 ', 12, '12', 0, '1427385391_hd.png', '0000-00-00', 6, 'Self'),
(8, '15 Passenger Transit Van', '<h2>Ford Transit Wagon &nbsp; &nbsp; &nbsp; &nbsp; &nbsp; &nbsp;<a title=\"Ford Transit Wagon Van 2016\" href=\"http://www.ford.com/trucks/transitvanwagon/?gnav=header-trucks\" target=\"_blank\"><img src=\"../img/ford.png\" alt=\"Ford Logo\" width=\"77\" height=\"44\" /></a></h2>\r\n<p>The brand new Transit Wagon is ready to change the world full size commercial van market. For more picture of&nbsp;<a title=\"15 Passenger Ford Transit Van 2015-2016\" href=\"../vehicle-details.php?vid=8\" target=\"_blank\">15 Pass Ford Transit Van 2015-2016</a> check the fleet page.</p>\r\n<p>Two days rentals or less will be at a higher daily rate and subject to limited availability and cannot be confirmed online.</p>\r\n<p>The van rental cost include 150 free miles per day within California, Nevada and Arizona. Additinal mileage rate is $0.35 per mile.</p>\r\n<p>This transit van may be available at other locations such as Hollywood, Downtown LA, Santa Monica and Beverly Hills.</p>\r\n<p>There is also&nbsp;<a title=\"hightop 15 passenger Transit Wagon HD 350\" href=\"../vehicle-details.php?vid=9\">hightop 15 passenger Transit Wagon HD 350</a> , that includes some cargo space behind the rearmost seat. (contact for the rate &amp; availability)</p>\r\n<p>Fuel Economy:&nbsp; City 14/Hwy 19/Comb 16 MPG&nbsp;&nbsp; &nbsp;<br />Doors: 4 &nbsp;&nbsp; <br />Drivetrain: RWD&nbsp;&nbsp; &nbsp;<br />Max Seating: 15<br />Engine: V6, Flex Fuel, 3.7 Liter<br />Transmission<strong>:</strong> Automatic, 6-Spd</p>\r\n<ul id=\"yui_3_16_0_1_1456903941193_9021\" style=\"color: #595a5d; font-family: \'Helvetica\', \'Arial\', sans-serif; font-weight: normal; font-size: 12px; line-height: 12px;\">\r\n<li id=\"yui_3_16_0_1_1456903941193_9020\" style=\"color: #595a5d; font-family: \'Helvetica\', \'Arial\', sans-serif; font-weight: normal; font-size: 12px; line-height: 12px;\">Pinpoint nationwide roadside assistance<br /><br /></li>\r\n<li style=\"color: #595a5d; font-family: \'Helvetica\', \'Arial\', sans-serif; font-weight: normal; font-size: 12px; line-height: 12px;\">Stolen vehicle location assistance</li>\r\n</ul>\r\n<ul id=\"yui_3_16_0_1_1456903941193_8984\" style=\"color: #595a5d; font-family: \'Helvetica\', \'Arial\', sans-serif; font-weight: normal; font-size: 12px; line-height: 16px;\">\r\n<li id=\"yui_3_16_0_1_1456903941193_8983\" style=\"color: #595a5d; font-family: \'Helvetica\', \'Arial\', sans-serif; font-weight: normal; font-size: 12px; line-height: 16px;\">Auto health predictive diagnostics</li>\r\n</ul>\r\n<p><br /><strong>Safety:</strong> Every Transit Wagon comes with stability control, frontal airbags, front side-impact airbags and antilock brakes as standard. Rear seats have integral three-point seatbelts, and side curtain airbags cover the entire length of the passenger area. A rearview camera, rear parking sensors and lane-keeping warning are optional.<br /><br /><strong>General Safety Rating:</strong><br /><img src=\"../img/General-Safety-Rating.jpg\" alt=\"General-Safety-Rating\" width=\"233\" height=\"130\" /></p>', 45, 109.99, 109.99, 109.99, 615.93, 24.99, 29.99, 9.99, 4.99, 12.99, 'Ford Transit Wagon XLT  2015-2016', 15, '4', 1, '1423588594_Transit.jpg', '0000-00-00', 5, 'Self'),
(17, '12 Passenger Transit Van', '<h2>Ford Transit Wagon&nbsp;2016-2017 &nbsp; &nbsp; &nbsp; &nbsp; &nbsp; &nbsp;<a title=\"Ford Transit Wagon Van 2016\" href=\"http://www.ford.com/trucks/transitvanwagon/?gnav=header-trucks\" target=\"_blank\"><img src=\"../img/ford.png\" alt=\"Ford Logo\" width=\"77\" height=\"44\" /></a></h2>\r\n<p style=\"color: #000000;\">The brand new Ford Transit present the modern&nbsp;technology and contemporary looks. All vans and wagons feature either side cargo or sliding doors, as well as rear cargo doors that open up to 270 degrees and passenger capacity when properly equipped up to 12<br /> <em> For more pictures of&nbsp;<a title=\"12 Pass Ford Transit Van 2015-2016\" href=\"../vehicle-details.php?vid=17\" target=\"_blank\">12 Passenger Ford Transit Van 2016-2017</a></em><em>&nbsp;check the fleet page</em><strong><em>.</em></strong><br /> Two days rentals or less will be at a higher daily rate and subject to limited availability and cannot be confirmed online.<br /> The van rental cost include 150 free miles per day within California, Nevada and Arizona. Additinal mileage rate is $0.35 per mile.<br /> This transit van may be available at other locations such as Hollywood, Downtown LA, Santa Monica and Beverly Hills.<br /> <em>There is also&nbsp;<a title=\"hightop 15 passenger Transit Wagon HD 350\" href=\"../vehicle-details.php?vid=9\">hightop 15 passenger Transit Wagon HD 350</a> , that includes some cargo space behind the rearmost seat.</em></p>\r\n<p><strong>Fuel Economy:&nbsp; </strong>City 14/Hwy 19/Comb 16 MPG&nbsp;&nbsp; &nbsp;<br /> <strong>Doors:</strong> 4 &nbsp;&nbsp;<br /> <strong>Drivetrain:</strong> RWD&nbsp;&nbsp; &nbsp;<br /> <strong>Max Seating:</strong> 12<br /> <strong>Engine:</strong> V6, Flex Fuel, 3.7 Liter<br /> <strong>Transmission:</strong> Automatic, 6-Spd<br /> Backup Camera - Collision Detectors<br /> &nbsp;</p>\r\n<ul id=\"yui_3_16_0_1_1456903941193_9021\" style=\"color: #595a5d; font-family: \'Helvetica\', \'Arial\', sans-serif; font-weight: normal; font-size: 12px; line-height: 12px;\">\r\n<li id=\"yui_3_16_0_1_1456903941193_9020\" style=\"color: #595a5d; font-family: \'Helvetica\', \'Arial\', sans-serif; font-weight: normal; font-size: 12px; line-height: 12px;\">Pinpoint nationwide roadside assistance<br /> &nbsp;</li>\r\n<li style=\"color: #595a5d; font-family: \'Helvetica\', \'Arial\', sans-serif; font-weight: normal; font-size: 12px; line-height: 12px;\">Stolen vehicle location assistance</li>\r\n</ul>\r\n<ul id=\"yui_3_16_0_1_1456903941193_8984\" style=\"color: #595a5d; font-family: \'Helvetica\', \'Arial\', sans-serif; font-weight: normal; font-size: 12px; line-height: 16px;\">\r\n<li id=\"yui_3_16_0_1_1456903941193_8983\" style=\"color: #595a5d; font-family: \'Helvetica\', \'Arial\', sans-serif; font-weight: normal; font-size: 12px; line-height: 16px;\">Auto health predictive diagnostics</li>\r\n</ul>\r\n<p><br /> <strong>Safety:</strong> Every Transit Wagon comes with stability control, frontal airbags, front side-impact airbags and antilock brakes as standard. Rear seats have integral three-point seatbelts, and side curtain airbags cover the entire length of the passenger area. A rearview camera, rear parking sensors and lane-keeping warning are optional.<br /> <br /> <strong>General Safety Rating:</strong><br /> <img src=\"../img/General-Safety-Rating.jpg\" alt=\"General-Safety-Rating\" width=\"233\" height=\"130\" /></p>', 45, 109.98, 109.98, 109.98, 615.93, 24.99, 29.99, 9.99, 4.99, 12.99, 'Ford Transit Wagon XLT 2016-2017', 12, '8', 1, '1467578781_transitVan12Pass.jpg', '0000-00-00', 3, 'Self');

-- --------------------------------------------------------

--
-- Table structure for table `fleet_van_available`
--

CREATE TABLE `fleet_van_available` (
  `id` int(11) NOT NULL,
  `fleet_van_id` int(11) NOT NULL,
  `start_date` date NOT NULL,
  `end_date` date NOT NULL
) ENGINE=MyISAM DEFAULT CHARSET=latin1;

-- --------------------------------------------------------

--
-- Table structure for table `fleet_van_hour_rate`
--

CREATE TABLE `fleet_van_hour_rate` (
  `id` int(11) NOT NULL,
  `day_rate` float NOT NULL,
  `day_rate_sp` int(11) NOT NULL,
  `day_rate_por` int(11) NOT NULL,
  `day_rate_arb` int(11) NOT NULL
) ENGINE=MyISAM DEFAULT CHARSET=latin1;

--
-- Dumping data for table `fleet_van_hour_rate`
--

INSERT INTO `fleet_van_hour_rate` (`id`, `day_rate`, `day_rate_sp`, `day_rate_por`, `day_rate_arb`) VALUES
(1, 35, 35, 35, 35);

-- --------------------------------------------------------

--
-- Table structure for table `fleet_van_images`
--

CREATE TABLE `fleet_van_images` (
  `id` int(11) NOT NULL,
  `van_id` int(11) DEFAULT NULL,
  `image` varchar(150) DEFAULT NULL
) ENGINE=InnoDB DEFAULT CHARSET=latin1;

--
-- Dumping data for table `fleet_van_images`
--

INSERT INTO `fleet_van_images` (`id`, `van_id`, `image`) VALUES
(13, 3, '1462572456_fordE350.jpg'),
(14, 3, '1462572518_Ford-Passenger-VanE350.jpg'),
(15, 3, '1462572548_IMG_8611.JPG'),
(16, 3, '1462572588_IMG_8607.JPG'),
(17, 3, '1462572672_IMG_8592.JPG'),
(19, 4, '1462573483_IntrE350.jpg'),
(21, 4, '1462573767_IMG_8594.JPG'),
(23, 4, '1462573920_15pass.jpg'),
(24, 4, '1462574621_FORD_E350_SUPER_DUTY_WAGON_VAN.jpg'),
(25, 6, '1462575176_IMG_8357.JPG'),
(26, 6, '1462575220_IMG_8358.JPG'),
(27, 6, '1462575243_IMG_8356.JPG'),
(28, 6, '1462575285_IMG_8359.JPG'),
(29, 16, '1462575744_ford-transit-HighRoof-HD350-2015-SideView.JPG'),
(30, 16, '1462575756_transitFront.jpg'),
(33, 8, '1462576483_IMG_8615.JPG'),
(34, 8, '1462576505_IMG_8614.JPG'),
(35, 8, '1462576539_2015-ford-transit-van-interior.jpg'),
(37, 8, '1462576631_IMG_8608.JPG'),
(38, 16, '1462649132_ford-transit-HighRoof-HD350-2015-Seat-arrangement.jpg'),
(39, 16, '1462649246_ford-transit-HighRoof-HD350.jpg'),
(40, 2, '1462898267_2016-gc-vlp-gallery-03.jpg'),
(41, 2, '1462898281_Grand_caravan-md-se-buckets.jpg'),
(42, 2, '1462898297_dodge_grand.jpeg'),
(44, 2, '1462898499_inside-minivan.jpg'),
(57, 1, '1462901304_cargoVan-250.jpg'),
(58, 1, '1462901321_transit.jpg'),
(59, 1, '1462901332_CargoVan250.jpg'),
(60, 16, '1463785199_IMG_9975.JPG'),
(61, 1, '1465794598_high-Roof-Transit-Cargo-Van-2016.jpg'),
(62, 1, '1465794640_High-Roof-Transit-Cargo-Van-XLT-2015.jpg'),
(63, 9, '1465797484_Ford-Transit-high-roof-12-pass-2015.jpg'),
(64, 9, '1465797545_Ford-Transit-high-roof-12-pass-front.jpg'),
(65, 9, '1465798048_Ford-Transit-high-roof-12-pass-back-view.jpg'),
(66, 9, '1465798091_Ford-Transit-high-roof-12-pass-Seat-arrangment.jpg'),
(67, 17, '1467579100_transit12pass.jpg'),
(69, 17, '1467579140_frontDrivertransit.jpg'),
(70, 17, '1467579255_frontTransit.jpg'),
(71, 17, '1467579268_seats.jpg'),
(73, 17, '1467579322_backview12Transit.jpg'),
(74, 2, '1498348680_dodgeMinivan.jpg');

-- --------------------------------------------------------

--
-- Table structure for table `fleet_van_misc`
--

CREATE TABLE `fleet_van_misc` (
  `id` int(11) NOT NULL,
  `gps` float(11,2) NOT NULL,
  `license_recovery` float(11,2) NOT NULL,
  `surcharge` float(11,2) NOT NULL,
  `dropoff_fee` float(11,2) NOT NULL,
  `tax` float(11,2) NOT NULL,
  `wifi` float(11,2) NOT NULL
) ENGINE=MyISAM DEFAULT CHARSET=latin1;

--
-- Dumping data for table `fleet_van_misc`
--

INSERT INTO `fleet_van_misc` (`id`, `gps`, `license_recovery`, `surcharge`, `dropoff_fee`, `tax`, `wifi`) VALUES
(1, 0.00, 0.09, 0.00, 12.40, 6.00, 8.99);

-- --------------------------------------------------------

--
-- Table structure for table `fleet_van_misc_tran`
--

CREATE TABLE `fleet_van_misc_tran` (
  `service_name` varchar(200) NOT NULL,
  `alias_name` varchar(200) NOT NULL,
  `alias_spanish` varchar(200) CHARACTER SET utf8 COLLATE utf8_unicode_ci NOT NULL,
  `alias_portuguese` varchar(200) CHARACTER SET utf8 COLLATE utf8_unicode_ci NOT NULL,
  `alias_arabic` varchar(200) CHARACTER SET utf8 COLLATE utf8_unicode_ci NOT NULL,
  `flat_per` float(11,2) NOT NULL,
  `use_per` int(1) NOT NULL COMMENT '`1 use percentage 0 use flat rate',
  `is_enable` int(1) NOT NULL COMMENT '1 = enable, 0 = disable'
) ENGINE=MyISAM DEFAULT CHARSET=latin1;

--
-- Dumping data for table `fleet_van_misc_tran`
--

INSERT INTO `fleet_van_misc_tran` (`service_name`, `alias_name`, `alias_spanish`, `alias_portuguese`, `alias_arabic`, `flat_per`, `use_per`, `is_enable`) VALUES
('dropoff_fee', 'Drop off', 'Bajar', 'cochilar', 'نعسان', 5.00, 0, 0),
('gps', 'G P S', 'T P S', 'G P S', 'G P S', 1.00, 0, 1),
('license_recovery', 'Recovery', 'Recuperación', 'Recuperação', 'استرجاع', 2.00, 0, 0),
('surcharge', 'Surcharges', 'Surcharges', 'Surcharges', 'رسوم إضافية', 4.50, 0, 0),
('tax', 'Service Fee ', 'Cargo por servicio', 'Taxa de Serviço', 'رسوم الخدمة', 12.58, 1, 1),
('wifi', 'WiFi Internet', 'WiFi Internet', 'WiFi Internet', 'واي فاي الإنترنت', 1.00, 0, 1);

-- --------------------------------------------------------

--
-- Table structure for table `fleet_van_owner_info`
--

CREATE TABLE `fleet_van_owner_info` (
  `id` int(11) NOT NULL,
  `van_id` int(11) DEFAULT NULL,
  `vi_number` varchar(100) DEFAULT NULL,
  `make` varchar(150) DEFAULT NULL,
  `model` varchar(150) DEFAULT NULL,
  `year` varchar(50) DEFAULT NULL,
  `color` varchar(100) DEFAULT NULL,
  `license` varchar(150) DEFAULT NULL,
  `mileage_in` varchar(100) DEFAULT NULL,
  `mileage_out` varchar(100) DEFAULT NULL,
  `expiration_date` varchar(50) DEFAULT NULL
) ENGINE=InnoDB DEFAULT CHARSET=latin1;

--
-- Dumping data for table `fleet_van_owner_info`
--

INSERT INTO `fleet_van_owner_info` (`id`, `van_id`, `vi_number`, `make`, `model`, `year`, `color`, `license`, `mileage_in`, `mileage_out`, `expiration_date`) VALUES
(1, 3, 'DDA01933', 'Ford', 'E350', '2013', 'White', '7GYK229', '93500', '94500', '02/09/2016'),
(2, 4, 'EDA32035', 'Ford', 'E350', '2014', 'White', '7DEB037', '', '', ''),
(3, 3, 'DB828087', 'Ford', 'E350', '2013', 'Maroon', '6DRZ698', '', '', ''),
(4, 4, 'EDA66675', 'Ford', 'E350', '2014', 'White', '61081V1', '', '', ''),
(5, 3, 'DDA01933', 'Ford', 'E350', '2013', 'White', '7GYK229', '', '', ''),
(6, 16, 'FKA94862', 'Ford', 'Transit', '2015', 'Black', '7MGG321', '', '', ''),
(7, 4, 'EDA66675', 'Ford', 'E350', '2014', 'White', '61081V1', '', '', ''),
(8, 16, 'FKA94862', 'Ford', 'Transit', '2015', 'Black', '7MGG321', '', '', ''),
(9, 8, 'FKA97061', 'Ford', 'Transit', '2016', 'White', '7PHJ226', NULL, NULL, NULL),
(10, 1, 'DB28087', 'Ford', 'E350', '2013', 'Maroon', '6DRZ698', NULL, NULL, NULL),
(11, 2, 'GR226912', 'Dodge', 'Caravan', '2016', 'Charcoal', '7SCJ880', NULL, NULL, NULL),
(12, 17, 'FKA16078', 'Ford', 'Transit', '2015', 'White', '7SIM449', NULL, NULL, NULL);

-- --------------------------------------------------------

--
-- Table structure for table `fleet_van_rate`
--

CREATE TABLE `fleet_van_rate` (
  `id` int(11) NOT NULL,
  `fleet_van_id` int(11) NOT NULL,
  `van_type` varchar(100) NOT NULL,
  `per_day` float NOT NULL,
  `per_week` float NOT NULL,
  `cdw` float NOT NULL,
  `sli` float NOT NULL,
  `start_date` date NOT NULL,
  `end_date` date NOT NULL
) ENGINE=MyISAM DEFAULT CHARSET=latin1;

--
-- Dumping data for table `fleet_van_rate`
--

INSERT INTO `fleet_van_rate` (`id`, `fleet_van_id`, `van_type`, `per_day`, `per_week`, `cdw`, `sli`, `start_date`, `end_date`) VALUES
(209, 17, '12 Passenger Transit Van', 94.99, 553.94, 0, 0, '2018-05-01', '2018-05-21'),
(195, 17, '12 Passenger Transit Van', 109.99, 699.93, 0, 0, '2018-06-14', '2018-08-21'),
(206, 16, 'Hightop 15-Pass Transit XLT', 159.99, 999.93, 0, 0, '2018-01-07', '2018-03-31'),
(202, 2, '7-8 Passenger Minivan', 99.99, 595.99, 0, 0, '2018-01-10', '2018-01-15'),
(212, 3, '11 Passenger Van E350', 99.99, 615.99, 0, 0, '2018-06-14', '2018-08-21'),
(210, 8, '15 Passenger Transit Van', 94.99, 553.94, 0, 0, '2018-05-01', '2018-05-21'),
(194, 8, '15 Passenger Transit Van', 109.99, 699.93, 0, 0, '2018-06-14', '2018-08-21'),
(201, 9, 'Hightop 12-Pass Transit HD', 159.99, 999.95, 0, 0, '2018-01-08', '2018-03-31'),
(203, 8, '15 Passenger Transit Van', 89.99, 524.93, 0, 0, '2018-01-22', '2018-01-31'),
(204, 17, '12 Passenger Transit Van', 89.99, 524.93, 0, 0, '2018-01-22', '2018-01-31'),
(213, 4, '15 Passenger Van E350', 99.99, 615.93, 0, 0, '2018-06-14', '2018-08-21'),
(214, 8, '15 Passenger Transit Van', 119.99, 699.99, 0, 0, '2018-02-01', '2018-02-28'),
(215, 17, '12 Passenger Transit Van', 119.99, 699.99, 0, 0, '2018-02-01', '2018-02-28');

-- --------------------------------------------------------

--
-- Table structure for table `footer_cms`
--

CREATE TABLE `footer_cms` (
  `id` int(11) NOT NULL,
  `key` text NOT NULL,
  `content_eng` text NOT NULL,
  `content_spa` text NOT NULL,
  `content_por` text NOT NULL,
  `content_arab` longtext CHARACTER SET utf8 COLLATE utf8_unicode_ci NOT NULL
) ENGINE=MyISAM DEFAULT CHARSET=latin1;

--
-- Dumping data for table `footer_cms`
--

INSERT INTO `footer_cms` (`id`, `key`, `content_eng`, `content_spa`, `content_por`, `content_arab`) VALUES
(1, 'LAX Map Parking Terminals', '<p><strong>Los Angeles Airport (LAX) Terminals</strong><br /> <br /> Los Angeles airport known as LAX was designed in U shape called a \"horseshoe\" and got nine passenger terminals. Terminals 5, 6, 7, and 8 are all attached airside via an underground tunnel between Terminals 5 and 6 and above-ground walkways between Terminals 6, 7, and 8.that allow connecting travelers to access other terminals without having to re-clear through security.<br /><br />LAX is undergoing an amazing renovations, so please plan ahead and leave early. In May 2017 Delta (previously used terminal 5) moved the operation to Terminals 2 and 3, and other airlines such as Avianca, Hainan and Qatar moved to different terminals like Tom Bradley International, Terminal 5 and Terminal 6.&nbsp;<strong>Before you fly make sure to check out terminal assignments and you know what terminal you will be leaving from.</strong></p>\r\n<p><strong>LAX Terminal Map</strong></p>\r\n<center><img class=\"effectfront\" src=\"img/LAX-Terminal-Map.jpg\" alt=\"LAX Terminal Map\" width=\"400px\" height=\"300px\" /></center>\r\n<p>&nbsp;</p>\r\n<p align=\"justify\"><br /> <strong>Terminal 1</strong><br /> AirTran Airways, Southwest Airlines, and US Airways. AirTran Airways moved from Terminal 3 to Terminal 1 to merge operations with Southwest. Since Feb 2014 US Airways agreed to move its operations to Terminal 3, giving back Southwest terminal.<br /> <br /> <strong>Terminal 2</strong><br /> Terminal 2 hosts most foreign airlines not using the TBIT along with a couple of domestic airlines: Delta, Aerom&eacute;xico, Air Canada, Air China, Air France, Avianca, KLM, Air New Zealand, Alitalia, Hawaiian Airlines, Sun Country Airlines, Virgin Atlantic, Volaris, and WestJet. Former tenants of the terminal include Northwest Airlines, Pan American World Airways, and Taca International Airlines.<br /> <br /> <strong>Terminal 3</strong><br /> Terminal 3 is served by Delta and low cost carrier Spirit Airlines.<br /> Allegiant Air, Frontier Airlines, JetBlue, Spirit Airlines, Virgin Australia, and Virgin America use Terminal&nbsp;3.<br /> <br /> <strong>Tom Bradley International Terminal</strong><br /> Tom Bradleywas the first African-American who served 20 years as mayor of Los Angeles, and champion of LAX. The terminal is between Terminals&nbsp;3 and&nbsp;4 located at the west end of the passenger terminal area. Tom Bradley International Terminal hosts 27 airlines and handles around 10 million passengers annually.<br /> Tom Bradley International Terminal at Los Angeles International Airport hosts Aeroflot, Air Berlin, Air Pacific, Air Tahiti Nui, Alaska Airlines, All Nippon Airways, Asiana Airlines, British Airways, Cathay Pacific Airways, China Airlines, China Eastern, China Southern, Copa Airlines, El Al Israel Airlines, Emirates, EVA Air, Iberia Airlines, Japan Airlines, Korean Airlines, LAN (Chile), LAN (Peru), Lufthansa, Malaysia Airline, Mexicana Airlines, Philippine Airlines, Qantas, Singapore Airlines, Swiss International Air Lines, Thai Airways, and Turkish Airlines.<br /> Los Angeles airport (LAX) connects 87 domestic and 69 international destinations in North America, Latin America, Europe, the Middle East, Asia, and Oceania. Its most prominent airlines are United Airlines, American Airlinesand Southwest Airlines. Other airlines with a presence on a lesser scale include Delta Air Lines and Alaska Airlines.<br /> <br /> <strong>Terminal 4</strong><br /> It is home for American Airlines, which operates its West Coast hub at the airport, and for its subsidiary commuter carrier, American Eagle Airlines. American is the only tenant at&nbsp;T4, other than daily Qantas departure to Brisbane.<br /> <br /> <strong>Terminal 5</strong><br />Many&nbsp;airlines are operating in LAX Terminal 5<br /> Northwest Airlines moved all operations to Terminal&nbsp;5 and Terminal&nbsp;6<br /> &nbsp;<br /> <strong>Terminal 6</strong><br /> Both United and Alaska airlines operate lounges in Terminal 6. This terminal also is hosting Copa airlines and great lakes.<br /> &nbsp;<br /> <strong>Terminal 7 &amp; Terminal 8</strong><br /> Terminal&nbsp;7 is the home to United Airlines. The terminal also contains a United Club and International First Class Lounge.<br /> <br /> <strong>Los Angeles Airport (LAX) Parking:</strong><br /> LAX has Parking lot close to each terminal, an Economy Parking lot, and a Cell Phone Waiting Lot. Terminal Parking is primarily for pick up and drop off, although longer term parking is also available. Conveniently located for the terminals, it is a more expensive longer-term option.The Economy Parking Lot is a cheaper option for daily and long term parking.<br /> Nearly 8,000 parking stalls are available in eight parking structures located opposite the roadways from the passenger terminals. Parking is available for extended stays and overnight trips.</p>\r\n<p>&nbsp;</p>\r\n<p align=\"justify\"><strong>LAX Parking Map</strong></p>\r\n<center><img class=\"effectfront\" src=\"img/lax_parking.png\" alt=\"\" width=\"400px\" height=\"300px\" /></center>', '<p align=\"justify\">LAX tiene Estacionamiento Terminal cerca de cada terminal, un estacionamiento de Econom&iacute;a, y un tel&eacute;fono celular espera Lot. Estacionamiento Terminal es principalmente para recoger y dejar fuera, aunque el aparcamiento de m&aacute;s largo plazo tambi&eacute;n est&aacute; disponible. Convenientemente situado para los terminales, es una m&aacute;s cara a largo plazo option.The Economy Parking Lot es una opci&oacute;n m&aacute;s barata para el diario y aparcamiento a largo plazo.</p>\r\n<p align=\"justify\"><strong>Mapa de terminais do LAX </strong></p>\r\n<center><img class=\"effectfront\" src=\"img/lax_terminal.png\" alt=\"\" width=\"400px\" height=\"300px\" /></center>\r\n<p>&nbsp;</p>\r\n<p align=\"justify\">Casi 8.000 puestos de estacionamiento est&aacute;n disponibles en ocho estructuras de aparcamiento situadas frente a las carreteras de las terminales de pasajeros. El aparcamiento est&aacute; disponible para estancias de larga duraci&oacute;n y los viajes de noche.</p>\r\n<p>&nbsp;</p>\r\n<p align=\"justify\"><strong>LAX Aparcamiento Mapa</strong></p>\r\n<center><img class=\"effectfront\" src=\"img/lax_parking.png\" alt=\"\" width=\"400px\" height=\"300px\" /></center>', '<p><strong>Terminais do aeroporto de Los Angeles (LAX)</strong></p>\r\n<p>O aeroporto de Los Angeles conhecida tamb&eacute;m por LAX, foi constru&iacute;do em forme de U designado por \"horseshoe\" (ferradura) e tem nove terminais de passageiros. Os terminais 5, 6, 7, e 8, est&atilde;o todos ligados ao &ldquo;lado ar&rdquo; via um t&uacute;nel subterr&acirc;neo entre os terminais 5 e 6 e passarela acima do solo entre os terminais 6, 7, e 8. Permitindo os viajantes a terem acesso a outros terminais sem ter que passar novamente pela seguran&ccedil;a.</p>\r\n<p>&nbsp;<strong>Mapa de terminais do LAX </strong></p>\r\n<center><img class=\"effectfront\" src=\"img/lax_terminal.png\" alt=\"\" width=\"400px\" height=\"300px\" /></center>\r\n<p><strong>Terminal 1</strong><br />AirTran Airways, Southwest Airlines, e US Airways. A AirTran Airways mudou-se do Terminal 3 para o Terminal 1 para fundir as opera&ccedil;&otilde;es com a Southwest. Desde Fevereiro de 2014, a US Airways concordou em mudar as suas opera&ccedil;&otilde;es para o Terminal 3, devolvendo assim o terminal da Southwest.</p>\r\n<p><strong>Terminal 2</strong><br />O Terminal 2 possui a maioria das companhias a&eacute;reas estrangeiras que n&atilde;o usam o TBIT ao conjunto com outras companhias dom&eacute;sticas: Aerom&eacute;xico, Air Canada, Air China, Air France, Avianca, KLM, Air New Zealand, Alitalia, Hawaiian Airlines, Sun Country Airlines, Virgin Atlantic, Volaris, e a WestJet. Inquilinos anteriores do terminal incluem a Northwest Airlines, Pan American World Airways, e a Taca International Airlines.</p>\r\n<p><strong>Terminal 3</strong><br />O Terminal 3 &eacute; servido pela companhia low cost, Spirit Airlines.<br />Allegiant Air, Frontier Airlines, JetBlue, Spirit Airlines, Virgin Australia, e a Virgin America usam o Terminal 3.</p>\r\n<p><strong>O terminal internacional de Tom Bradley</strong> <br />O Tom Bradley foi o primeiro afro-americano que serviu durante 20 anos como presidente da c&acirc;mara de Los Angeles, e campe&atilde;o do LAX. O terminal est&aacute; localizado entre o terminal 3 e 4 situado no lado oeste da &aacute;rea do terminal de passageiros. O terminal internacional de Tom Bradley, possui 27 companhias a manuseia anualmente &agrave; volta de 10 milh&otilde;es de passageiros.<br />O terminal internacional de Tom Bradley do aeroporto internacional de Los Angeles, possui a Aeroflot, Air Berlin, Air Pacific, Air Tahiti Nui, Alaska Airlines, All Nippon Airways, Asiana Airlines, British Airways, Cathay Pacific Airways, China Airlines, China Eastern, China Southern, Copa Airlines, El Al Israel Airlines, Emirates, EVA Air, Iberia Airlines, Japan Airlines, Korean Airlines, LAN (Chile), LAN (Peru), Lufthansa, Malaysia Airline, Mexicana Airlines, Philippine Airlines, Qantas, Singapore Airlines, Swiss International Air Lines, Thai Airways, e a Turkish Airlines.<br />O aeroporto (LAX) de Los Angeles, conecta 87 destinos dom&eacute;sticos e 69 destinos internacionais na Am&eacute;rica do Norte, Am&eacute;rica Latina, Europa, M&eacute;dio Oriente, &Aacute;sia, e Oceania. As suas companhias mais proeminentes s&atilde;o a United Airlines, American Airlines e a Southwest Airlines. As outras companhias que t&ecirc;m alguma presen&ccedil;a de menor escala incluem a Delta Air Lines e a Alaska Airlines.</p>\r\n<p><strong>Terminal 4</strong><br />&Eacute; onde a American Airlines reside, e opera o seu ponto central da costa oeste, no aeroporto, e para os seus viajantes habituais da portadora subsidi&aacute;ria, American Eagle Airlines. O American, &eacute; o &uacute;nico inquilino no T4, exceto &agrave;s partidas di&aacute;rias da Qantas para Brisbane.</p>\r\n<p><strong>Terminal 5</strong><br />A Delta Airlines, opera no terminal 5 da LAX<br />A Northwest Airlines, mudou todas as suas opera&ccedil;&otilde;es para os Terminais 5 e 6<br /> <br /><strong>Terminal 6</strong><br />Ambas as companhias da United e da Alaska, operam no Terminal 6. Este terminal tamb&eacute;m possui a Copa airlines e a great lakes.<br /> <br /><strong>Terminal 7 &amp; Terminal 8</strong><br />O terminal 7 tem a United Airlines, como residente. O terminal tamb&eacute;m cont&eacute;m a United Club e a International First Class Lounge.</p>\r\n<p><strong>Estacionamento no aeroporto de Los Angeles (LAX):</strong><br />O LAX, tem parques de estacionamentos, pr&oacute;ximos a cada terminal, tem tamb&eacute;m um parque de estacionamento econ&oacute;mico e um parque de estacionamento de espera por telefone. O estacionamento no terminal &eacute; principalmente usado para recolhas e entregas, apesar de haver um parque de estacionamento de maior dura&ccedil;&atilde;o dispon&iacute;vel. Localizado convenientemente junto dos terminais, &eacute; uma op&ccedil;&atilde;o a longo-prazo mais cara. O parque de estacionamento econ&ocirc;mico, &eacute; uma op&ccedil;&atilde;o mais barata para o estacionamento a longo prazo e di&aacute;rio.<br />Est&atilde;o dispon&iacute;veis, aproximadamente 8,000 lugares de estacionamentos em oito estruturas de estacionamento em locais opostos da estrada do terminal de passageiros. O parque estacionamento est&aacute; dispon&iacute;vel para estadias alargadas e voos noturnos.</p>\r\n<p>&nbsp;</p>\r\n<p align=\"justify\"><strong>Mapa do estacionamento do LAX</strong></p>\r\n<center><img class=\"effectfront\" src=\"img/lax_parking.png\" alt=\"\" width=\"400px\" height=\"300px\" /></center>', '<div dir=\"rtl\"><strong>خرائط الطرق ومواقف السيارات</strong><br /> <br /> تم تصميم مطار لوس انجلوس علي شكل حرف U علي شكل حذوة الحصان ويوجد به 9 بوابات للمسافرين ,البوابات رقم 5 و6 و 7 و 8تم اصالهم بشكل علوي بقنوات مع البوابات السفلي وهي 5و 6 حيث يقوم المسافرين بالمشي بين البوابات 6 و 7 و 8 والتي من خلالها يمكن الوصول للبوابات الاخرى دون الحاجة الي العبور من الامن مرة اخرى<br /> <br /> <strong>LAX الطرفية خريطة</strong><br /> <br /> &nbsp;</div>\r\n<center><img class=\"effectfront\" src=\"img/lax_terminal.png\" alt=\"\" width=\"400px\" height=\"300px\" /><br />\r\n<p style=\"text-align: right;\"><br /> &nbsp;</p>\r\n<div dir=\"rtl\" style=\"text-align: right;\"><strong>محطة 1</strong><br /> &nbsp;</div>\r\n<div dir=\"rtl\" style=\"text-align: right;\">الخطوط الجوية ايرتران، شركة طيران جنوب غرب، وشركة الخطوط الجوية الامريكية. انتقلت الخطوط الجوية ايرتران من المبنى رقم 3 إلى مبنى المبنى رقم 1 لدمج العمليات مع شركة طيران الجنوب الغربي. فمنذ فبراير 2014 وافقت شركة الخطوط الجوية الامريكية لنقل عملياتها إلى المبنى 3، واعادة المبنى ل شركة طيارات الجنوب الغربي</div>\r\n<div dir=\"rtl\" style=\"text-align: right;\">&nbsp;</div>\r\n<div dir=\"rtl\" style=\"text-align: right;\"><strong>محطة 2</strong><br /> &nbsp;</div>\r\n<div dir=\"rtl\" style=\"text-align: right;\">المحطة رقم 2 تستضيف معظم شركات الطيران الأجنبية التي لا تستخدم TBIT جنبا إلى جنب مع اثنين من شركات الطيران المحلية وهم شركتي ايرومكسيكو و الخطوط الجوية الكندية و الخطوط الجوية الصينية و الخطوط الجوية الفرنسية أفيانكاوو الخطوط الجوية النيوزيلندية و ايطاليا و وشركات هاوي للطيران وشركة صن البلد للطيران و فيرجين أتلانتيك المستأجرين السابقين للمحطة تشمل نورث ويست إيرلاينزو الخطوط الجوية الأمريكية وتاكا والخطوط الجوية الدولية.</div>\r\n<div dir=\"rtl\" style=\"text-align: right;\">&nbsp;</div>\r\n<div dir=\"rtl\" style=\"text-align: right;\"><strong>محطة 3</strong><br /> &nbsp;</div>\r\n<div dir=\"rtl\" style=\"text-align: right;\">يتم تقديم محطة 3 في نقل من الشركات ذات التكلفة القليلة</div>\r\n<div dir=\"rtl\" style=\"text-align: right;\">مخلص للطيران، الخطوط الجوية الحدودية و وجيت شركات الروح للطيران و فيرجن أستراليا و وأمريكا العذراء جميعهم يستخدم المبنى رقم 3.</div>\r\n<div dir=\"rtl\" style=\"text-align: right;\">&nbsp;</div>\r\n<div dir=\"rtl\" style=\"text-align: right;\"><strong>محطة توم برادلي الدولية</strong><br /> &nbsp;</div>\r\n<div dir=\"rtl\" style=\"text-align: right;\">توم برادلي هو اول امريكي افريقي خدم في المطار لمدة 20 عام فيم نصب رئيس بلدية لوس انجلوس ويعتبر رمزا من رموز مطار لوس انجلوس وتقع المحطة بين المحطات 3 و4 في نهاية الجهة الغربية لمنطقة محطات الركاب , محطة توم برادلي تستضيف 24 شركة طائرات ويمر منها حوالي 10 مليون مسافر سنويا</div>\r\n<div dir=\"rtl\" style=\"text-align: right;\">محطة توم برادلي في مطار لوس انجليس الدولي تستضيف ايروفلوت، خطوط الجوية في برلين ، خطوط الجوية المحيط الهادئ، خطوط الجوية في تاهيتي نوي الاسكا ايرلاينز، الخطوط الجوية نيرون جميع، الخطوط الجوية آسيانا، الخطوط الجوية البريطانية، خطوط الجوية كاثي باسيفيك، الخطوط الجوية الصينية، والصين الشرقية، وجنوب الصين، الخطوط الجوية في كوبا، خطوط الجوية الاماراتية، إيفا للطيران، الخطوط الجوية ايبيريا، الخطوط الجوية اليابانية، الخطوط الجوية الكورية، والشبكة المحلية (شيلي)، والشبكة المحلية (بيرو)، الخطوط الجوية لوفتهانزا، الخطوط الجوية الماليزية، الخطوط الجوية المكسيكية، الخطوط الجوية الفلبينية، كانتاس، الخطوط الجوية السنغافورية، الخطوط الجوية السويسرية الدولية والخطوط الجوية التايلاندية، والخطوط الجوية التركية.</div>\r\n<div dir=\"rtl\" style=\"text-align: right;\">مطار لوس انجليس (LAX) يربط 87 خط جوي و 69 وجهة دولية في أمريكا الشمالية وأمريكا اللاتينية وأوروبا والشرق الأوسط وآسيا وأوقيانوسيا. ومني أبرز شركات الطيران هي شركة يونايتد ايرلاينزو شركة طيران جنوب غرب أمريكا وبعض شركات الطيران الأخرى التي لها وجود على نطاق أضيق تشمل دلتا إيرلاينز والخطوط الجوية الاسكا.</div>\r\n<div dir=\"rtl\" style=\"text-align: right;\">&nbsp;</div>\r\n<div dir=\"rtl\" style=\"text-align: right;\"><strong>المبنى رقم 4</strong><br /> &nbsp;</div>\r\n<div dir=\"rtl\" style=\"text-align: right;\">يعتبر المستقبل الاساسي للخطوط الجوية الامريكية وهو مسؤول عن العمليات في محور الساحل الغربي في المطار وعن شركتها التي تقوم بتقل الركاب مثل شركة النسر الامريكي للطيران فالراكب الامريكي يدخل في المحطة رقم 4</div>\r\n<div dir=\"rtl\" style=\"text-align: right;\">&nbsp;</div>\r\n<div dir=\"rtl\" style=\"text-align: right;\"><strong>محطة 5</strong><br /> &nbsp;</div>\r\n<div dir=\"rtl\" style=\"text-align: right;\">الخطوط الجوية دلتا تعمل في مطار لوس انجليس المحطة رقم 5</div>\r\n<div dir=\"rtl\" style=\"text-align: right;\">نقلت الخطوط الجوية ل الشمال الغربي عملياتها إلى المحطة رقم 5 والمبنى رقم 6</div>\r\n<div dir=\"rtl\" style=\"text-align: right;\">&nbsp;</div>\r\n<div dir=\"rtl\" style=\"text-align: right;\"><strong>محطة 6</strong><br /> &nbsp;</div>\r\n<div dir=\"rtl\" style=\"text-align: right;\">يتم استقبال كل من خطوط الجوية الأمريكية والاسكافي المبنى رقم 6. هذه المحطة أيضا تستضيف كأس الخطوط الجوية والبحيرات العظمى.</div>\r\n<div dir=\"rtl\" style=\"text-align: right;\">&nbsp;</div>\r\n<div dir=\"rtl\" style=\"text-align: right;\"><strong>محطة 7 و 8</strong><br /> &nbsp;</div>\r\n<div dir=\"rtl\" style=\"text-align: right;\">محطة 7 هي موطن للخطوط الجوية الاتحادية و يحتوي على محطة أيضا ناد الاتحاد الدولي و صالة الدرجة الأولى</div>\r\n<div dir=\"rtl\" style=\"text-align: right;\">&nbsp;</div>\r\n<div dir=\"rtl\" style=\"text-align: right;\">يوجد موقف بالقرب من كل محطة خروج ودخول تستخدم لإقالة وانزل المسافرين بالإضافة الي الموقف للأغراض التجارية ويوجد بالموقف وسيلة اتصال هاتف خليوي وعلي الرغم من كون وجود المواقف للسيارات بشكل مريح بجانب المحطات فيعتبر الموقف غالي بجدا بالنسبة للمسافرين علي عكس الموقف الاقتصادي الذي هو خيار افضل بسبب سعره الرخيص .يوجد 8.000 كشك بجانب مواقف السيارات ويقع كل كشك مقايل الطرق في محطات الركاب و وقوف السيارات والذي يستخدم للوقوف خلال فترة الرحلة</div>\r\n<div dir=\"rtl\" style=\"text-align: right;\">تتوفر يقرب من 8،000 الأكشاك وقوف السيارات وقوف السيارات في الهياكل ثمانية يقع قبالة الطرق من محطات الركاب . وقوف السيارات متاح للإقامة الممتدة و الرحلات بين عشية وضحاها .</div>\r\n</center>\r\n<p>&nbsp;</p>\r\n<p align=\"justify\"><strong>LAX قوف خريطة</strong></p>\r\n<center><img class=\"effectfront\" src=\"img/lax_parking.png\" alt=\"\" width=\"400px\" height=\"300px\" /></center>'),
(2, 'Flight Status', '<p align=\"justify\">\r\n	If you <strong>rent a van in Los Angeles</strong> airport Lax and would like to check your <strong>flight status</strong>, you can visit the following links.<br />\r\n	Check Los Angeles International Airport (LAX) Airline&nbsp;flight status,&nbsp;LAX flight arrival times, LAX flight departure times and delay information here at <strong>LAX Van Rentals.</strong><br />\r\n	&nbsp;</p>\r\n<p align=\"justify\">\r\n	<a href=\"http://www.lawa.org/fsw/\" target=\"_blank\">Los Angeles Airport (LAX) Flight Status</a></p>\r\n<p align=\"justify\">\r\n	<strong>You can also check the flight status on this link:&nbsp;&nbsp;<a href=\"http://www.flightstats.com/go/Airport/airportDetails.do?airportCode=LAX\" title=\"LAX Flight Status\">&nbsp;LAX Flight Status</a></strong><br />\r\n	<br />\r\n	<strong>Lax Van Rental</strong> drivers also check the client&rsquo;s flight status to make sure that you will receive the rental van on-time. &nbsp;If you arrive early or your flight has delay, do not worry about your rental time and your schedule time with LAX Van Rentals.</p>\r\n<p align=\"justify\">\r\n	http://www.lawa.org/fsw/default.aspx<br />\r\n	<br />\r\n	<span style=\"font-size: 12pt; font-family: Arial; color: rgb(68, 68, 68); background-position: initial initial; background-repeat: initial initial;\">Airport Code:<br />\r\n	FlightStats code: LAX<br />\r\n	IATA code: LAX<br />\r\n	ICAO code: KLAX<br />\r\n	FAA code: LAX</span><br />\r\n	<br />\r\n	<span style=\"font-size: 12pt; font-family: Arial; color: rgb(68, 68, 68); background-position: initial initial; background-repeat: initial initial;\">Location:<br />\r\n	</span><st1:place><span style=\"font-size: 12pt; font-family: Arial; color: rgb(68, 68, 68); background-position: initial initial; background-repeat: initial initial;\">One World Way<br />\r\n	</span><st1:city><span style=\"font-size: 12pt; font-family: Arial; color: rgb(68, 68, 68); background-position: initial initial; background-repeat: initial initial;\">Los Angeles</span></st1:city><span style=\"font-size: 12pt; font-family: Arial; color: rgb(68, 68, 68); background-position: initial initial; background-repeat: initial initial;\"> </span><st1:state><span style=\"font-size: 12pt; font-family: Arial; color: rgb(68, 68, 68); background-position: initial initial; background-repeat: initial initial;\">CA</span></st1:state><span style=\"font-size: 12pt; font-family: Arial; color: rgb(68, 68, 68); background-position: initial initial; background-repeat: initial initial;\">, </span><st1:country-region><span style=\"font-size: 12pt; font-family: Arial; color: rgb(68, 68, 68); background-position: initial initial; background-repeat: initial initial;\">US</span></st1:country-region></st1:place><span style=\"font-size: 12pt; font-family: Arial; color: rgb(68, 68, 68); background-position: initial initial; background-repeat: initial initial;\"> 90045-5803&nbsp;<br />\r\n	<br />\r\n	Latitude / Longitude:<br />\r\n	33.943398 / -118.40828<br />\r\n	<br />\r\n	Time Zone:<br />\r\n	-<st1:time hour=\"19\" minute=\"0\"><span style=\"font-size: 12pt; background-position: initial initial; background-repeat: initial initial;\">7:00</span></st1:time><span style=\"font-size: 12pt; background-position: initial initial; background-repeat: initial initial;\"> hours from UTC/GMT</span><br />\r\n	<!--[if !supportLineBreakNewLine]--><!--[endif]--></span></p>\r\n', '<p align=\"justify\">\r\n	<u><strong>S&oacute;lo tienes que comprobar el estado de su vuelo al hacer clic en el siguiente enlace:</strong></u><br />\r\n	<a href=\"http://www.lawa.org/fsw/\" target=\"_blank\"><br />\r\n	Estado del Vuelo</a></p>\r\n<p align=\"justify\">\r\n	&nbsp;</p>\r\n<br />\r\n<p align=\"justify\">\r\n	&nbsp;</p>\r\n', '', '<p dir=\"rtl\" style=\"margin-bottom: 0.35cm\">\r\n	<span style=\"font-size: small; font-family: Arial;\">اذا استئجرت فان من مطار لوس انجلوس الدولي وتريد ان تقوم بمعرفة موعد الرحلات الجوية يمكنك زيارة الموقع الالكتروني</span></p>\r\n<p dir=\"rtl\" style=\"margin-bottom: 0.35cm\">\r\n	<font face=\"Calibri\"><span lang=\"ar-SA\"><font face=\"Arial\"><font size=\"2\">قم بفحص موعد الرحلات الجوية في مطار لوس انجلوس الدولي وموعد وصولها ومغادرتها اليومي كل ذلك في هذا الموقع </font></font></span></font></p>\r\n<p dir=\"rtl\" style=\"margin-bottom: 0.35cm\">\r\n	<font face=\"Calibri\"><span lang=\"ar-SA\"><font face=\"Arial\"><font size=\"2\">موعد رحلات مطار لوس انجلوس الدولي </font></font></span></font></p>\r\n<p dir=\"rtl\" style=\"margin-bottom: 0.35cm\">\r\n	<font face=\"Calibri\"><span lang=\"ar-SA\"><font face=\"Arial\"><font size=\"2\">يمكن معرفة موعد الخطوط الجوية في المطار من خلال الرابط التالي </font></font></span></font><font size=\"2\">: </font></p>\r\n<p dir=\"rtl\" style=\"margin-bottom: 0.35cm\">\r\n	<font face=\"Calibri\"><span lang=\"ar-SA\"><font face=\"Arial\"><font size=\"2\">ان قمت باستئجار الفان يقوم السائق المختص بالفان بمتابعه موعد رحلاتك حتي يتأكد من وصول الفان المستأجرة بالوقت المناسب وان وصلت الي المطار مبكرة لا تقلق علي وقت تأجيرك او جدول اعمالك </font></font></span></font></p>\r\n<p dir=\"rtl\" style=\"margin-bottom: 0.35cm\">\r\n	<a href=\"http://www.lawa.org/fsw/default.aspx\"><font size=\"2\">http://www.lawa.org/fsw/default.aspx</font></a></p>\r\n<p dir=\"rtl\" style=\"margin-bottom: 0.35cm\">\r\n	<font face=\"Calibri\"><span lang=\"ar-SA\"><font face=\"Arial\"><font size=\"2\">رمز المطار</font></font></span></font><font size=\"2\">:</font></p>\r\n<p dir=\"rtl\" style=\"margin-bottom: 0.35cm\">\r\n	<font face=\"Calibri\"><span lang=\"ar-SA\"><font face=\"Arial\"><font size=\"2\">رمز </font></font></span></font><font size=\"2\">Flight Stats: LAX</font></p>\r\n<p dir=\"rtl\" style=\"margin-bottom: 0.35cm\">\r\n	<font face=\"Calibri\"><span lang=\"ar-SA\"><font face=\"Arial\"><font size=\"2\">رمز </font></font></span></font><font size=\"2\">IATA: LAX</font></p>\r\n<p dir=\"rtl\" style=\"margin-bottom: 0.35cm\">\r\n	<font face=\"Calibri\"><span lang=\"ar-SA\"><font face=\"Arial\"><font size=\"2\">رمز منظمة الطيران المدني الدولي</font></font></span></font><font size=\"2\">: KLAX</font></p>\r\n<p dir=\"rtl\" style=\"margin-bottom: 0.35cm\">\r\n	<font face=\"Calibri\"><span lang=\"ar-SA\"><font face=\"Arial\"><font size=\"2\">رمز ادارة الطيران الفيدرالية</font></font></span></font><font size=\"2\">: LAX</font></p>\r\n<p dir=\"rtl\" style=\"margin-bottom: 0.35cm\">\r\n	<br />\r\n	&nbsp;</p>\r\n<p dir=\"rtl\" style=\"margin-bottom: 0.35cm\">\r\n	<font face=\"Calibri\"><span lang=\"ar-SA\"><font face=\"Arial\"><font size=\"2\">المكان</font></font></span></font><font size=\"2\">:</font></p>\r\n<p dir=\"rtl\" style=\"margin-bottom: 0.35cm\">\r\n	<font face=\"Calibri\"><span lang=\"ar-SA\"><font face=\"Arial\"><font size=\"2\">الخط الدولي الموحد</font></font></span></font></p>\r\n<p dir=\"rtl\" style=\"margin-bottom: 0.35cm\">\r\n	<font face=\"Calibri\"><span lang=\"ar-SA\"><font face=\"Arial\"><font size=\"2\">لوس أنجلوس، </font></font></span></font><font size=\"2\">CA</font><font face=\"Calibri\"><span lang=\"ar-SA\"><font face=\"Arial\"><font size=\"2\">، الولايات المتحدة </font></font></span></font><font size=\"2\">90045-5803</font></p>\r\n<p dir=\"rtl\" style=\"margin-bottom: 0.35cm\">\r\n	<font face=\"Calibri\"><span lang=\"ar-SA\"><font face=\"Arial\"><font size=\"2\">خط العرض </font></font></span></font><font size=\"2\">/ </font><font face=\"Calibri\"><span lang=\"ar-SA\"><font face=\"Arial\"><font size=\"2\">خط الطول</font></font></span></font><font size=\"2\">:</font></p>\r\n<p dir=\"rtl\" style=\"margin-bottom: 0.35cm\">\r\n	<font size=\"2\">33.943398 / -118</font><font face=\"Calibri\"><span lang=\"ar-SA\"><font face=\"Arial\"><font size=\"2\">،</font></font></span></font><font size=\"2\">40828</font></p>\r\n<p dir=\"rtl\" style=\"margin-bottom: 0.35cm\">\r\n	<font face=\"Calibri\"><span lang=\"ar-SA\"><font face=\"Arial\"><font size=\"2\">المنطقة الزمنية</font></font></span></font><font size=\"2\">:</font></p>\r\n<p dir=\"rtl\" style=\"margin-bottom: 0.35cm\">\r\n	<font size=\"2\">-7:00 </font><font face=\"Calibri\"><span lang=\"ar-SA\"><font face=\"Arial\"><font size=\"2\">ساعة من </font></font></span></font><font size=\"2\">UTC / GMT</font></p>\r\n'),
(3, 'Los Angeles Van Rental With Driver', '<h3 style=\"text-align: left; color: #000000;\">&nbsp;Hire passenger Van with driver:</h3>\r\n<p>&nbsp;You and your family deserve an expert and professional chauffeur to assist transport you safely, on time, confidentially and in good style with brand new passenger vans.</p>\r\n<p>US van rentals is now partnering with some other transportation companies to provide&nbsp;<a title=\"passenger vans with driver in Los Angeles airport LAX\" href=\"../\" target=\"_blank\">passenger vans with driver in Los Angeles airport LAX</a> and other cities such as Las Vegas, San Diego, San Francisco and other cities &amp; States.</p>\r\n<p>Our luxury fleets of<strong> chauffeur driven vans</strong> are available for your vacation trip, outdoor event, sightseeing, urban tours, and for business meetings. We pride ourselves on being secure, on-time and reliable, delivering a fantastic service for qualified executive passenger van hire in Los Angeles using the latest Ford models that are less than 2 years old with low mileage. Our drivers are well trained, reliable and expert. They are always flexible and helpful to make sure that your trip with us is an enjoyable and comfortable experience. Our professional van chauffeurs are fully trained and very experienced. They are&nbsp;constantly aware that safeguarding the passenger life and the lives of fellow travelers is a huge responsibility so you can relax and enjoy your trip and vacation.&nbsp;&nbsp;<br /> <br /> We know the customers&rsquo; value and require an outstanding service. In<a title=\"LAX van rental with driver\" href=\"../\"><strong> lax van rentals</strong></a>, this is an approach exercised by all the drivers for our chauffeur driven passenger vans in the City of Los Angeles &amp; Las Vegas and so all our drivers and chauffeurs have undergone precise training. If you would rather not do the driving when you are in LA, use lax van rentals for hiring a personal driver or chauffeured passenger van service in Los Angeles , CA.</p>\r\n<h3>Rent a van with Chauffeur in Los Angeles airport LAX:</h3>\r\n<p><strong>Lax van rentals Los Angeles</strong> provides quality Chauffeur driven hire mini vans and bran new passenger vans such as 2015 Ford Transit Wagon XLT and cargo vans. Our chauffeured vans merge an excellence chauffeur service with a luxury passenger van to fit each occasion. Based in Los Angeles airport known as lax, our chauffeurs will assist you to take the stress out of navigating LA\'s busy streets, and help ensure that you reach your destination on time and in luxury style with our first class services.</p>\r\n<p>&nbsp;</p>\r\n<p style=\"text-align: center;\"><img src=\"../images/LA-View-Griffith-Observatory.JPG\" alt=\"Los Angeles View from Griffith Observatory\" width=\"722\" height=\"427\" /></p>\r\n<p>If you are planning a group or family vacation trip to Los Angeles through LAX Airport and you need a professional driver to show you Los Angeles attractions, then your great journey starts with a full size <a title=\"cheap 15 seat passenger van Los Angels with driver\" href=\"https://www.lax-van-rentals.com/15-Passenger-Van-Rentals-Los-Angeles.php\"><strong>cheap 15 seat passenger van with driver</strong></a> or <a title=\"12 seat passenger van rentals Los Angeles Cheap with driver\" href=\"https://www.lax-van-rentals.com/12-Passenger-Van-Rentals-Los-Angeles.php\"><strong>cheap 12 seat passenger van rentals with driver</strong></a>! You can rent a<strong> full size cheap passenger vans ,</strong> minivan or even cargo van with driver at <a title=\"discount lax van rentals cheap\" href=\"https://www.lax-van-rentals.com/index.php\">lax van rentals </a>to fit your&nbsp;group rental&nbsp;needs in Los Angeles CA or LAX airport at cheaper rates. Just give us a call at toll-free # 888-840-1198 or make your reservation through our website and we will be more than happy to provide you a quality van rental services.</p>\r\n<p><span style=\"color: #3d3d3d; font-family: arial;\">&nbsp;</span></p>', '<h2>Alquiler monovolumen con conductor:</h2>\r\n<p>Usted y su familia se merecen un experto y chofer profesional para ayudar a transportar con seguridad, a tiempo, confidencialmente y de buen estilo con las nuevas furgonetas de pasajeros. <br /> US van rentals es ahora la asociaci&oacute;n con algunas otras empresas<a title=\" de transporte de pasajeros furgonetas con conductor en el aeropuerto de Los &Aacute;ngeles LAX\" href=\"../spanish\"> de transporte de pasajeros camioneta con conductor en el aeropuerto de Los &Aacute;ngeles LAX</a> y otras ciudades como Las Vegas, San Diego, San Francisco y otras ciudades y estados. <br /> Nuestra flota de&nbsp;camioneta con chofer est&aacute;n disponibles para su viaje de vacaciones, evento al aire libre, excursiones, paseos urbanos, y para reuniones de negocios. Nos sentimos orgullosos de ser segura, en el momento oportuno y confiable, que ofrece un fant&aacute;stico servicio ejecutivo calificado para alquilar furgoneta de pasajeros en Los &Aacute;ngeles con el &uacute;ltimo Ford modelos que est&aacute;n a menos de 2 a&ntilde;os de edad con bajo kilometraje. Nuestros pilotos est&aacute;n muy bien entrenados, confiable y experto. Son siempre flexible y &uacute;til para asegurarse de que su viaje con nosotros es una experiencia agradable y c&oacute;moda.</p>\r\n<p>Sabemos que el valor de los clientes y requieren un servicio excepcional. En <strong>lax van rentals</strong>, este es un criterio ejercido por todos<strong> los controladores de nuestro chofer furgonetas</strong> de pasajeros en la Ciudad de Los Angeles y Las Vegas, y por lo tanto todos nuestros conductores y choferes han sufrido formaci&oacute;n precisa. Si usted prefiere no hacer la conducci&oacute;n cuando se est&aacute; en LA, uso laxo van rentals para contratar a un conductor personal o servicio con ch&oacute;fer furgoneta de pasajeros en Los &Aacute;ngeles, CA.</p>\r\n<h2>Alquilar una furgoneta con chofer en el aeropuerto de Los &Aacute;ngeles LAX:</h2>\r\n<p><strong>Lax van rentals Los &Aacute;ngeles</strong> ofrece calidad con<strong> chofer alquiler</strong> furgonetas y monovol&uacute;menes flamante como vag&oacute;n 2015 Ford Transit XLT y camionetas de carga. Nuestras camionetas con ch&oacute;fer combinar una excelencia servicio de chofer con un lujo pasajero van a colocar en cada ocasi&oacute;n. Basado en el aeropuerto de Los &Aacute;ngeles conocido como lax, nuestros ch&oacute;feres le ayudar&aacute; a eliminar el estr&eacute;s de la navegaci&oacute;n de la calles concurridas, y ayudar&aacute; a asegurar que usted llegue a su destino a tiempo y en estilo lujo con nuestros servicios de primera clase.</p>\r\n<p style=\"text-align: center;\"><img src=\"../images/LA-View-Griffith-Observatory.JPG\" alt=\"Los Angeles View from Griffith Observatory\" width=\"722\" height=\"427\" /></p>\r\n<p><br /> Los Angeles Ver Observatorio de Griffith Si usted est&aacute; planeando un grupo o sus vacaciones en familia viaje a Los Angeles LAX Airport a trav&eacute;s y se necesita un <a title=\"conductor profesional que le muestre las atracciones de Los Angeles\" href=\"../spanish\">conductor profesional que le muestre las atracciones de Los Angeles</a>, el gran viaje empieza con un tama&ntilde;o completo del pasajero del asiento&nbsp;<a title=\"15 barato van con conductor o pasajero en\" href=\"../spanish/\">15 barato van con conductor o pasajero en</a> el asiento <a title=\"12 barato van alquiler con conductor\" href=\"../spanish/\">12 barato van alquiler con conductor</a>. Usted puede alquilar un tama&ntilde;o completo barato furgonetas de pasajeros, minivan o camioneta de carga incluso con conductor en el lax van rentals a montar su grupo necesidades de alquiler en Los Angeles, CA o aeropuerto de LAX a precios m&aacute;s bajos. S&oacute;lo ll&aacute;menos al n&uacute;mero gratuito <strong>888-840-1198</strong> o hacer su reserva a trav&eacute;s de nuestra p&aacute;gina web y estaremos m&aacute;s que encantados de proporcionarle una esplendida cuidad van servicios de alquiler.</p>', '<h2>Aluguer de passageiros Van com motorista:</h2>\r\n<p>Voc&ecirc; e sua fam&iacute;lia merecem um perito e motorista profissional para auxiliar o transporte com seguran&ccedil;a, no tempo, de forma confidencial e em bom estilo com novas vans de passageiros.<br />Aluguel de US van est&aacute; agora em parceria com outras empresas de transporte de passageiros para fornecer vans com motorista em Los Angeles aeroporto LAX e outras cidades como Las Vegas, San Diego, San Francisco e outras cidades e Estados.<br /><br />Nossas frotas de luxo com motorista de vans est&atilde;o dispon&iacute;veis para sua viagem de f&eacute;rias, evento ao ar livre, passeios, excurs&otilde;es urbanas, e para reuni&otilde;es de neg&oacute;cios. N&oacute;s nos orgulhamos de ser seguro, dentro do prazo e confi&aacute;vel, oferecendo um servi&ccedil;o fant&aacute;stico para qualificado executivo aluguer de van de passageiros em Los Angeles usando as mais recentes modelos da Ford que s&atilde;o menos de 2 anos de idade com baixa quilometragem. Nossos motoristas s&atilde;o bem treinados, de confian&ccedil;a e especialista. Eles est&atilde;o sempre flex&iacute;vel e &uacute;til para se certificar de que a sua viagem com a gente &eacute; uma experi&ecirc;ncia agrad&aacute;vel e confort&aacute;vel.<br /><br />Sabemos que o valor dos clientes e exigem um servi&ccedil;o excepcional. No aluguel de van relaxado, esta &eacute; uma abordagem exercido por todos os drivers para os nossos com motorista vans de passageiros na cidade de Los Angeles e Las Vegas e forma&ccedil;&atilde;o precisa, para todos os nossos motoristas e motoristas foram submetidos. Se voc&ecirc; preferir n&atilde;o fazer a condu&ccedil;&atilde;o quando voc&ecirc; est&aacute; em LA, use aluguel de van relaxado para a contrata&ccedil;&atilde;o de um motorista pessoal ou com motorista servi&ccedil;o de van de passageiros em Los Angeles, CA.</p>\r\n<h2>Alugar uma van com motorista em Los Angeles aeroporto LAX :</h2>\r\n<p><strong>Van Lax Aluguer Los Angeles</strong> fornece com motorista aluguer de mini-vans qualidade e farelo de vans de passageiros, tais como 2015 Ford Transit Wagon XLT e de carga vans. Nossas vans com motorista mesclar um servi&ccedil;o de motorista excel&ecirc;ncia com uma van de passageiros de luxo para se adequar a cada ocasi&atilde;o. Baseado no aeroporto de Los Angeles conhecida como negligente, os nossos motoristas vai ajud&aacute;-lo a tirar o stress de navegar ruas movimentadas de Los Angeles, e ajudar a garantir que voc&ecirc; chegar ao seu destino a tempo e em estilo de luxo com os nossos servi&ccedil;os de primeira classe.</p>\r\n<p style=\"text-align: center;\"><img src=\"../images/LA-View-Griffith-Observatory.JPG\" alt=\"Los Angeles View from Griffith Observatory\" width=\"722\" height=\"427\" /></p>\r\n<p><br />Se voc&ecirc; est&aacute; planejando um grupo ou fam&iacute;lia viagem de f&eacute;rias para Los Angeles atrav&eacute;s do aeroporto LAX e voc&ecirc; precisa de um motorista profissional para mostrar-lhe que fazer em Los Angeles, ent&atilde;o a sua grande jornada come&ccedil;a com um tamanho grande barato 15 assento van de passageiros com condutor ou barato 12 assento de passageiro Aluguer van com motorista! Voc&ecirc; pode alugar um tamanho completo vans de passageiros baratos, minivan ou mesmo van de carga com motorista no aluguel de van frouxas para atender &agrave;s suas necessidades de aluguer de grupo em Los Angeles CA ou aeroporto LAX em tarifas mais baratas. Basta dar-nos uma chamada no toll-free # 888-840-1198 ou efectuar a sua reserva atrav&eacute;s do nosso site e vamos ser mais do que feliz em lhe fornecer uma camionete qualidade servi&ccedil;os de aluguer.</p>', '');
INSERT INTO `footer_cms` (`id`, `key`, `content_eng`, `content_spa`, `content_por`, `content_arab`) VALUES
(4, 'Passenger Van Safety Tips', '<p align=\"justify\">Full size passenger vans are vehicles that built for 10 or more passengers including the driver. Passenger vans are usually longer and wider than a regular car. Therefore it requires extra space and additional reliance on the mirrors for changing lanes.</p>\r\n<p align=\"justify\"><strong>Perform pre-trip inspections and notify LAX Van Rentals of any vehicle defects.</strong></p>\r\n<p align=\"justify\">Passenger vans have a higher rate of rollover under certain conditions. So drivers and passengers need to pay more attention to tire maintenance and road conditions. In addition, driver expertise is necessary to safely operating passenger vans. Drivers must be well rested. Both drivers and passengers must follow some simple safety tips.</p>\r\n<ul>\r\n<li>\r\n<p align=\"justify\">Maintain a cushion of safety around the vehicle. Passenger van needs additional braking time.</p>\r\n</li>\r\n<li>\r\n<p align=\"justify\">Drive at a safe speed based on driving conditions. Driver should never exceed the posted speed limit.Slow down and drive cautiously, especially on rural roads. Shoulders, ditches and embankments, as well as on and off ramps, create the potential for vehicle roll over. <em>Do not exceed 60 mph at any time.</em></p>\r\n</li>\r\n<li>\r\n<p align=\"justify\">Never allow extra people to ride in a passenger van. When the van is not full, passengers should sit in seats that are in front of the rear axle.</p>\r\n</li>\r\n<li>\r\n<p align=\"justify\"><em>All passengers and driver need to wear seat belts at all times.</em></p>\r\n</li>\r\n<li>\r\n<p align=\"justify\">Do not tow anything behind the passenger van. See the vehicle owner&rsquo;s manual for maximum weight of passengers and avoid overloading the van.</p>\r\n</li>\r\n<li>\r\n<p align=\"justify\">Inspect the tires and check tire pressure before each use. A van&rsquo;s tires need to be properly inflated and the tread should not be worn down. Excessively worn or improperly inflated tires can lead to a loss of vehicle control and possibly a rollover. Front and back tires may require different inflation pressures and these pressures may be higher than regular car tires. Car tire pressures are typically 28-32 lbs. and the same for all 4 tires. However, van tires are very different with typically up to 50 lbs. The manufacturer&rsquo;s recommended pressure is usually provided on the driver&rsquo;s doorsill or in the owner&rsquo;s manual.</p>\r\n</li>\r\n<li>\r\n<p align=\"justify\">Cell phones are for emergencies only, and are to be used only when the van is safely parked. No food, drinks or smoking allowed for drivers. Drive time should be limited to eight hours per 24-hour period.</p>\r\n</li>\r\n<li style=\"text-align: center;\">\r\n<p align=\"justify\">Obey all traffic laws. For more information you can check <a title=\"California road rules &amp; regulations handbook\" href=\"http://www.dmv.org/ca-california/driver-handbook.php\"><em>California road rules &amp; regulations handbook. </em></a></p>\r\n<p align=\"center\"><em><a title=\"15 passenger van safety tips guidline\" href=\"../15-passenger-van-safety-tips-guidline.php\" target=\"_blank\">15 passenger van safety tips guidline</a></em></p>\r\n<p align=\"justify\">&nbsp;</p>\r\n<iframe src=\"//www.youtube.com/embed/dBPKt4Pctsg\" width=\"420\" height=\"315\" frameborder=\"0\" allowfullscreen=\"allowfullscreen\"></iframe></li>\r\n</ul>\r\n<p>&nbsp;</p>\r\n<center>\r\n<table border=\"0\" cellspacing=\"0\" cellpadding=\"0\">\r\n<tbody>\r\n<tr>\r\n<td><strong>D&nbsp;&nbsp;&nbsp;&nbsp;&nbsp;&nbsp;&nbsp; </strong></td>\r\n<td>Driver should be well trained and experienced.</td>\r\n</tr>\r\n<tr>\r\n<td><strong>R</strong></td>\r\n<td>Rest well. Fatigue can affect driving and response time.</td>\r\n</tr>\r\n<tr>\r\n<td><strong>I</strong></td>\r\n<td>Inspect the vehicle before every trip, especially the tires.</td>\r\n</tr>\r\n<tr>\r\n<td><strong>V</strong></td>\r\n<td>Vehicle weight should never exceed the Gross Vehicle Weight Rating.</td>\r\n</tr>\r\n<tr>\r\n<td><strong>E</strong></td>\r\n<td>Ensure all passengers are buckled up and side mirrors adjusted.</td>\r\n</tr>\r\n<tr>\r\n<td><strong>R</strong></td>\r\n<td>Replace old tires. Check the vehicle owner&rsquo;s manual for correct size.</td>\r\n</tr>\r\n<tr>\r\n<td><strong>S</strong></td>\r\n<td>Safety is First.</td>\r\n</tr>\r\n</tbody>\r\n</table>\r\n</center>\r\n<p>&nbsp;</p>\r\n<p align=\"justify\">For more information about <a title=\"Passenger Safety Tips\" href=\"15passvanSafetyTips.pdf\" target=\"_blank\">Passenger Safety Tips Click Here</a></p>\r\n<p align=\"justify\">For more information you can check below links and visit <a href=\"http://www.Safercar.gov\">www.Safercar.gov</a> or you may call NHTSA&rsquo;s toll-free Vehicle Safety Hotline at 1-888-327-4236 (TTY: 1-800-424-9153)</p>\r\n<p><a title=\"Distracted Driving: Preventable and Deadly\" href=\"http://lambergoodnow.com/stopdistracteddrivers/\" target=\"_blank\">Distracted Driving: Preventable and Deadly</a></p>\r\n<p><a title=\"Hands-free Devices Distract Drivers for 27 Seconds After Use\" href=\"https://www.washingtonpost.com/local/trafficandcommuting/study-hands-free-devices-distract-drivers-for-27seconds-after-use/2015/10/21/8fc67032-781b-11e5-a958-d889faf561dc_story.html\" target=\"_blank\">Hands-free Devices Distract Drivers for 27 Seconds After Use</a></p>\r\n<p><a title=\"Distracted Drivers Feel Addicted to Technology Behind the Wheel\" href=\"http://www.cbsnews.com/news/distracted-drivers-feel-addicted-behind-wheel-cellphone-use-att-survey-finds/\" target=\"_blank\">Distracted Drivers Feel Addicted to Technology Behind the Wheel</a></p>\r\n<p><a title=\"Distracted Driving Awareness Month\" href=\"http://www.nsc.org/learn/NSC-Initiatives/Pages/distracted-driving-awareness-month.aspx\" target=\"_blank\">Distracted Driving Awareness Month</a></p>\r\n<p><a title=\"Distracted Driving Awareness Month\" href=\"https://www.fcc.gov/general/distracted-driving-information-clearinghouse\" target=\"_blank\">Distracted Driving Prevention Activism &ndash; &nbsp;Information Clearinghouse</a></p>\r\n<p><a title=\"Road Rules for Little Passengers\" href=\"http://kidshealth.org/parent/firstaid_safe/outdoor/passenger_safety.html\" target=\"_blank\">Road Rules for Little Passengers</a></p>\r\n<p><a title=\"Safe Driving with Children in the Car\" href=\"http://www.consumerreports.org/cro/news/2009/06/safe-driving-with-children/index.htm\" target=\"_blank\">Safe Driving with Children in the Car</a></p>\r\n<p><a title=\"How to Keep Your Dog Safe in the Car\" href=\"https://www.rover.com/blog/dog-car-seat-belts/\" target=\"_blank\">How to Keep Your Dog Safe in the Car</a></p>\r\n<hr />\r\n<p align=\"justify\">&nbsp;</p>\r\n<h1>Passenger Van Theft Prevention:</h1>\r\n<p>&nbsp;</p>\r\n<p align=\"justify\"><strong>A MOTOR VEHICLE IS STOLEN EVERY 33 SECONDS IN THE UNITED STATES.</strong><br /> California dominates for years the list of the states with the most stolen vehicles.</p>\r\n<p align=\"justify\"><strong>When parking or exiting the passenger van follow these simple tips:</strong></p>\r\n<ul>\r\n<li>Take your key; don\'t leave it in or on your vehicle.</li>\r\n<li>Close and lock all windows and doors when you park.</li>\r\n<li>Park in well-lit areas - in a garage, if possible.</li>\r\n<li>Never leave valuables in your vehicle, and especially in sight.</li>\r\n</ul>\r\n<p align=\"justify\">Here are some more useful websites:</p>\r\n<ul>\r\n<li><a title=\"NHTSA.GOV website\" href=\"http://www.nhtsa.gov\">NHTSA.GOV</a></li>\r\n<li><a title=\"911.gov website\" href=\"http://www.911.gov\">911.GOV</a></li>\r\n<li><a title=\"Distraction.gov website\" href=\"http://www.Distraction.gov\">DISTRACTION.gov</a></li>\r\n<li><a title=\"Traffic Safety Marketing website\" href=\"http://www.trafficsafetymarketing.gov\">TRAFFICSAFETYMARKETING.GOV</a></li>\r\n<li><a title=\"Emergency Medical Services (EMS) website\" href=\"http://www.ems.gov\">EMS.GOV</a></li>\r\n</ul>', '<p align=\"justify\">Por lo tanto, requiere un espacio extra y la confianza adicional en los espejos para cambiar de carril.</p>\r\n<p align=\"justify\"><strong>Realizar inspecciones previas al viaje y notificar LAX Van Rentals de cualquier defecto de veh&iacute;culos.</strong></p>\r\n<p align=\"justify\">Furgonetas de pasajeros tienen una mayor tasa de renovaci&oacute;n, en determinadas condiciones. As&iacute; que los conductores y pasajeros deben prestar m&aacute;s atenci&oacute;n al mantenimiento de los neum&aacute;ticos y las condiciones del camino. Adem&aacute;s, la experiencia piloto es necesario operar con seguridad furgonetas de pasajeros. Los conductores deben estar bien descansados. Tanto los conductores como los pasajeros deben seguir algunos consejos simples de seguridad.</p>\r\n<ul>\r\n<li>\r\n<p align=\"justify\">Mantener un coj&iacute;n de seguridad alrededor del veh&iacute;culo. Van de pasajeros necesita tiempo adicional de frenado.</p>\r\n</li>\r\n<li>\r\n<p align=\"justify\">Conduzca a una velocidad de seguridad en base a las condiciones de conducci&oacute;n. Conductor nunca debe exceder el limit.Slow velocidad fijado la velocidad y conduzca con precauci&oacute;n, sobre todo en los caminos rurales. Hombros, zanjas y terraplenes, as&iacute; como dentro y fuera de las rampas, crean la posibilidad de que el veh&iacute;culo vuelque. <em>No exceda 60 mph en cualquier momento.</em></p>\r\n</li>\r\n<li>\r\n<p align=\"justify\">Nunca permita que personas adicionales viajen en una camioneta de pasajeros. Cuando la camioneta no est&aacute; lleno, los pasajeros deben sentarse en los asientos que se encuentran en frente del eje trasero.</p>\r\n</li>\r\n<li>\r\n<p align=\"justify\"><em>Todos los pasajeros y el conductor deben usar cinturones de seguridad en todo momento.</em></p>\r\n</li>\r\n<li>\r\n<p align=\"justify\">No remolque nada detr&aacute;s de la camioneta de pasajeros. Consulte el manual del propietario del veh&iacute;culo para el peso m&aacute;ximo de los pasajeros y evitar la sobrecarga de la furgoneta.</p>\r\n</li>\r\n<li>\r\n<p align=\"justify\">Inspeccionar los neum&aacute;ticos y comprobar la presi&oacute;n de los neum&aacute;ticos antes de cada uso. Neum&aacute;ticos de una camioneta necesitan ser inflados correctamente y la banda de rodadura no debe ser gastado. Neum&aacute;ticos excesivamente gastados o mal inflados pueden conducir a una p&eacute;rdida de control del veh&iacute;culo y, posiblemente, una volcadura. Llantas delanteras y traseras pueden requerir diferentes presiones de inflaci&oacute;n y las presiones pueden ser m&aacute;s altos que los neum&aacute;ticos para autom&oacute;viles regulares. Presi&oacute;n de los neum&aacute;ticos de coches suelen ser 28-32 libras. y la misma para todos los neum&aacute;ticos 4. Sin embargo, los neum&aacute;ticos van son muy diferentes a lo general de hasta 50 libras. La presi&oacute;n recomendada por el fabricante por lo general se proporciona en el umbral de la puerta del conductor o en el manual del propietario.</p>\r\n</li>\r\n<li>\r\n<p align=\"justify\">Los tel&eacute;fonos celulares son s&oacute;lo para casos de emergencia, y se deben utilizar s&oacute;lo cuando la camioneta est&aacute; estacionada de forma segura. Sin alimentos, bebidas o fumar permitido para los conductores. Tiempo Drive deber&iacute;a limitarse a ocho horas por per&iacute;odo de 24 horas.</p>\r\n</li>\r\n<li>\r\n<p align=\"justify\">Obedezca todas las leyes de tr&aacute;nsito. Para m&aacute;s informaci&oacute;n puede consultar <a title=\"California reglas y normas de circulaci&Atilde;&sup3;n manual\" href=\"http://www.dmv.org/ca-california/driver-handbook.php\" target=\"_blank\"><em>las normas de circulaci&oacute;n de California y los reglamentos manual.</em></a></p>\r\n<iframe style=\"display: block; margin-left: auto; margin-right: auto;\" src=\"//www.youtube.com/embed/dBPKt4Pctsg\" width=\"420\" height=\"315\" frameborder=\"0\" allowfullscreen=\"allowfullscreen\"></iframe></li>\r\n</ul>\r\n<p>&nbsp;</p>\r\n<center>\r\n<table border=\"0\" cellspacing=\"0\" cellpadding=\"0\">\r\n<tbody>\r\n<tr>\r\n<td><strong>D&nbsp;&nbsp;&nbsp;&nbsp;&nbsp;&nbsp;&nbsp; </strong></td>\r\n<td>Conductor debe estar bien capacitado y experimentado.</td>\r\n</tr>\r\n<tr>\r\n<td><strong>R</strong></td>\r\n<td>Descansa bien. La fatiga puede afectar a la conducci&oacute;n y el tiempo de respuesta.</td>\r\n</tr>\r\n<tr>\r\n<td><strong>Yo</strong></td>\r\n<td>Inspeccione el veh&iacute;culo antes de cada viaje, especialmente los neum&aacute;ticos.</td>\r\n</tr>\r\n<tr>\r\n<td><strong>V</strong></td>\r\n<td>El peso del veh&iacute;culo nunca debe exceder el peso bruto del veh&iacute;culo de Calificaci&oacute;n.</td>\r\n</tr>\r\n<tr>\r\n<td><strong>E</strong></td>\r\n<td>Aseg&uacute;rese de que todos los pasajeros tengan el cintur&oacute;n puesto y espejos laterales ajustadas.</td>\r\n</tr>\r\n<tr>\r\n<td><strong>R</strong></td>\r\n<td>Reemplace las llantas viejas. Consulte el manual del propietario del veh&iacute;culo para el tama&ntilde;o correcto.</td>\r\n</tr>\r\n<tr>\r\n<td><strong>S</strong></td>\r\n<td>La seguridad es primero.</td>\r\n</tr>\r\n</tbody>\r\n</table>\r\n</center>\r\n<p>&nbsp;</p>\r\n<p align=\"justify\">Para obtener m&aacute;s informaci&oacute;n sobre <a title=\"Passenger Safety Tips\" href=\"15passvanSafetyTips.pdf\" target=\"_blank\">consejos de seguridad del pasajero Click Here</a></p>\r\n<p align=\"justify\">Para obtener m&aacute;s informaci&oacute;n, puede visitar <a title=\"SaferCar.gov Website\" href=\"http://www.Safercar.gov\" target=\"_blank\">www.Safercar.gov</a> o puede llamar a la l&iacute;nea gratuita l&iacute;nea directa de seguridad de veh&iacute;culos de la NHTSA al 1-888-327-4236 (TTY: 1-800-424-9153)</p>\r\n<hr />\r\n<p align=\"justify\">&nbsp;</p>\r\n<h1>Passenger Van Prevenci&oacute;n de Robo:</h1>\r\n<p>&nbsp;</p>\r\n<p align=\"justify\"><strong>Un veh&iacute;culo de motor es robado cada 33 segundos en los ESTADOS UNIDOS.</strong><br /> California domina desde hace a&ntilde;os la lista de los estados con los veh&iacute;culos m&aacute;s robados.</p>\r\n<p align=\"justify\"><strong>Al estacionar o salir de la camioneta de pasajeros siga estos sencillos consejos:</strong></p>\r\n<ul>\r\n<li>Tome su clave; no lo deje dentro o sobre su veh&iacute;culo.</li>\r\n<li>Cierre y asegure todas las puertas y ventanas cuando se estacione.</li>\r\n<li>Estacione en &aacute;reas bien iluminadas - en un garaje, si es posible.</li>\r\n<li>Nunca deje objetos de valor en su veh&iacute;culo, y sobre todo a la vista.</li>\r\n</ul>\r\n<p align=\"justify\">Aqu&iacute; hay algunos sitios web m&aacute;s &uacute;tiles:</p>\r\n<ul>\r\n<li><a title=\"NHTSA.GOV website\" href=\"http://www.nhtsa.gov\">NHTSA.GOV</a></li>\r\n<li><a title=\"911.gov website\" href=\"http://www.911.gov\">911.GOV</a></li>\r\n<li><a title=\"Distraction.gov website\" href=\"http://www.Distraction.gov\">DISTRACTION.gov</a></li>\r\n<li><a title=\"Traffic Safety Marketing website\" href=\"http://www.trafficsafetymarketing.gov\">TRAFFICSAFETYMARKETING.GOV</a></li>\r\n<li><a title=\"Emergency Medical Services (EMS) website\" href=\"http://www.ems.gov\">EMS.GOV</a></li>\r\n</ul>', '<p style=\"text-align: center;\"><iframe src=\"//www.youtube.com/embed/dBPKt4Pctsg\" width=\"420\" height=\"315\" frameborder=\"0\" allowfullscreen=\"allowfullscreen\"></iframe></p>', '<div dir=\"rtl\">\r\n<p style=\"margin-bottom: 0.35cm;\"><span style=\"font-family: Calibri;\"><span lang=\"ar-SA\"><span style=\"text-decoration: underline;\"><span style=\"font-family: Arial;\"><span style=\"font-size: small;\"><em><strong>????? ?????? ?????? ?? ????? ????????? </strong></em></span></span></span></span></span></p>\r\n<ul>\r\n<li>\r\n<p style=\"margin-bottom: 0.35cm;\"><span style=\"font-family: Calibri;\"><span lang=\"ar-SA\"><span style=\"font-family: Arial;\"><span style=\"font-size: small;\">????? ??? ??????? ??????? ?? ????? ????? ???? ???? ?? </span></span></span></span><span style=\"font-size: small;\">10 </span><span style=\"font-family: Calibri;\"><span lang=\"ar-SA\"><span style=\"font-family: Arial;\"><span style=\"font-size: small;\">????? ?? ????? ?????? ?????? ???? ???? ????? ?? ???????? ??????? ??????? ????? ?? ???? ???? ?????? ?????? ??????? ????? ??????? ???? ???? </span></span></span></span></p>\r\n</li>\r\n<li>\r\n<p style=\"margin-bottom: 0.35cm;\"><span style=\"font-family: Calibri;\"><span lang=\"ar-SA\"><span style=\"font-family: Arial;\"><span style=\"font-size: small;\">?? ?????? ?????? ??????? ??? ???????? ?????? ?????? ??? ???? ?? ???? ?? ??????? </span></span></span></span><span style=\"font-size: small;\">:</span></p>\r\n</li>\r\n</ul>\r\n<p style=\"margin-bottom: 0.35cm;\"><span style=\"font-size: small;\">* </span><span style=\"font-family: Calibri;\"><span lang=\"ar-SA\"><span style=\"font-family: Arial;\"><span style=\"font-size: small;\">???? ???????? ???? ???? ?????? ??? ???? ????? </span></span></span></span><span style=\"font-size: small;\">, </span><span style=\"font-family: Calibri;\"><span lang=\"ar-SA\"><span style=\"font-family: Arial;\"><span style=\"font-size: small;\">???? ??? ??? ????????? ????????? ??? ???? ???????? ????? ???????? ??? ??? ?????? ???????? ????????? ??? ??? ???? ???? ?????? ?? ???? ?????? ???? ???? ??? ????? ??????? ???? ??? ?????? ?? ???? ?????? ??? ??? ??????? ??????? ??? ??? ?? ???????? ?????????? </span></span><span style=\"text-decoration: underline;\"><span style=\"font-family: Arial;\"><span style=\"font-size: small;\">????? ????? ??????? ???????</span></span></span> </span></span></p>\r\n<p style=\"margin-bottom: 0.35cm;\"><span style=\"font-size: small;\">* </span><span style=\"font-family: Calibri;\"><span lang=\"ar-SA\"><span style=\"font-family: Arial;\"><span style=\"font-size: small;\">?????? ?? ????? ???? ??????? ?? ???? ????? ??????? ? ????????? ??????? ?????? ??? ?????? ???? ?????</span></span></span></span></p>\r\n<p style=\"margin-bottom: 0.35cm;\"><span style=\"font-size: small;\">* </span><span style=\"font-family: Calibri;\"><span lang=\"ar-SA\"><span style=\"font-family: Arial;\"><span style=\"font-size: small;\">??? ??? ?????? ?????? ???????? ???? ??? ??? ???? ?????? ???? ????? ?? ?? ?????? ?????? ??????? ??? ??? ???? ?????? ?? ????? ??????? ???????? ??????? ??? ???? ????? ??????? ??? ???????? ??? ?? ?????? ???? ?? </span></span></span></span><span style=\"font-size: small;\">60 </span><span style=\"font-family: Calibri;\"><span lang=\"ar-SA\"><span style=\"font-family: Arial;\"><span style=\"font-size: small;\">??? ?? ?????? ???? ???? ?????? </span></span></span></span></p>\r\n<p style=\"margin-bottom: 0.35cm;\"><span style=\"font-size: small;\">* </span><span style=\"font-family: Calibri;\"><span lang=\"ar-SA\"><span style=\"font-family: Arial;\"><span style=\"font-size: small;\">??? ??? ????? ??? ??????? ??? ??????? ??? ??? ?? ????? ??? ????????? ???? ??? ????????? ?????? ?? ??????? ??????? ??? ??? ?????? ?????? </span></span></span></span></p>\r\n<p style=\"margin-bottom: 0.35cm;\"><span style=\"font-size: small;\">* </span><span style=\"font-family: Calibri;\"><span lang=\"ar-SA\"><span style=\"font-family: Arial;\"><span style=\"font-size: small;\">??? ??? ????????? ??? ????? ?????? ?? ????? ??????</span></span></span></span></p>\r\n<p style=\"margin-bottom: 0.35cm;\"><span style=\"font-size: small;\">* </span><span style=\"font-family: Calibri;\"><span lang=\"ar-SA\"><span style=\"font-family: Arial;\"><span style=\"font-size: small;\">?? ??? ??? ?? ??? ??? ??????? ????? ??? ?????? ??? ??? ?????? ????? ?????</span></span></span></span></p>\r\n<p style=\"margin-bottom: 0.35cm;\"><span style=\"font-size: small;\">* </span><span style=\"font-family: Calibri;\"><span lang=\"ar-SA\"><span style=\"font-family: Arial;\"><span style=\"font-size: small;\">?? ???? ???????? ???? ???? ?????? ????? ??????? ???? </span></span></span></span><span style=\"font-size: small;\">, </span><span style=\"font-family: Calibri;\"><span lang=\"ar-SA\"><span style=\"font-family: Arial;\"><span style=\"font-size: small;\">??????? ????? ????? ??? ??? ???? ??? ?? ???? ?????? ????? ????????? ??????? ???? ?? ???? ??? ????? ??????? ??? ??????? ?? ??? ??????? ??? ????????? ??? ??? ??????? ?? ???????? ????? ??? ???? ???? ?? ???????? ??????? </span></span></span></span><span style=\"font-size: small;\">,</span><span style=\"font-family: Calibri;\"><span lang=\"ar-SA\"><span style=\"font-family: Arial;\"><span style=\"font-size: small;\">????????? ?? ???????? ??????? ????? ?? ???? ????? ???? ?? </span></span></span></span><span style=\"font-size: small;\">28</span><span style=\"font-family: Calibri;\"><span lang=\"ar-SA\"><span style=\"font-family: Arial;\"><span style=\"font-size: small;\">??? </span></span></span></span><span style=\"font-size: small;\">32 </span><span style=\"font-family: Calibri;\"><span lang=\"ar-SA\"><span style=\"font-family: Arial;\"><span style=\"font-size: small;\">???? ?????? ???????? ??????? ?? ??????? ??? ??? ??? ????? ????? ???????? ???? ???????? ??? ??? ?????? ??????? ???? ???? ?????? ?????? ????? ????? ?? ???? ????????? ?????? ?????????</span></span></span></span></p>\r\n<p style=\"margin-bottom: 0.35cm;\"><span style=\"font-size: small;\">* </span><span style=\"font-family: Calibri;\"><span lang=\"ar-SA\"><span style=\"font-family: Arial;\"><span style=\"font-size: small;\">?????? ??????? ??????? ???? ??????? ??? ??????? ??? ???? ??? ????????? ?? ???? ??????? ?????? ???? ??? ??? ???? ?????? ???????? ?? ????? ?????? ?? ????? ????? ??????? ??? ??? ???? ?? ???? ???? ?? </span></span></span></span><span style=\"font-size: small;\">8 </span><span style=\"font-family: Calibri;\"><span lang=\"ar-SA\"><span style=\"font-family: Arial;\"><span style=\"font-size: small;\">????? ????? </span></span></span></span><span style=\"font-size: small;\">.</span></p>\r\n<p style=\"margin-bottom: 0.35cm;\"><span style=\"font-size: small;\">* </span><span style=\"font-family: Calibri;\"><span lang=\"ar-SA\"><span style=\"font-family: Arial;\"><span style=\"font-size: small;\">??? ?????? ???? ?????? ????? ???????? ?????? ?? ????????? ????? ?????? ???? ??????? ?????? ?????? ??????????</span></span></span></span></p>\r\n<p style=\"margin-bottom: 0.35cm;\">&nbsp;</p>\r\n<span style=\"font-size: small;\">D </span> <span style=\"font-family: Calibri;\"><span lang=\"ar-SA\"><span style=\"font-family: Arial;\"><span style=\"font-size: small;\">??? ??? ?????? ?? ???? ???? ?????? ???? ???? ??????</span></span></span></span><span style=\"font-size: small;\">. </span>\r\n<p style=\"margin-bottom: 0.35cm;\"><span style=\"font-size: small;\">R </span><span style=\"font-family: Calibri;\"><span lang=\"ar-SA\"><span style=\"font-family: Arial;\"><span style=\"font-size: small;\">?????? ????</span></span></span></span><span style=\"font-size: small;\">. </span><span style=\"font-family: Calibri;\"><span lang=\"ar-SA\"><span style=\"font-family: Arial;\"><span style=\"font-size: small;\">????? ???? ?? ???? ??? ??????? ????? ?????????</span></span></span></span></p>\r\n<p style=\"margin-bottom: 0.35cm;\"><span style=\"font-size: small;\">I </span><span style=\"font-family: Calibri;\"><span lang=\"ar-SA\"><span style=\"font-family: Arial;\"><span style=\"font-size: small;\">??? ???? ???? ??????? ??? ?? ????? ????? ????????</span></span></span></span><span style=\"font-size: small;\">. </span></p>\r\n<p style=\"margin-bottom: 0.35cm;\"><span style=\"font-size: small;\">V </span><span style=\"font-family: Calibri;\"><span lang=\"ar-SA\"><span style=\"font-family: Arial;\"><span style=\"font-size: small;\">??? ??????? ?? ????? ???? ?? ?????? ????? ???????</span></span></span></span><span style=\"font-size: small;\">. </span></p>\r\n<p style=\"margin-bottom: 0.35cm;\"><span style=\"font-size: small;\">E </span><span style=\"font-family: Calibri;\"><span lang=\"ar-SA\"><span style=\"font-family: Arial;\"><span style=\"font-size: small;\">?????? ?? ?? ???? ?????? ????? ??? ??????? ????? ??????? ???????? </span></span></span></span></p>\r\n<p style=\"margin-bottom: 0.35cm;\"><span style=\"font-size: small;\">R </span><span style=\"font-family: Calibri;\"><span lang=\"ar-SA\"><span style=\"font-family: Arial;\"><span style=\"font-size: small;\">??????? ???????? ???????</span></span></span></span><span style=\"font-size: small;\">. </span><span style=\"font-family: Calibri;\"><span lang=\"ar-SA\"><span style=\"font-family: Arial;\"><span style=\"font-size: small;\">???? ???? ???? ??????? </span></span></span></span></p>\r\n<p style=\"margin-bottom: 0.35cm;\"><span style=\"font-size: small;\">S </span><span style=\"font-family: Calibri;\"><span lang=\"ar-SA\"><span style=\"font-family: Arial;\"><span style=\"font-size: small;\">??????? ?? ?????</span></span></span></span></p>\r\n<p style=\"margin-bottom: 0.35cm;\"><span style=\"font-family: Calibri;\"><span lang=\"ar-SA\"><span style=\"font-family: Arial;\"><span style=\"font-size: small;\">????? ?? ????????? ?? ????? ????????? ???? ??? </span></span></span></span></p>\r\n<p style=\"margin-top: 0.49cm; margin-bottom: 0.49cm; line-height: 0.53cm; background-image: initial; background-attachment: initial; background-size: initial; background-origin: initial; background-clip: initial; background-position: initial; background-repeat: initial;\"><span style=\"font-family: Times New Roman;\"><span style=\"font-size: medium;\"><span lang=\"ar-SA\"><span style=\"font-family: Arial;\"><span style=\"font-size: small;\">?????? ?? ????????? ????? ????? ?????? ?????????? </span></span></span></span></span><span style=\"font-family: Times New Roman,serif;\"><span style=\"font-size: medium;\"><a href=\"http://www.safercar.gov/\"><span style=\"color: #3399ff;\"><span style=\"font-family: Arial,serif;\"><span style=\"font-size: small;\"><span style=\"text-decoration: none;\"><span style=\"background-image: initial; background-attachment: initial; background-size: initial; background-origin: initial; background-clip: initial; background-position: initial; background-repeat: initial;\">www.Safercar.gov</span></span></span></span></span></a></span></span><span style=\"font-family: Times New Roman;\"><span style=\"font-size: medium;\"><span lang=\"ar-SA\"><span style=\"font-family: Arial;\"><span style=\"font-size: small;\">?? ??????? ??????? ??? ???? ??????? ??? ????? ??? ??????? ??????? </span></span></span></span></span><span style=\"font-family: Times New Roman,serif;\"><span style=\"font-size: medium;\"><span style=\"font-size: small;\">(</span><span style=\"color: #000000;\"><span style=\"font-family: Arial,serif;\"><span style=\"font-size: small;\">1-888-327-4236 )</span></span></span><span style=\"color: #000000;\"><span style=\"font-family: Arial,serif;\"><span style=\"font-size: small;\">&nbsp;(</span></span></span><span style=\"color: #000000;\"><span style=\"font-family: Arial,serif;\"><span style=\"font-size: small;\">1-800-424-9153</span></span></span><span style=\"color: #000000;\"><span style=\"font-family: Arial,serif;\"><span style=\"font-size: small;\">)</span></span></span></span></span></p>\r\n<p style=\"margin-top: 0.49cm; margin-bottom: 0.49cm; line-height: 0.53cm; background-image: initial; background-attachment: initial; background-size: initial; background-origin: initial; background-clip: initial; background-position: initial; background-repeat: initial;\"><span style=\"font-family: Times New Roman;\"><span style=\"font-size: medium;\"><span lang=\"ar-SA\"><span style=\"color: #000000;\"><span style=\"font-family: Arial;\"><span style=\"font-size: small;\">????? ????? ?? ?????? </span></span></span></span></span></span><span style=\"font-family: Times New Roman,serif;\"><span style=\"font-size: medium;\"><span style=\"color: #000000;\"><span style=\"font-family: Arial,serif;\"><span style=\"font-size: small;\">:</span></span></span></span></span></p>\r\n<p style=\"margin-top: 0.49cm; margin-bottom: 0.49cm; line-height: 0.53cm; background-image: initial; background-attachment: initial; background-size: initial; background-origin: initial; background-clip: initial; background-position: initial; background-repeat: initial;\"><span style=\"font-family: Times New Roman;\"><span style=\"font-size: medium;\"><span lang=\"ar-SA\"><span style=\"color: #000000;\"><span style=\"font-family: Arial;\"><span style=\"font-size: small;\">??? ???? ???? ?? </span></span></span></span></span></span><span style=\"font-family: Times New Roman,serif;\"><span style=\"font-size: medium;\"><span style=\"color: #000000;\"><span style=\"font-family: Arial,serif;\"><span style=\"font-size: small;\">33 </span></span></span></span></span><span style=\"font-family: Times New Roman;\"><span style=\"font-size: medium;\"><span lang=\"ar-SA\"><span style=\"color: #000000;\"><span style=\"font-family: Arial;\"><span style=\"font-size: small;\">????? ?? ???????? ???????</span></span></span></span></span></span></p>\r\n<p style=\"margin-top: 0.49cm; margin-bottom: 0.49cm; line-height: 0.53cm; background-image: initial; background-attachment: initial; background-size: initial; background-origin: initial; background-clip: initial; background-position: initial; background-repeat: initial;\"><span style=\"font-family: Times New Roman;\"><span style=\"font-size: medium;\"><span lang=\"ar-SA\"><span style=\"color: #000000;\"><span style=\"font-family: Arial;\"><span style=\"font-size: small;\">?????? ?????????? ??? ?? ?????? ???? ???????? ????? ????? ??????? </span></span></span></span></span></span></p>\r\n<p style=\"margin-top: 0.49cm; margin-bottom: 0.49cm; line-height: 0.53cm; background-image: initial; background-attachment: initial; background-size: initial; background-origin: initial; background-clip: initial; background-position: initial; background-repeat: initial;\"><span style=\"font-family: Times New Roman;\"><span style=\"font-size: medium;\"><span lang=\"ar-SA\"><span style=\"color: #000000;\"><span style=\"font-family: Arial;\"><span style=\"font-size: small;\">????? ????? ?????? ???? ??? ??????? ?? ?????? ???? ??? ??? ?????? </span></span></span></span></span></span><span style=\"font-family: Times New Roman,serif;\"><span style=\"font-size: medium;\"><span style=\"color: #000000;\"><span style=\"font-family: Arial,serif;\"><span style=\"font-size: small;\">:</span></span></span></span></span></p>\r\n<p style=\"margin-top: 0.49cm; margin-bottom: 0.49cm; line-height: 0.53cm; background-image: initial; background-attachment: initial; background-size: initial; background-origin: initial; background-clip: initial; background-position: initial; background-repeat: initial;\"><span style=\"font-family: Times New Roman;\"><span style=\"font-size: medium;\"><span lang=\"ar-SA\"><span style=\"color: #000000;\"><span style=\"font-family: Arial;\"><span style=\"font-size: small;\">?? ???????? ??? ??? ?????? ???? ?????? </span></span></span></span></span></span></p>\r\n<p style=\"margin-top: 0.49cm; margin-bottom: 0.49cm; line-height: 0.53cm; background-image: initial; background-attachment: initial; background-size: initial; background-origin: initial; background-clip: initial; background-position: initial; background-repeat: initial;\"><span style=\"font-family: Times New Roman;\"><span style=\"font-size: medium;\"><span lang=\"ar-SA\"><span style=\"color: #000000;\"><span style=\"font-family: Arial;\"><span style=\"font-size: small;\">???? ??????? ???????? ???? ????</span></span></span></span></span></span></p>\r\n<p style=\"margin-top: 0.49cm; margin-bottom: 0.49cm; line-height: 0.53cm; background-image: initial; background-attachment: initial; background-size: initial; background-origin: initial; background-clip: initial; background-position: initial; background-repeat: initial;\"><span style=\"font-family: Times New Roman;\"><span style=\"font-size: medium;\"><span lang=\"ar-SA\"><span style=\"color: #000000;\"><span style=\"font-family: Arial;\"><span style=\"font-size: small;\">???? ?? ??? ??????? ????? ???? </span></span></span></span></span></span></p>\r\n<p style=\"margin-top: 0.49cm; margin-bottom: 0.49cm; line-height: 0.53cm; background-image: initial; background-attachment: initial; background-size: initial; background-origin: initial; background-clip: initial; background-position: initial; background-repeat: initial;\"><span style=\"font-family: Times New Roman;\"><span style=\"font-size: medium;\"><span lang=\"ar-SA\"><span style=\"color: #000000;\"><span style=\"font-family: Arial;\"><span style=\"font-size: small;\">?? ???? ????? ????? ????? ????? ???????</span></span></span></span></span></span></p>\r\n<p style=\"margin-top: 0.49cm; margin-bottom: 0.49cm; line-height: 0.53cm; background-image: initial; background-attachment: initial; background-size: initial; background-origin: initial; background-clip: initial; background-position: initial; background-repeat: initial;\"><span style=\"font-family: Times New Roman;\"><span style=\"font-size: medium;\"><span lang=\"ar-SA\"><span style=\"color: #000000;\"><span style=\"font-family: Arial;\"><span style=\"font-size: small;\">???? ??? ??????? ???? ?????? ??? ??? ?????? ?? ?????? </span></span></span></span></span></span></p>\r\n<ul>\r\n<li>\r\n<p style=\"margin-top: 0.49cm; margin-bottom: 0.49cm; line-height: 0.53cm; background-image: initial; background-attachment: initial; background-size: initial; background-origin: initial; background-clip: initial; background-position: initial; background-repeat: initial;\"><a href=\"http://www.nhtsa.gov/\"><span style=\"color: #3399ff;\"><span style=\"font-family: Arial,serif;\"><span style=\"font-size: small;\">NHTSA.GOV</span></span></span></a></p>\r\n</li>\r\n<li>\r\n<p style=\"margin-top: 0.49cm; margin-bottom: 0.49cm; line-height: 0.53cm; background-image: initial; background-attachment: initial; background-size: initial; background-origin: initial; background-clip: initial; background-position: initial; background-repeat: initial;\"><a href=\"http://www.911.gov/\"><span style=\"color: #3399ff;\"><span style=\"font-family: Arial,serif;\"><span style=\"font-size: small;\">911.GOV</span></span></span></a></p>\r\n</li>\r\n<li>\r\n<p style=\"margin-top: 0.49cm; margin-bottom: 0.49cm; line-height: 0.53cm; background-image: initial; background-attachment: initial; background-size: initial; background-origin: initial; background-clip: initial; background-position: initial; background-repeat: initial;\"><a href=\"http://www.distraction.gov/\"><span style=\"color: #3399ff;\"><span style=\"font-family: Arial,serif;\"><span style=\"font-size: small;\">DISTRACTION.gov</span></span></span></a></p>\r\n</li>\r\n<li>\r\n<p style=\"margin-top: 0.49cm; margin-bottom: 0.49cm; line-height: 0.53cm; background-image: initial; background-attachment: initial; background-size: initial; background-origin: initial; background-clip: initial; background-position: initial; background-repeat: initial;\"><a href=\"http://www.trafficsafetymarketing.gov/\"><span style=\"color: #3399ff;\"><span style=\"font-family: Arial,serif;\"><span style=\"font-size: small;\">TRAFFICSAFETYMARKETING.GOV</span></span></span></a></p>\r\n</li>\r\n<li>\r\n<p style=\"margin-top: 0.49cm; margin-bottom: 0.49cm; line-height: 0.53cm; background-image: initial; background-attachment: initial; background-size: initial; background-origin: initial; background-clip: initial; background-position: initial; background-repeat: initial;\"><a href=\"http://www.ems.gov/\"><span style=\"color: #3399ff;\"><span style=\"font-family: Arial,serif;\"><span style=\"font-size: small;\">EMS.GOV</span></span></span></a></p>\r\n</li>\r\n</ul>\r\n</div>');
INSERT INTO `footer_cms` (`id`, `key`, `content_eng`, `content_spa`, `content_por`, `content_arab`) VALUES
(5, 'Driving Rules', '<p style=\"text-align: justify; margin-left: 20;\">If you\'re thinking to take a trip to Los Angeles or LAX with some family or friends, then you will need to rent&nbsp; or hire a <strong>12 &amp; 15 seat passenger van</strong> in <strong>LAX Van Rentals</strong>.&nbsp; International licenses and driver&rsquo;s licenses issued in your state or country is acceptable in California as long as it\'s valid where it was issued and you don\'t need to register with the DMV. &nbsp;However you need to know how to drive a passenger van and what are California\'s road rules and driving laws.<br /> California\'s driving rules and road regulation are summarized in <a href=\"http://apps.dmv.ca.gov/pubs/hdbk/driver_handbook_toc.htm\"><em>The California Driver\'s Handbook</em></a>, and also accessible in booklet form from the <a href=\"http://www.dmv.ca.gov/\">California Department of Motor Vehicles</a> (the DMV) at any DMV office or the head office in Southern California.</p>\r\n<p><em><strong>Since the renter may need to study The California Driver\'s Handbook , we put one hard copy of the handbook in each passenger van. Just check the glove compartment of your rented vehicle and you will find it.</strong></em></p>\r\n<p style=\"text-align: justify; margin-left: 20;\">There are a few points that we would like to mention:</p>\r\n<h2 style=\"text-align: center;\">Please do not drive over speed limit or 65 miles per hour, whichever is lower.</h2>\r\n<ul>\r\n<li><strong>Carpool or Multiple Occupancy Lanes: </strong>Carpool lane is a restricted traffic lane for exclusive use of vehicles with a driver and one or more passengers. So if you rent a passenger van with at least 2 or 3 occupants you can use carpool lanes.</li>\r\n<li>\r\n<p><strong>The Toll Roads (pay to drive):</strong> Main public roads in California are free however there are some roads and bridges that you should pay tolls. Some toll roads can be avoided by driving other routes. To avoid paying fees or fines carry US$ to pay toll if they do not accept credit cards. <br />Set up alternative payment options electronically if using the cashless, fully automated toll freeways, bridges and \"FasTrak Only\" express lanes listed below.</p>\r\n<p>As of 2014, the following toll roads are fully automated and do not accept cash payments:<br />&bull; San Francisco Bay Area: Golden Gate Bridge (south-bound)<br />&bull; Southern California: SR 73, 133, 241 &amp; 261 (Orange County), SR 125 (San Diego County - exact change or credit card OK), <br />&bull; Select Freeways: Well-marked Express or High Occupancy Toll (HOT) lanes with \"FasTrak\" required signs and toll bridges that accept cash payments but may have \"FasTrak Only\" lanes with shorter lines.<br />In general, visitors with cash can use ALL California highways without worrying about fees or fines except for the specific automated toll roads listed above. Visitors who do not have a FasTrak account should avoid using the \"FasTrak Only\" lanes and use the \"Cash\", \"Fastrak/Cash combo lanes\" or unmarked lanes instead.</p>\r\n</li>\r\n<li><strong>Driving under the influence(DUI)</strong> is the act of driving a vehicle while under the influence of alcohol or drugs to the degree that mental and driving skills are impaired. Drunken driving with blood levels of alcohol in excess of a legal limit a criminal offense in most nations as well as USA. In California depending on your age, any previous convictions and license type you could face license suspension (30 days to 12 months), major fines ($1400 to $2600), community service, jail (4 days to 6 months), DUI school and more. If you refuse to submit to a chemical test upon being pulled over for suspicion of drunk driving you may face additional license suspension, penalties and fines.<br /> &nbsp;</li>\r\n<li><strong>Seat Belt:</strong> The driver and all passengers must wear seat belt. If the passenger is under 16 years of age, the driver may be cited if the passenger is not wearing the seat belt. Childeren under the age of eight years and who is less than 4 feet 9 inches tall, should be secured in approved child passenger restraint system, and ride in the back seat of a vehicle.<br /> &nbsp;</li>\r\n<li><strong>School bus</strong>: School bus are special yellow buses clearly marked \"School Bus\". The most basic law is on a two-lane road you must stop in both directions for a school bus with its <strong>red lights flashing</strong> and/or stop sign out, and remain stopped as long as the red lights are flashing. The fine for passing a public school bus with its lights flashing is $394. When passing through a school zone there are signs that list a decreased speed limit and say when \"children are present. &nbsp;<br /> &nbsp;</li>\r\n<li><strong>Pedestrian: </strong>Approximately 22 percent of all traffic fatalities belongs to pedestrian deaths. Always stop for any pedestrian crossing at corners or other crosswalks. Drive carefully once pedestrians are near because they may unexpectedly cross your path.<br /> &nbsp;</li>\r\n<li><strong>Metering light: </strong>is a basic traffic light (red and green only, no yellow) that regulates the flow of traffic entering freeways depends on traffic conditions. It is the use of traffic signals at freeway often at the side of the ramp at driver level; when they\'re in use (usually during commute rush hours) to manage the rate of vehicles entering the freeway.</li>\r\n</ul>\r\n<p style=\"text-align: justify;\"><br /> For more information please visit DMV website and also check California\'s driving rules and road regulation that are summarized in <a href=\"http://apps.dmv.ca.gov/pubs/hdbk/driver_handbook_toc.htm\"><em>The California Driver\'s Handbook</em></a>. You will find this booklet in your rental car glove box.</p>\r\n<p>&nbsp;</p>', '<p style=\"text-align: justify;\">En general informaci&oacute;n relativa a California DMV reglas de conducci&oacute;n contiene un mont&oacute;n de diferentes normas likes controles de tr&aacute;fico, control de carril, vueltas, Leyes y Reglas de la carretera, etc</p>\r\n<p style=\"text-align: justify;\"><span style=\"text-decoration: underline;\"><strong>Las leyes y las normas de circulaci&oacute;n</strong></span></p>\r\n<p style=\"text-align: justify;\">Es muy importante respetar las Leyes y Reglamentos de la carretera para los peatones, jinetes de la bici y Jinetes de la bicicleta. Jinetes de autom&oacute;viles deben respetar las leyes y reglas del camino y la necesidad de seguir las reglas y regulaciones de la California.<br /><br /><strong>The Toll Roads:</strong><br />Principales v&iacute;as p&uacute;blicas en California sin embargo hay algunas carreteras y puentes que se deben pagar los peajes. Algunas carreteras de peaje puede ser evitado por la conducci&oacute;n otras rutas. Para evitar pagar las tasas o multas llevar D&oacute;lares a pagar peaje si no se aceptan las tarjetas de cr&eacute;dito. Configurar otras opciones de pago por medios electr&oacute;nicos si mediante el efectivo peaje completamente automatizado, autopistas, puentes y \"&uacute;nicamente\" FasTrak Promise carriles enumerados a continuaci&oacute;n. A partir de 2014, las siguientes carreteras de peaje est&aacute;n totalmente automatizados y no aceptar pagos en efectivo: &bull; &Aacute;rea de la Bah&iacute;a de San Francisco: Golden Gate Bridge (sur) &bull; El Sur de California: SR 73, 133, 241 y 261 (Orange County), SR 125 (Condado de San Diego - cambio exacto o con tarjeta de cr&eacute;dito), &bull; Seleccione las autopistas: bien marcada Express o Alta Ocupaci&oacute;n peaje (CALIENTE) carriles con \"Promise FasTrak\" signos y peaje necesario tender puentes que aceptan pagos en efectivo pero puede haber \"Promise FasTrak\" carriles con l&iacute;neas cortas. En general, los visitantes con dinero en efectivo pueden hacer uso de todas las autopistas California sin preocuparse de las tasas o multas excepto los caminos de peaje antes mencionados. Los visitantes que no tienen una cuenta FasTrak Promise han de evitar el uso de la \"Promise FasTrak\" pistas y utilizar el \"efectivo\", \"Promise Fastrak efectivo/combo carriles\" o carriles sin marcar.</p>\r\n<p style=\"text-align: justify;\"><span style=\"text-decoration: underline;\"><strong>Normas de tr&aacute;fico</strong></span></p>\r\n<p style=\"text-align: justify;\">Mientras se conduce en California usted necesita aprender todos los signos de las normas de tr&aacute;fico y siga las instrucciones para ser el lado m&aacute;s seguro durante la conducci&oacute;n.</p>\r\n<p style=\"text-align: justify;\"><span style=\"text-decoration: underline;\"><strong>Controles del carril</strong></span></p>\r\n<p style=\"text-align: justify;\">Conducir en California no es que demasiado f&aacute;cil ya que el tr&aacute;fico aqu&iacute; es demasiado y tambi&eacute;n deben de revisar los controles de carril como cambiar de carriles, l&iacute;neas de pase, carriles de giro izquierda-centro, Apaga &Aacute;reas y Lanes, Final de la L&iacute;nea Las marcas, etc</p>\r\n<p style=\"text-align: justify;\"><span style=\"text-decoration: underline;\"><strong>turnos</strong></span></p>\r\n<p style=\"text-align: justify;\">Usted tiene que seguir las reglas para la vuelta a la derecha, as&iacute; como giros a la izquierda y no se puede tomar en cualquier lugar y sin encender indicando al tomar la curva. Al tiempo que toma a su vez tiene que ser extremadamente cuidadosos con respecto al carril.</p>', '<p>Se voc&ecirc; est&aacute; pensando em fazer uma viagem para Los Angeles LAX ou com alguma fam&iacute;lia ou amigos, ent&atilde;o voc&ecirc; vai precisar alugar ou contratar uma van de<strong> passageiros 12 e 15 assento em LAX Van Rentals</strong>. Certificados internacionais e cartas de condu&ccedil;&atilde;o emitidas em seu estado ou pa&iacute;s &eacute; aceit&aacute;vel, na Calif&oacute;rnia, desde que ele &eacute; v&aacute;lido em que foi emitido e voc&ecirc; n&atilde;o precisa se registrar com o DMV. No entanto, voc&ecirc; precisa saber como conduzir uma van de passageiros e quais s&atilde;o as regras da estrada da Calif&oacute;rnia e as leis de condu&ccedil;&atilde;o. Regras de condu&ccedil;&atilde;o e regula&ccedil;&atilde;o estrada da Calif&oacute;rnia est&atilde;o resumidos no livro de instru&ccedil;&otilde;es Calif&oacute;rnia, e tamb&eacute;m acess&iacute;veis em formato de livreto na <a href=\"http://apps.dmv.ca.gov/pubs/hdbk/driver_handbook_toc.htm\">Calif&oacute;rnia Departamento de Ve&iacute;culos Motorizados (</a>DMV) em qualquer escrit&oacute;rio de DMV ou a sede no sul da Calif&oacute;rnia. Uma vez que o locat&aacute;rio pode precisar estudar livro de instru&ccedil;&otilde;es California, colocamos uma c&oacute;pia impressa do manual em cada van de passageiros. Basta verificar o porta-luvas de seu ve&iacute;culo alugado e voc&ecirc; vai encontr&aacute;-lo. Existem alguns pontos que gostar&iacute;amos de mencionar:</p>\r\n<h3 style=\"color: #000000; text-align: center;\">Por favor, n&atilde;o conduzir sobre limite de velocidade ou 65 milhas por hora, o que for menor.</h3>\r\n<p>Caronas ou m&uacute;ltipla Ocupa&ccedil;&atilde;o Lanes: Pista de Carpool &eacute; um corredor de tr&aacute;fego restrito para uso exclusivo de ve&iacute;culos com um motorista e um ou mais passageiros.</p>\r\n<p>Ent&atilde;o, se voc&ecirc; alugar uma van de passageiros com pelo menos 2 ou 3 ocupantes voc&ecirc; pode usar pistas de carpool. As Rodovias (pagar para dirigir):</p>\r\n<p>Principais vias p&uacute;blicas na Calif&oacute;rnia s&atilde;o livres no entanto, existem algumas estradas e pontes que voc&ecirc; deve pagar portagens. Algumas estradas com portagem pode ser evitada por outras vias de condu&ccedil;&atilde;o. Para evitar o pagamento de taxas ou multas levar US $ para pagar ped&aacute;gio, se eles n&atilde;o aceitam cart&otilde;es de cr&eacute;dito. Configurar op&ccedil;&otilde;es de pagamento alternativos eletronicamente se usando o cashless, auto-estradas com portagem totalmente automatizados, pontes e \"FasTrak apenas\" expressar pistas listados abaixo. A partir de 2014, as seguintes estradas com portagem s&atilde;o totalmente automatizados e n&atilde;o aceitam pagamentos em dinheiro:<br /> &bull; San Francisco Bay Area: Golden Gate Bridge (sul-bound) &bull; Southern California: SR 73, 133, 241 e 261 (Orange County), SR 125 (San Diego County - Exato altera&ccedil;&otilde;es ou de cart&atilde;o de cr&eacute;dito OK), &bull; Escolha Freeways: Bem marcado Express ou alta Toll Ocupa&ccedil;&atilde;o (HOT) pistas com \"FasTrak\" sinais necess&aacute;rios e pontes com portagem que aceitam pagamentos em dinheiro, mas pode ter \"FASTRAK Apenas\" faixas com linhas mais curtas. <br />Em geral, os visitantes com dinheiro pode usar rodovias ALL Calif&oacute;rnia sem se preocupar com taxas ou multas, exceto para as estradas de ped&aacute;gio automatizado espec&iacute;ficos listados acima. Os visitantes que n&atilde;o t&ecirc;m uma conta FasTrak deve evitar usar os \"FASTRAK Apenas\" pistas e usar o \"dinheiro\", \"Fastrak pistas / Caixa de combina&ccedil;&atilde;o\" ou pistas n&atilde;o marcadas em vez disso. Dirigir sob a influ&ecirc;ncia (DUI) &eacute; o ato de dirigir um ve&iacute;culo sob a influ&ecirc;ncia de &aacute;lcool ou drogas na medida em que as habilidades mentais e de condu&ccedil;&atilde;o s&atilde;o prejudicados. Dirigir embriagado com n&iacute;veis sangu&iacute;neos de &aacute;lcool em excesso de um limite legal uma ofensa criminal na maioria das na&ccedil;&otilde;es, bem como EUA.</p>\r\n<p>Na Calif&oacute;rnia, dependendo da sua idade, quaisquer condena&ccedil;&otilde;es anteriores e tipo de licen&ccedil;a que voc&ecirc; poderia enfrentar suspens&atilde;o de licen&ccedil;a (30 dias a 12 meses), multas grandes ($ 1400 a $ 2600), servi&ccedil;o comunit&aacute;rio, pris&atilde;o (4 dias a 6 meses), escola DUI e mais . Se voc&ecirc; se recusar a submeter-se a uma an&aacute;lise qu&iacute;mica ao ser parado por suspeita de dirigir embriagado, voc&ecirc; pode enfrentar suspens&atilde;o de licen&ccedil;a adicional, penalidades e multas.<br />Cinto de seguran&ccedil;a: O condutor e todos os passageiros devem usar cinto de seguran&ccedil;a. Se o passageiro n&atilde;o tenha completado 16 anos de idade, o motorista pode ser citada se o passageiro n&atilde;o est&aacute; usando o cinto de seguran&ccedil;a. Childeren com idade inferior a oito anos e que est&aacute; a menos de 4 p&eacute;s 9 polegadas de altura, deve ser fixado no sistema de reten&ccedil;&atilde;o para crian&ccedil;as homologado passageiros, e andar no banco de tr&aacute;s de um ve&iacute;culo.</p>\r\n<p>&nbsp;&nbsp;&nbsp;&nbsp;&nbsp;&nbsp;&nbsp;&nbsp; &Ocirc;nibus escolar: &ocirc;nibus escolar s&atilde;o &ocirc;nibus amarelos especiais claramente marcados como \"School Bus\". A lei mais b&aacute;sica est&aacute; em uma estrada de duas pistas que voc&ecirc; deve parar em ambas as dire&ccedil;&otilde;es para um &ocirc;nibus escolar com suas luzes vermelhas piscando e / ou parar de sair e permanecer parado enquanto as luzes vermelhas est&atilde;o brilhando. A multa por passar um &ocirc;nibus escolar p&uacute;blico com suas luzes piscando &eacute; $ 394. Ao passar por uma zona da escola h&aacute; sinais de que a lista de um limite de velocidade diminuiu e dizer quando \"as crian&ccedil;as est&atilde;o presentes.</p>\r\n<p>&nbsp;&nbsp;&nbsp;&nbsp;&nbsp;&nbsp;&nbsp;&nbsp; Pedestre: Aproximadamente 22 por cento de todas as mortes no tr&acirc;nsito pertence a mortes de pedestres. Pare sempre para qualquer faixa de pedestres em esquinas ou outras faixas de pedestres. Dirija com cuidado uma vez que os pedestres est&atilde;o perto, porque eles podem inesperadamente cruzar seu caminho.</p>\r\n<p>&nbsp;&nbsp;&nbsp;&nbsp;&nbsp;&nbsp;&nbsp;&nbsp; Medi&ccedil;&atilde;o da luz: &eacute; uma luz b&aacute;sica de tr&aacute;fego (vermelho e verde, s&oacute;, n&atilde;o amarela) que regula o fluxo de auto-estradas que entram tr&aacute;fego depende de condi&ccedil;&otilde;es de tr&aacute;fego. &Eacute; a utiliza&ccedil;&atilde;o de sinais de tr&acirc;nsito na estrada frequentemente para o lado da rampa no plano condutor; quando est&atilde;o em uso (normalmente durante o hor&aacute;rio de rush trajeto) para gerir a taxa dos ve&iacute;culos que entram na freeway.</p>\r\n<h4 style=\"color: #000000;\"><br />Para mais informa&ccedil;&otilde;es visite o&nbsp;<a href=\"http://apps.dmv.ca.gov/pubs/hdbk/driver_handbook_toc.htm\">site DMV</a> e tamb&eacute;m verificar regras de condu&ccedil;&atilde;o e regula&ccedil;&atilde;o estrada que est&atilde;o resumidos no livro de instru&ccedil;&otilde;es Calif&oacute;rnia de Calif&oacute;rnia. Voc&ecirc; vai encontrar esta brochura em seu porta-luvas do carro de aluguer.</h4>', '<div dir=\"rtl\">\r\n<p style=\"margin-bottom: 0.35cm;\"><span style=\"font-family: Calibri;\"><span lang=\"ar-SA\"><span style=\"font-family: Arial;\"><span style=\"font-size: small;\">????? ??? ????????? ???????? ???? ?????? ????? ?????????? ?????? ??????? ???????? ????? ??? ?????? ?? ??????? ???? ????? ???? ?????? ??????? ????????? ??????????? ?????? ?????? ?????? </span></span></span></span></p>\r\n<p style=\"margin-bottom: 0.35cm;\"><span style=\"font-family: Calibri;\"><span lang=\"ar-SA\"><span style=\"text-decoration: underline;\"><span style=\"font-family: Arial;\"><span style=\"font-size: small;\"><strong>????? ??????? ????? </strong></span></span></span></span></span></p>\r\n<p style=\"margin-bottom: 0.35cm;\"><span style=\"font-family: Calibri;\"><span lang=\"ar-SA\"><span style=\"font-family: Arial;\"><span style=\"font-size: small;\">?? ????? ??? ?? ??? ?????? ????? ??????? ?????? ???? ?????? ? ????? ???????? ???????? ??????? ???? ??? ??????? ???? ?????? ????? ????? ?????? ??????? ??????? ???? ?? ????? ?????????? </span></span></span></span></p>\r\n<p style=\"margin-bottom: 0.35cm;\"><br /> &nbsp;</p>\r\n<p style=\"margin-bottom: 0.35cm;\"><span style=\"font-family: Calibri;\"><span lang=\"ar-SA\"><span style=\"text-decoration: underline;\"><span style=\"font-family: Arial;\"><span style=\"font-size: small;\"><strong>????? ?????? ?????? </strong></span></span></span></span></span></p>\r\n<p style=\"margin-bottom: 0.35cm;\"><span style=\"font-family: Calibri;\"><span lang=\"ar-SA\"><span style=\"font-family: Arial;\"><span style=\"font-size: small;\">???? ?????? ?? ????? ?????????? ??? ???? ?? ????? ??? ???????? ??????? ????? ?????? ??????? ?????? ?????? ??? ??????</span></span></span></span></p>\r\n<p style=\"margin-bottom: 0.35cm;\"><span style=\"font-family: Calibri;\"><span lang=\"ar-SA\"><span style=\"text-decoration: underline;\"><span style=\"font-family: Arial;\"><span style=\"font-size: small;\"><strong>?????? ?? ??????? ?? ??????? </strong></span></span></span></span></span></p>\r\n<p style=\"margin-bottom: 0.35cm;\"><span style=\"font-family: Calibri;\"><span lang=\"ar-SA\"><span style=\"font-family: Arial;\"><span style=\"font-size: small;\">??????? ?? ?????????? ???? ???? ??? ???? ???? ?????? ?? ???????? ???????? ???? ??? ?????? ?? ???? ??? ????? ?????? ???? ??????? ??????? ?? ????? ?????? ?????? ????????? ?????? ?? ???????? </span></span></span></span><span style=\"font-size: small;\">,,</span><span style=\"font-family: Calibri;\"><span lang=\"ar-SA\"><span style=\"font-family: Arial;\"><span style=\"font-size: small;\">???</span></span></span></span></p>\r\n<p style=\"margin-bottom: 0.35cm;\"><br /> &nbsp;</p>\r\n<p style=\"margin-bottom: 0.35cm;\"><span style=\"font-family: Calibri;\"><span lang=\"ar-SA\"><span style=\"text-decoration: underline;\"><span style=\"font-family: Arial;\"><span style=\"font-size: small;\"><strong>?????????</strong></span></span></span> </span></span></p>\r\n<p style=\"margin-bottom: 0.35cm;\"><span style=\"font-family: Calibri;\"><span lang=\"ar-SA\"><span style=\"font-family: Arial;\"><span style=\"font-size: small;\">??? ???? ????? ???????? ??? ?????? ?? ??????? ?????? ?? ?????? ??? ????? ?????? ??? ?? ???? ???? ?? ??? ?? ???? ??????? ??? ?????? ???? ???? ?? ???? ???? ????? ???????</span></span></span></span></p>\r\n</div>'),
(6, 'Los Angeles LA Events', '<p align=\"justify\">Los Angeles is the home for the Hollywood stars and so this city would be in lime light for whole years. Every month or so some events would be arranged over here and some of these events are arranged every year. Some events has become world famous that are arranged in this city.</p>\r\n<h1>LAX Van Rentals offers passenger van rentals for Coachella Festival</h1>\r\n<p><strong>LAX Van Rentals</strong> offers special rate for <strong>passenger van rental in LAX</strong> or Los Angeles area for <a title=\"LAX Van Rentals for Coachella Festival\" href=\"http://www.coachella.com/\"><strong>Coachella Festival</strong></a>. <strong>Coachella Festival</strong> last two-weekend, three-day and held in Indio at Coachella Valley. The music festival includes rock, indie, hip hop, and electronic and many more. 2014 <strong>Coachella festival </strong>will be held on April 11, 12, and 13 and again on April 18, 19, and 20. Tickets sold out in less than 3 hours.</p>\r\n<p><strong><em>Coachella Festival Address: 81-800 Avenue 51, Indio, CA 92201</em></strong></p>\r\n<p><strong>Rent a passenger van in <a title=\"Lax Van Rentals\" href=\"../\">LAX Van Rentals</a></strong> for all your <strong>Coachella Festival</strong> trip needs. Why rent many cars for <strong>Coachella festival </strong>commute. <strong>LAX Van Rentals</strong> is specialized in professional services for large group transport, whether you are with 7 individuals or more in <strong>Los Angeles airport LAX</strong>, we have the proper <strong>passenger van</strong> size you need at reasonable price that fits your budget.</p>\r\n<p>At <strong>LAX Van Rentals</strong>, we offer only full size <strong><a title=\"12 Passenger Van Rentals in LAX Van Rentals\" href=\"../12-Passenger-Van-Rentals-Los-Angeles.php\">12 passenger vans</a>&nbsp;</strong>and <a title=\"15 Passenger Van Rentals\" href=\"../15-Passenger-Van-Rentals-Los-Angeles.php\"><strong>15 passenger vans</strong></a>. <strong>Rent a van in Los Angeles for Coachella Festival </strong>through our website or make a complete reservation for <strong>lax van rentals</strong> online and you will receive an automatic 10%<strong> lax van rental discount.</strong> <a title=\"Contact LAX Van Rentals info@lax-van-rentals.com\" href=\"../Contact-lax-van-rentals.php\">Contact</a> <strong>LAX van rental</strong> today to reserve your<strong> family passenger van</strong> for your<strong> Los Angeles trip to Coachella</strong> or other outdoor event.</p>\r\n<p style=\"text-align: center;\"><img style=\"width: 485px; height: 304px;\" title=\"Rent Van for Coachella Festival\" src=\"../img/CoachellaFestival.jpg\" alt=\"Rent Van for Coachella Festival\" /></p>\r\n<p>&nbsp;</p>', '<p>Los Angeles es el hogar de las estrellas de Hollywood y lo que esta ciudad ser&iacute;a la luz de cal durante a&ntilde;os enteros.Cada mes o lo que algunos eventos se organizan aqu&iacute; y algunos de estos eventos se organizan todos los a&ntilde;os. Algunos eventos se ha convertido en mundialmente famoso que se organizan en esta ciudad.</p>\r\n<h1>LAX Van Rentals ofrece alquileres van de pasajeros para el Festival Coachella</h1>\r\n<p><strong>LAX Van Rentals</strong> ofrece tarifa especial para alquiler de furgonetas de pasajeros en LAX o &aacute;rea de Los Angeles para <strong>el Festival de Coachella</strong> . <strong>Festival Coachella</strong> &uacute;ltima de dos fines de semana, de tres d&iacute;as y se celebr&oacute; en Indio en Coachella Valley. El festival de m&uacute;sica incluye rock, indie, hip hop y electr&oacute;nica y muchos m&aacute;s. 2014 <strong>Coachella festival</strong> se celebrar&aacute; el 11 de abril, 12 y 13 y de nuevo el 18 de abril, 19 y 20. Los boletos se agotaron en menos de 3 horas.</p>\r\n<div>\r\n<p><strong><em>Festival Coachella Direcci&oacute;n: 81-800 Avenida 51, Indio, CA 92201</em></strong></p>\r\n<p>Alquila una camioneta <strong>de pasajeros en LAX Van Rentals</strong> para todas sus necesidades de viaje <strong>Festival de Coachella</strong>. &iquest;Por qu&eacute; alquilar varios coches para el festival Coachella viaje. LAX Van Rentals est&aacute; especializada en servicios profesionales para el transporte de grupo grande, si usted es de 7 personas o m&aacute;s en <strong>Los Angeles el aeropuerto de LAX</strong>, tenemos el pasajero furgonetade tama&ntilde;o adecuado que necesita a un precio razonable que se ajuste a su presupuesto.</p>\r\n<p>En <strong>LAX Van Rentals</strong>, ofrecemos &uacute;nicamente a tama&ntilde;o completo <a title=\"12 Passenger Van Rentals at LAX Van Rentals\" href=\"../12-Passenger-Van-Rentals-Los-Angeles.php\"><strong>12 camionetas de pasajeros</strong></a> y <strong><a title=\"15 Passenger Van Rentals at LAX Van Rentals\" href=\"../15-Passenger-Van-Rentals-Los-Angeles.php\">15 pasajeros</a></strong> . Alquile una furgoneta en Los Angeles para el Festival de Coachella a trav&eacute;s de nuestro sitio web o hacer una reserva completa para laxas van de vacaciones en l&iacute;nea y usted recibir&aacute; un <strong>10% van laxa autom&aacute;tica descuento de alquiler</strong>. <a title=\"Contact LAX Van Rentals\" href=\"../Contact-lax-van-rentals.php\">Contacto</a> furgoneta de alquiler LAXhoy para reservar su camioneta de pasajeros de la familia del viaje de Los &Aacute;ngeles a Coachella u otro evento al aire libre.</p>\r\n</div>\r\n<p style=\"text-align: center;\"><img style=\"width: 485px; height: 304px;\" title=\"Rent Van for Coachella Festival\" src=\"../img/CoachellaFestival.jpg\" alt=\"Rent Van for Coachella Festival\" /></p>\r\n<p>&nbsp;</p>', '<p>Los Angeles es el hogar de las estrellas de Hollywood y lo que esta ciudad ser&iacute;a la luz de cal durante a&ntilde;os enteros.Cada mes o lo que algunos eventos se organizan aqu&iacute; y algunos de estos eventos se organizan todos los a&ntilde;os. Algunos eventos se ha convertido en mundialmente famoso que se organizan en esta ciudad.</p>\r\n<h1>LAX Van Rentals ofrece alquileres van de pasajeros para el Festival Coachella</h1>\r\n<p><strong>LAX Van Rentals</strong> ofrece tarifa especial para alquiler de furgonetas de pasajeros en LAX o &aacute;rea de Los Angeles para <strong>el Festival de Coachella</strong> . <strong>Festival Coachella</strong> &uacute;ltima de dos fines de semana, de tres d&iacute;as y se celebr&oacute; en Indio en Coachella Valley. El festival de m&uacute;sica incluye rock, indie, hip hop y electr&oacute;nica y muchos m&aacute;s. 2014 <strong>Coachella festival</strong> se celebrar&aacute; el 11 de abril, 12 y 13 y de nuevo el 18 de abril, 19 y 20. Los boletos se agotaron en menos de 3 horas.</p>\r\n<div>\r\n<p><strong><em>Festival Coachella Direcci&oacute;n: 81-800 Avenida 51, Indio, CA 92201</em></strong></p>\r\n<p>Alquila una camioneta <strong>de pasajeros en LAX Van Rentals</strong> para todas sus necesidades de viaje <strong>Festival de Coachella</strong>. &iquest;Por qu&eacute; alquilar varios coches para el festival Coachella viaje. LAX Van Rentals est&aacute; especializada en servicios profesionales para el transporte de grupo grande, si usted es de 7 personas o m&aacute;s en <strong>Los Angeles el aeropuerto de LAX</strong>, tenemos el pasajero furgonetade tama&ntilde;o adecuado que necesita a un precio razonable que se ajuste a su presupuesto.</p>\r\n<p>En <strong>LAX Van Rentals</strong>, ofrecemos &uacute;nicamente a tama&ntilde;o completo <a title=\"12 Passenger Van Rentals at LAX Van Rentals\" href=\"../12-Passenger-Van-Rentals-Los-Angeles.php\"><strong>12 camionetas de pasajeros</strong></a> y <strong><a title=\"15 Passenger Van Rentals at LAX Van Rentals\" href=\"../15-Passenger-Van-Rentals-Los-Angeles.php\">15 pasajeros</a></strong> . Alquile una furgoneta en Los Angeles para el Festival de Coachella a trav&eacute;s de nuestro sitio web o hacer una reserva completa para laxas van de vacaciones en l&iacute;nea y usted recibir&aacute; un <strong>10% van laxa autom&aacute;tica descuento de alquiler</strong>. <a title=\"Contact LAX Van Rentals\" href=\"../Contact-lax-van-rentals.php\">Contacto</a> furgoneta de alquiler LAXhoy para reservar su camioneta de pasajeros de la familia del viaje de Los &Aacute;ngeles a Coachella u otro evento al aire libre.</p>\r\n</div>\r\n<p style=\"text-align: center;\"><img style=\"width: 485px; height: 304px;\" title=\"Rent Van for Coachella Festival\" src=\"../img/CoachellaFestival.jpg\" alt=\"Rent Van for Coachella Festival\" /></p>\r\n<p>&nbsp;</p>', '<div dir=\"rtl\">\r\n<p style=\"margin-bottom: 0.35cm;\"><span style=\"font-family: Calibri;\"><span lang=\"ar-SA\"><span style=\"font-family: Arial;\"><span style=\"font-size: small;\">تعتبر مدينة لوس انجلوس موطنا للكثير من مشاهير العالم لذلك سوف تكون تحت الضوء لسنوات قادمة وسيكون هناك احداث بشكل شهري دوري يتم ترتيبها في المدينة واصبحت افخم الاحداث السنوية هي التي يتم تنظيمها في المدينة </span></span></span></span></p>\r\n<p style=\"margin-bottom: 0.35cm;\"><span style=\"font-family: Calibri;\"><span lang=\"ar-SA\"><span style=\"text-decoration: underline;\"><span style=\"font-family: Arial;\"><span style=\"font-size: small;\">تاجيرات الفان تقدم عرض التوصيل الي مهرجان كواتشيلا </span></span></span></span></span></p>\r\n<p style=\"margin-bottom: 0.35cm;\"><span style=\"font-family: Calibri;\"><span lang=\"ar-SA\"><span style=\"font-family: Arial;\"><span style=\"font-size: small;\">تقدم الشركة عرضا لتوصيل الركاب من مطار لوس انجلوس او منطقة لوس انجلوس الي مهرجان اكواتشيلا الذي يحدث </span></span></span></span><span style=\"font-size: small;\">3 </span><span style=\"font-family: Calibri;\"><span lang=\"ar-SA\"><span style=\"font-family: Arial;\"><span style=\"font-size: small;\">ايام في اخر اسبوع من الشهر ويتضمن المهرجان الكثير من النشاطات منها موسيقى الروك وموسيقى الهيب هوب والموسيقى الالكترونية وغيرها ويعقد المهرجان في </span></span></span></span><span style=\"font-size: small;\">11 </span><span style=\"font-family: Calibri;\"><span lang=\"ar-SA\"><span style=\"font-family: Arial;\"><span style=\"font-size: small;\">و</span></span></span></span><span style=\"font-size: small;\">12 </span><span style=\"font-family: Calibri;\"><span lang=\"ar-SA\"><span style=\"font-family: Arial;\"><span style=\"font-size: small;\">و</span></span></span></span><span style=\"font-size: small;\">13 </span><span style=\"font-family: Calibri;\"><span lang=\"ar-SA\"><span style=\"font-family: Arial;\"><span style=\"font-size: small;\">من شهر ابريل عام </span></span></span></span><span style=\"font-size: small;\">2014 </span><span style=\"font-family: Calibri;\"><span lang=\"ar-SA\"><span style=\"font-family: Arial;\"><span style=\"font-size: small;\">ويعاد في </span></span></span></span><span style=\"font-size: small;\">18 </span><span style=\"font-family: Calibri;\"><span lang=\"ar-SA\"><span style=\"font-family: Arial;\"><span style=\"font-size: small;\">و </span></span></span></span><span style=\"font-size: small;\">19 </span><span style=\"font-family: Calibri;\"><span lang=\"ar-SA\"><span style=\"font-family: Arial;\"><span style=\"font-size: small;\">و</span></span></span></span><span style=\"font-size: small;\">20 </span><span style=\"font-family: Calibri;\"><span lang=\"ar-SA\"><span style=\"font-family: Arial;\"><span style=\"font-size: small;\">من نفس الشهر </span></span></span></span><span style=\"font-size: small;\">, </span><span style=\"font-family: Calibri;\"><span lang=\"ar-SA\"><span style=\"font-family: Arial;\"><span style=\"font-size: small;\">تم بيع التذاكر في اقل من </span></span></span></span><span style=\"font-size: small;\">3 </span><span style=\"font-family: Calibri;\"><span lang=\"ar-SA\"><span style=\"font-family: Arial;\"><span style=\"font-size: small;\">ساعات </span></span></span></span></p>\r\n<p style=\"margin-bottom: 0.35cm;\"><span style=\"font-family: Calibri;\"><span lang=\"ar-SA\"><span style=\"text-decoration: underline;\"><span style=\"font-family: Arial;\"><span style=\"font-size: small;\">مهرجان كواتشيلا العنوان</span></span></span></span></span><span style=\"font-size: small;\"><span style=\"text-decoration: underline;\">: 81-800 </span></span><span style=\"font-family: Calibri;\"><span lang=\"ar-SA\"><span style=\"text-decoration: underline;\"><span style=\"font-family: Arial;\"><span style=\"font-size: small;\">شارع </span></span></span></span></span><span style=\"font-size: small;\"><span style=\"text-decoration: underline;\">51</span></span><span style=\"font-family: Calibri;\"><span lang=\"ar-SA\"><span style=\"text-decoration: underline;\"><span style=\"font-family: Arial;\"><span style=\"font-size: small;\">، إنديو، </span></span></span></span></span><span style=\"font-size: small;\"><span style=\"text-decoration: underline;\">CA 92201</span></span></p>\r\n<p style=\"margin-bottom: 0.35cm;\"><span style=\"font-family: Calibri;\"><span lang=\"ar-SA\"><span style=\"font-family: Arial;\"><span style=\"font-size: small;\">استجر فان من مطار لوس انجلوس الدولي وانجز جميع احتياجاتك للانتقال الي مهرجان كواتشيلا السنوي لماذا تقوم بتأجير العديد من السيارات ويوجد لديك شركة مختصة في الخدمات المهمة لنقل مجموعة كبيرة </span></span></span></span><span style=\"font-size: small;\">, </span><span style=\"font-family: Calibri;\"><span lang=\"ar-SA\"><span style=\"font-family: Arial;\"><span style=\"font-size: small;\">سواء كنت مع </span></span></span></span><span style=\"font-size: small;\">7 </span><span style=\"font-family: Calibri;\"><span lang=\"ar-SA\"><span style=\"font-family: Arial;\"><span style=\"font-size: small;\">افراد او اكثر في لوس انجلوس او في مطار لوس انجلوس الدولي فنجن لدينا العربات المناسبة للحجم لنقلك بأسعار معقولة تناسب ميزانيتك </span></span></span></span></p>\r\n<p style=\"margin-bottom: 0.35cm;\"><span style=\"font-family: Calibri;\"><span lang=\"ar-SA\"><span style=\"font-family: Arial;\"><span style=\"font-size: small;\">في إيجارات لوس انجلوس نحن نقدم عربات ذات حمولة </span></span></span></span><span style=\"font-size: small;\">12 </span><span style=\"font-family: Calibri;\"><span lang=\"ar-SA\"><span style=\"font-family: Arial;\"><span style=\"font-size: small;\">شخص وذات حمولة </span></span></span></span><span style=\"font-size: small;\">15 </span><span style=\"font-family: Calibri;\"><span lang=\"ar-SA\"><span style=\"font-family: Arial;\"><span style=\"font-size: small;\">شخص قم باستئجار العربات من خلال موقعنا علي شبكة الانترنت او من خلال حجز كامل للعربة من خلال الموقع الالكتروني وسوف تحصل علي </span></span></span></span><span style=\"font-size: small;\">10% </span><span style=\"font-family: Calibri;\"><span lang=\"ar-SA\"><span style=\"font-family: Arial;\"><span style=\"font-size: small;\">خصم علي تأجير الشاحنة </span></span></span></span></p>\r\n<p style=\"margin-bottom: 0.35cm;\"><span style=\"font-family: Calibri;\"><span lang=\"ar-SA\"><span style=\"font-family: Arial;\"><span style=\"font-size: small;\">اتصل الان في شركة مطار لوس انجلوس لتأجير العربات واحصل علي رحلتك المميزة في لوس انجلوس دون التعرض لمتاعب في السفر&nbsp;</span></span></span></span></p>\r\n</div>');
INSERT INTO `footer_cms` (`id`, `key`, `content_eng`, `content_spa`, `content_por`, `content_arab`) VALUES
(7, 'Discount Van Rental Lax Coupon', '<h2>Get 10% Online Discount for Van Rentals in Los Angeles:</h2>\r\n<p>If you are looking for an affordable discounted rate and cheap&nbsp;van rentals in Los Angeles airport LAX , you have come to the right place. Rent a passenger van in Los Angeles through lax-van-rentals.com or make a complete reservation online via valid coupon code and you will receive 10% online discount on initial rate. This offer is not valid for reservations made&nbsp;through phone.</p>\r\n<p><img style=\"display: block; margin-left: auto; margin-right: auto;\" src=\"../assets/images/10-discountforlaxvanrentals.jpg\" alt=\"10% Online discount for van rental Los Angeles\" width=\"850\" height=\"213\" /><br /> LAX van rentals offers additional coupon and promotion code to increase sales, number of new customers and reward current clients. There are a variety of coupon code delivery channles such as social networks Google plus, Facebook, Twitter page and etc.&nbsp; We invite you to like <a title=\"LAX Van Rentals Facebook page\" href=\"https://www.facebook.com/LAXVanRentalFCVans\">LAX Van Rentals Facebook page</a> or join us at <a title=\"LAX Van Rental Google plus page\" href=\"https://plus.google.com/b/104773323692218299631/+LAXVanRentalFCVansAnaheim/posts\">LAX Van Rental Google plus page</a> and get copoun code and available promotions.</p>\r\n<h2 style=\"color: #000000;\">Miilitary personnel discount for Passenger Van Rental in Los Angeles:</h2>\r\n<p>LAX van rentals is saluting active U.S. military personnel by offering 10% discount on Los Angeles van rental cost.<br /> Active-duty US military personnel with proper valid ID or US Armed Forces identification cards with minimum 5 days booking can get 10% discount.</p>\r\n<ul>\r\n<li>This 10% military discount can not be combined with other coupons or discount offers; refer to our policy and the conditions for each offer.</li>\r\n<li>Additional restrictions may apply.</li>\r\n<li>This military discount Offer is valid only from Jun 1, 2017 to May 1, 2018.</li>\r\n</ul>\r\n<h2 style=\"color: #000000;\">Rent Passenger Van in Los Angeles and save additinal with coupon code:</h2>\r\n<p style=\"text-align: justify;\">We have also coupon code for Los Angeles van rental services including LAX van rental and van rental Los Angeles&nbsp;that gives you 4% to 10% additinal discount. Simply search online for lax van rental coupon and you will find the code to save more. Contact <a href=\"../Contact-lax-van-rentals.php\">LAX Van rentals</a> today to reserve the family passenger van for your Los Angeles trip.</p>\r\n<p style=\"text-align: justify;\">Lax van rentals offers the same discounts for&nbsp;<a title=\"15 passenger van rentals\" href=\"../15-Passenger-Van-Rentals-Los-Angeles.php\">15 passenger van rentals</a> ,&nbsp;<a title=\"12 seat van rentals\" href=\"../12-Passenger-Van-Rentals-Los-Angeles.php\">12 seat van rentals</a> ,&nbsp;<a title=\"11 passenger van rentals\" href=\"../8-Passenger-Van-Rentals-Los-Angeles.php\">11 passenger van rentals</a> , 8 passenger van rentals and&nbsp;<a title=\"Cargo Van Rental\" href=\"../Cargo-Van-Rentals-Los-Angeles.php\">cargo van</a> to member of AAA &nbsp;and travel agencies.<br /> For Van Hire Los Angeles or Van Hire LAX use this promotion code lax2015 and get some additional discount at <a title=\"lax-van-rentals.com Promotional Discount and Coupon\" href=\"../\">lax-van-rentals.com</a><br /> <br /> Offer valid only for online reservations and it cannot be combined with any other offers</p>', '<h2>Cupones de descuento&nbsp; en LAX van rental</h2>\r\n<p>Recibe 10% de descuento utilizando <strong>el coupon adquerido en LAX van rental</strong><br /><br /> LAX van rental ofrecemos Cupones de descuento de adquiler. Consigue un Cupones de 10% de descuento a Alquiler Van Los Angeles .</p>\r\n<p><img style=\"display: block; margin-left: auto; margin-right: auto;\" src=\"../assets/images/10-discountforlaxvanrentals.jpg\" alt=\"10% Online discount for van rental Los Angeles\" width=\"850\" height=\"213\" /><br />Si usted est&aacute; <a title=\"buscando de camionetas de renta en LAX en Los Angeles\" href=\"lax-van-rentals.com\"><strong>buscando de camionetas de renta en LAX en Los Angeles</strong></a>, usted ha venido al lugar correcto.<br /> Alquile una camioneta en Los Angeles a trav&eacute;s de nuestro sitio web o hacer una reservacion por internet y usted recibir&aacute; un 10%&nbsp; descuento autom&aacute;tico.<br /><br />&iquest;A Quine no le gusta los buenos descuentos adicionales? Con nuestros servicios de alquiler baratos&nbsp; en aeropuerto de Los Angeles LAX, tambi&eacute;n puede hacer uso de los descuentos adqueridos en nuestro sitio web.<br />Usted recibir&aacute; el mejor paquete econ&oacute;mico de cualquiera de nuestras camionetas de 8 , 11 , 12 o 15 pasajeros de transporte si utilizan estos c&oacute;digos de descuento o cupones promosion<br /><br />Incluso las peque&ntilde;as empresas u organizaciones sin fines de lucro pueden hacer uso de nuestros veh&iacute;culos de pasajeros en el aeropuerto de LAX y obtener excelentes tarifas econ&oacute;micas, m&aacute;s descuentos.</p>\r\n<h2 style=\"color: #000000;\">Personal Militar ahorra un 10% en el aeropuerto LAX :)</h2>\r\n<p><br />LAX van&nbsp; honramos el personal activo militar de Estados Unidos, ofrecemos el 10% de descuento en el precio del alquiler de nuestras camionetas en Los Angeles.<br />Con servicio activo&nbsp; y targetas de servicio de identificaci&oacute;n de las Fuerzas Armadas de Estados Unidos adecuadas o en servicio activo del personal militar, m&iacute;nimo 5 d&iacute;as Reservaci&oacute;n Requerida.<br /><br />Este descuento militar del 10% no puede ser combinada con otros cupones u ofertas de descuentos; consulte nuestra pol&iacute;tica y las condiciones para cada oferta.<br /><br />Pueden aplicarse restricciones adicionales.<br />Esta oferta de descuento militar s&oacute;lo es v&aacute;lida a partir de enero 1, 2017 a diciembre 1, 2018.</p>\r\n<p align=\"justify\">&nbsp;<a href=\"../Contact-lax-van-rentals.php\">Contacto Alquiler LAX Van Rentals</a> hoy para reservar su camioneta de pasajeros de la familia del viaje de Los &Aacute;ngeles.</p>\r\n<p align=\"center\">&nbsp;</p>', '<h2>Tire 10% de desconto na LAX Van Rentals em Los Angeles:</h2>\r\n<p>Se t&aacute; &agrave; procura de uma <strong>taxa de desconto </strong>e de<strong> aluguer de carros van baratos da LAX van rentals no aeroporto de Los Angeles</strong>, ent&atilde;o encontrou a p&aacute;gina web certa. Alugue um carro van em Los Angeles pela lax-van-rentals.com ou fa&ccedil;a uma reserva completa online na lax van rentals e receber&aacute; automaticamente um desconto de 10% na <strong>lax van rentals</strong>.</p>\r\n<p><img style=\"display: block; margin-left: auto; margin-right: auto;\" src=\"../assets/images/10-discountforlaxvanrentals.jpg\" alt=\"10% Online discount for van rental Los Angeles\" width=\"850\" height=\"213\" /><br /> A LAX van rentals, oferece um cupom adicional e um c&oacute;digo promocional para aumentar as vendas, o n&uacute;mero de clientes novos e recompensar os clientes atuais. Existe uma variedade de canais de entrega de c&oacute;digos de cupom como certas redes sociais. Tais como a Google plus, Facebook, Twitter e etc.&nbsp; Convidamos voc&ecirc; a dar um like <a href=\"https://www.facebook.com/LAXVanRentalFCVans\">na p&aacute;gina de Facebook da LAX Van Rentals</a> ou junta-se a n&oacute;s na <a href=\"https://plus.google.com/b/104773323692218299631/+LAXVanRentalFCVansAnaheim/posts\">P&aacute;gina de Google plus da LAX Van Rentals</a> e ganhe um c&oacute;digo de cupom e promo&ccedil;&otilde;es dispon&iacute;veis.</p>\r\n<h2>Desconto para pessoal do ex&eacute;rcito no&nbsp; aluguer de carros van de passageiros em Los Angeles:</h2>\r\n<p>A LAX van rentals, est&aacute; a saudar o ex&eacute;rcito militar dos E.U.A. com um desconto de 10% nos custos de aluguer de carros van em Los Angeles.<br /> Pessoal ativo do ex&eacute;rcito militar dos E.U.A. com identifica&ccedil;&atilde;o v&aacute;lida &nbsp;cart&otilde;es de identifica&ccedil;&atilde;o das for&ccedil;as armadas dos E.U.A. &nbsp;que efetuar uma reserva com 5 dias anteced&ecirc;ncia, receber&aacute; um desconto de 10%.</p>\r\n<ul>\r\n<li>Esse desconto militar de 10% n&atilde;o pode ser juntado com outros cupons nem com ofertas de desconto; Tenha sempre como refer&ecirc;ncia os nossos termos e condi&ccedil;&otilde;es para cada oferta.</li>\r\n<li>Restri&ccedil;&otilde;es adicionais poder&atilde;o ser aplicadas.</li>\r\n<li>Esta oferta de desconto militar s&oacute; &eacute; v&aacute;lida a partir do dia 1 de Jun, 2017 at&eacute; 1 de Maio, 2018</li>\r\n</ul>\r\n<h2>Alugue carros van em Los Angeles e poupe com o c&oacute;digo de cupom:</h2>\r\n<p>Temos tamb&eacute;m c&oacute;digos de cupom para o aluguer de servi&ccedil;os de carros van em Los Angeles, incluindo a &nbsp;LAX van rental e a van rental Los Angeles&nbsp;que oferece descontos adicionais de 4% a 10%. Fa&ccedil;a uma simples busca online de cupons da lax van rental e ir&aacute; encontrar o c&oacute;digo para poupar mais. Contate hoje a <a href=\"../Contact-lax-van-rentals.php\">LAX Van rentals</a> para reservar um carro van de passageiros para sua fam&iacute;lia, para sua viagem a Los Angeles.</p>\r\n<p>A Lax van rentals, oferece os mesmo descontos para o&nbsp;<a href=\"../15-Passenger-Van-Rentals-Los-Angeles.php\">aluguer de carros van de passageiros de 15 lugares</a> ,&nbsp;<a href=\"../12-Passenger-Van-Rentals-Los-Angeles.php\">aluguer de carros van de 12 lugares</a> ,&nbsp;<a href=\"../8-Passenger-Van-Rentals-Los-Angeles.php\">aluguer de carros van de passageiros de 11 lugares</a> , aluguer de carros van de passageiros de 8 lugares e de &nbsp;<a href=\"../Cargo-Van-Rentals-Los-Angeles.php\">carros van de carga</a>, a membros da AAA &nbsp;e de ag&ecirc;ncias de viagem.<br /> Para a contrata&ccedil;&atilde;o de carros van Los Angeles ou de carros van LAX, use este c&oacute;digo de promo&ccedil;&atilde;o lax2015 e ganhe descontos adicionais na <a href=\"../\">lax-van-rentals.com</a><br /> <br /> Oferta v&aacute;lida apenas para as reservas online e n&atilde;o poder&aacute; ser juntada com outras ofertas.</p>\r\n<p>&nbsp;</p>', '<p><span style=\"font-family: Calibri;\"><span lang=\"ar-SA\">???? ??? ????? </span></span>10% <span style=\"font-family: Calibri;\"><span lang=\"ar-SA\">?? </span></span>LAX <span style=\"font-family: Calibri;\"><span lang=\"ar-SA\">?????? ???????? ?? ??? ?????? </span></span>.</p>\r\n<p dir=\"rtl\" style=\"margin-bottom: 0.35cm;\"><span style=\"font-family: Calibri;\"><span lang=\"ar-SA\">??? ??? ???? ?? ????? ????? ??? ??????? ????? ???? ???? ?? ?????? ?????????? ??????? ???? </span></span></p>\r\n<p dir=\"rtl\" style=\"margin-bottom: 0.35cm;\"><span style=\"font-family: Calibri;\"><span lang=\"ar-SA\">?? ?????? ??? ?? ??????? </span></span>LAX <span style=\"font-family: Calibri;\"><span lang=\"ar-SA\">?? ???? ?????? ?? ???? ?????? ?????????? ?<strong>???? ??? </strong></span></span><strong>10% <span style=\"font-family: Calibri;\"><span lang=\"ar-SA\">?????</span></span></strong></p>\r\n<p dir=\"rtl\" style=\"margin-bottom: 0.35cm;\"><span style=\"font-family: Calibri;\"><span lang=\"ar-SA\">???? </span></span>LAX <span style=\"font-family: Calibri;\"><span lang=\"ar-SA\">???? ????? ?????? ???? ????? ????? ?????? ??? ??????? ??????? ??????? ???????? </span></span></p>\r\n<p dir=\"rtl\" style=\"margin-bottom: 0.35cm;\"><br /> <span style=\"font-family: Calibri;\"><span lang=\"ar-SA\">????? ?????? ?? ????? ???? ???? ?? ?????? ????? ??? ??????? ??? ????? ??? ?????? ????? ??<span style=\"font-family: Calibri;\">.<br /> <span id=\"result_box\" lang=\"ar\"><span class=\"hps\">?????</span> <span class=\"hps\">????</span> <span class=\"hps\">??????</span> <span class=\"hps\">LAX</span> <span class=\"hps\">???</span> <span class=\"hps\">???????</span> <span class=\"hps\">????????</span> <span class=\"hps\">??</span> <span class=\"hps\">???????? ?????</span> <span class=\"hps\">?? ???? ??? ??????</span> <span class=\"hps\">???</span> <span class=\"hps\">?????</span> <span class=\"hps\">???? ???</span> <span class=\"hps\">??????</span> <span class=\"hps\">?</span>?????? ??? ??? <span id=\"result_box\" class=\"short_text\" lang=\"ar\"><span class=\"hps\">????? </span></span> <span class=\"hps\">?</span>???????? <span class=\"hps\">???????.</span></span></span><br /> </span></span></p>\r\n<p dir=\"rtl\" style=\"margin-bottom: 0.35cm;\"><span style=\"font-family: Calibri;\"><span lang=\"ar-SA\">?????? ?? </span></span>LAX <span style=\"font-family: Calibri;\"><span lang=\"ar-SA\">????? ??? ????? ??? ????? ??????? </span></span></p>\r\n<p dir=\"rtl\" style=\"margin-bottom: 0.35cm;\"><span style=\"font-family: Calibri;\"><span lang=\"ar-SA\">????? ???? ????? ??????? ??? ???? ??????? ?? ??? ?????? ?? ?? ???? ??? ????? ?????? <strong>????? ????? </strong></span></span><strong>4% <span style=\"font-family: Calibri;\"><span lang=\"ar-SA\">?? </span></span>7% <span style=\"font-family: Calibri;\"><span lang=\"ar-SA\">????? ????? ??? ????????? </span></span></strong></p>\r\n<p dir=\"rtl\" style=\"margin-bottom: 0.35cm;\"><span style=\"font-family: Calibri;\"><span lang=\"ar-SA\">????? ????? ?? </span></span>LAX <span style=\"font-family: Calibri;\"><span lang=\"ar-SA\">?????? ???????? ??????? ????? ???? ????? ??????? ?????? ?????? ?? ??? ?????? </span></span></p>\r\n<p dir=\"rtl\" style=\"margin-bottom: 0.35cm;\">LAX <span style=\"font-family: Calibri;\"><span lang=\"ar-SA\">???? ???? ??? ??????? ???????? ??? <strong>????? </strong></span></span><strong>12 <span style=\"font-family: Calibri;\"><span lang=\"ar-SA\">???? ? </span></span>15 <span style=\"font-family: Calibri;\"><span lang=\"ar-SA\">???? ?????? </span></span>AAA</strong> <span style=\"font-family: Calibri;\"><span lang=\"ar-SA\">?????? ????? ?????<br /> <br /> <span id=\"result_box\" lang=\"ar\"><span class=\"hps\">?</span>????? <strong><span class=\"hps\">???</span> <span class=\"hps\">???????</span> <span class=\"hps\">??</span> <span class=\"hps\">??? ??????</span> </strong><span class=\"hps\">???????</span> <span class=\"hps\">???????</span> <span class=\"hps\">???</span> <span class=\"hps\">????? ????????</span> <span class=\"hps atn\">\"</span><strong>burningman\"</strong> <span class=\"hps\">??????? ??? ???</span> <span class=\"hps\">??? ?????</span>.</span></span></span></p>\r\n<p dir=\"rtl\" style=\"margin-bottom: 0.35cm;\"><span style=\"font-family: Calibri;\"><span lang=\"ar-SA\">????? ????????? ?? ??????? ??? ??? ?????? ?????????? ??? ???? ???? ????? ?? ???? ????</span></span></p>\r\n<p style=\"text-align: center;\"><a title=\"??? ??? ????? ????? ??? ?????? \" href=\"https://lax-van-rentals.com/Discount-Van-Rental-Lax-Coupon.php\"><img src=\"../cms-image/10percent-promo.jpg\" alt=\"Discount\" /></a></p>'),
(8, 'Lax Van Rental Sitemap', '<h2 style=\"color: #000000;\">LAX Van Rentals<br /> &nbsp;</h2>\r\n<p><a title=\"HOME LAX Van Rental | Los Angeles 12 15 Passenger Van Rentals | LA Van Rentals\" href=\"../index.php\">HOME | Los Angeles Airport LAX 12 15 Passenger Van Rentals</a><br /> <br /> <a title=\"15 &amp; 12 Passenger Los Angeles LAX  Vans Fleet\" href=\"../LAX-Passenger-Van-Fleet.php\">LAX Van Rentals Fleet </a><br /> <br /> <a title=\"Frequently Asked Questions LAX Van Rental Services \" href=\"https://lax-van-rentals.com/lax-van-rental-faq.php\">Frequently Asked Questions LAX Van Rentals Services </a><br /> <br /> <a title=\"Contact LAX Van Rentals info@www.lax-van-rentals.com | call 855-877-4433	\" href=\"../Contact-lax-van-rentals.php\">Contact&nbsp;LAX Van Rentals&nbsp;info@lax-van-rentals.com | Call Toll Free 888-840-1198</a></p>\r\n<div>&nbsp;</div>\r\n<h2 style=\"color: #000000;\">What we offer:</h2>\r\n<p><a title=\"15 Passenger Van Rentals | Los Angeles Airport LAX Van Rentals\" href=\"../vehicle-details.php?vid=3\">15 Passenger Van Rentals | Los Angeles Airport LAX Van Rentals</a> <br /><br /><a title=\"12 Passenger Van Rentals | Los Angeles Airport LAX Van Rentals\" href=\"https://lax-van-rentals.com/vehicle-details.php?vid=2\">12 Passenger Van Rentals | Los Angeles Airport LAX Van Rentals</a><br /> <br /> <a title=\"Los Angeles Van Rental - Van Rental LA\" href=\"../Los-Angeles-Van-Rentals-Los-Angeles.php\">Los Angeles Van Rental - Van Rental LA - Rent a Van in Los Angeles</a><br /> <br /> <a title=\"LAX Van Rental | Los Angeles Airport Van Rental\" href=\"../Lax-Vans-Van-Rentals-Los-Angeles.php\">LAX Van Rental | Los Angeles Airport Van Rental</a><br /> <br /> <a title=\"Discount Van Rental Lax Coupon\" href=\"../Discount-Van-Rental-Lax-Coupon.php\">Discount LAX Van Rental Coupon</a><br /> <br /> <a title=\"Lax Van Rental Sitemap\" href=\"../Lax-Van-Rental-Sitemap.php\">LAX Van Rentals Sitemap</a><br /> <br /> <a title=\"8 Passenger Van Rentals | LAX 8 Passenger seat Van\" href=\"../8-Passenger-Van-Rentals-Los-Angeles.php\">8 Passenger Van Rentals | LAX 8 seat van Rentals Los Angeles</a></p>\r\n<p><a title=\"12 Passenger Van Rental Los Angeles | LAX 12 pass van rentals\" href=\"../12-Passenger-Van-Rentals-Los-Angeles.php\">12 Passenger Van Rental LAX 12 seat van Rentals Los Angeles</a> <a title=\"LAX 15 pass van rentals | 15 Passenger Van Rentals Los Angeles\" href=\"../15-Passenger-Van-Rentals-Los-Angeles.php\"><br /> <br /> 15 Passenger Van rentals | LAX 15 seat van Rentals Los Angeles</a><br /> <br /> <a title=\"Cargo Van Rental LAX | Los Angeles Cargo Van\" href=\"../Cargo-Van-Rentals-Los-Angeles.php\">Cargo Van Rental LAX | Los Angeles Cargo Van</a> <br /><br /><a title=\"Things to Do in Los Angeles | LAX Van Rentals\" href=\"../things-to-do-los-angeles-attraction.php\">Thing to Do in Los Angeles | Los Angeles Attractions</a>&nbsp;</p>\r\n<h3>Resources &amp; Information :<br /> &nbsp;</h3>\r\n<div><a title=\"LAX Parking Terminals MAP\" href=\"../Lax-Map-Parking-Terminals.php\">LAX Parking Terminals MAP</a>&nbsp;<br /> &nbsp;</div>\r\n<div><a title=\"LAX Flight Status\" href=\"../Lax-Flight-Status.php\">Los Angeles LAX Flight Status</a><br /> &nbsp;</div>\r\n<div><a href=\"#\">Los Angeles Van Rentals Driver</a><br /> &nbsp;</div>\r\n<div><a title=\"LAX Van Rentals Safety tips \" href=\"../15-12-Passenger-Van-Safety.php\">Passenger Van Safety Tips</a><br /> &nbsp;</div>\r\n<div><a title=\"DMV Driving Rules In California\" href=\"../DMV-Driving-Rules-In-California.php\">California DMV Driving Rules</a><br /> &nbsp;</div>\r\n<div><a title=\"Rent van for Los Angeles event\" href=\"../Los-Angeles-LA-Events.php\">Los Angeles LA Events</a></div>\r\n<p><br /> <a title=\"PRIVACY POLICY\" href=\"../privacy-policy.php\">Privacy &amp; Terms</a></p>\r\n<h3 style=\"color: #000000;\">Content:</h3>\r\n<p><a title=\"Cheap van rental Los Angeles Cheap\" href=\"../cheap-van-rental-los-angeles-cheap.php\">Cheap van rental Los Angeles</a></p>\r\n<p><a title=\"Full Size Passenger Van Los Angeles Airport LAX\" href=\"../full-size-passenger-van-los-angeles-airport-lax.php\">Full Size Passenger Van Los Angeles Airport LAX</a>&nbsp;</p>\r\n<p><a title=\"van hire los angeles airport lax\" href=\"../van-hire-los-angeles-airport-lax.php\">Van Hire Los Angeles Airport LAX</a></p>\r\n<p><a title=\"Visit LA in style with cheap van hire Los Angeles airport LAX\" href=\"../Visit-LA-in-style-with-cheap-van-hire-los-angeles-airport-lax.php\">Visit LA in style with cheap van hire Los Angeles airport LAX</a>&nbsp;</p>\r\n<p><a title=\"Save Money with One Way Cheap Van Rental Los Angeles to San Francisco\" href=\"../save-money-cheap-van-rental-los-angeles-to-san-francisco.php\">Save Money with One Way Cheap Van Rental Los Angeles to San Francisco</a></p>\r\n<p><a title=\"One Way Cheap Van Rental Los Angeles to Las Vegas for a Fun Filled Visit\" href=\"../one-way-cheap-van-rental-los-angeles-to-las-vegas-for-a-fun-filled-visit.php\">One Way Cheap Van Rental Los Angeles to Las Vegas for a Fun Filled Visit</a></p>\r\n<p><a title=\"Choose affordable LAX van rental Los Angeles for a memorable trip\" href=\"choose-affordable-lax-van-rental-los-angeles-for-memorable-trip.php\">Choose affordable LAX van rental Los Angeles for a memorable trip</a></p>\r\n<p><a title=\"minivan rental in Los Angeles airport LAX\" href=\"minivan-rental-in-los-angeles-airport-LAX.php\">What we offer at minivan rental in Los Angeles airport LAX?</a></p>\r\n<p><a title=\"Rent Mercedes Benz Sprinter Passenger Van from LAX Van Rentals\" href=\"sprinter-van-rental-los-angeles.php\">Rent Mercedes Benz Sprinter Passenger Van from LAX Van Rentals</a></p>\r\n<p><a title=\"Hire cheap 12 or 15 passenger van rental Los Angeles airport LAX with unlimited mileage free km\" href=\"../Hire-cheap-12-15-passenger-van-rental-Los-Angeles-airport-LAX-with-unlimited-mileage-km.php\">Hire cheap 12 or 15 passenger van rental Los Angeles airport LAX with unlimited mileage free km</a></p>\r\n<p><a title=\"cheap passenger van rental San Diego Airport one way\" href=\"../cheap-passenger-van-rental-san-diego-airport-one-way.php\">Cheap passenger van rental San Diego Airport one way</a></p>\r\n<p><a title=\"15 passenger van safety tips guidline\" href=\"../15-passenger-van-safety-tips-guidline.php\" target=\"_blank\">15 passenger van safety tips guidline</a></p>\r\n<p><a title=\"Rent 15 Passenger Van for a short trip to Los Angeles, Las Vegas or San Francisco\" href=\"../15-passenger-van-rentals-for-a-short-trip-to-Los-Angeles-Las-Vegas-or-San-Francisco.php\">Rent 15 Passenger Van for a short trip to Los Angeles, Las Vegas or San Francisco</a></p>\r\n<p><a title=\"Choose LAX Van Rentals for a safe and enjoyable journey from Los Angeles\" href=\"../Choose-LAX-Van-rentals-for-a-safe-and-enjoyable-journey-from-Los-Angeles.php\">Choose LAX Van rentals for a safe and enjoyable journey from Los Angeles </a>&nbsp;</p>\r\n<p><a title=\"Why should you choose LAX Van Rentals? \" href=\"../why-should-you-choose-LAX-Van-Rentals.php\">Why should you choose LAX Van Rentals?</a>&nbsp;</p>\r\n<p><a title=\"Van Rental LAX Airport Available on Short Notice:\" href=\"../Van-rental-lax-airport-available-on-short-notice.php\">Van Rental LAX Airport Available on Short Notice:</a></p>\r\n<p><a title=\"Van Rental Services in Los Angeles Are Seeing Booming Business\" href=\"../Van-rental-LosAngeles-services-are-seeing-booming-business.php\" target=\"_blank\">Van Rental Services in Los Angeles Are Seeing Booming Business</a></p>\r\n<p>&nbsp;<a title=\"Full size Cheap 12 passenger van rental in Los Angeles CA\" href=\"../Full-size-cheap-12-passenger-van-rental-in-Los-Angeles-CA.php\" target=\"_blank\">Full size Cheap 12 passenger van rental in Los Angeles CA</a></p>\r\n<p>&nbsp;<a title=\"Too many people on a road trip, choose  7 passenger minivan rental in Los Angeles airport LAX\" href=\"../Too-many-people-on-a-road-trip-choose-7-passenger-minivan-rental-in-Los-Angeles.php\" target=\"_blank\">Too many people on a road trip, choose 7 passenger minivan rental in Los Angeles airport LAX</a></p>\r\n<p><a title=\"7 Attributes To Look For While Choosing Van Rentals Los Angeles\" href=\"../7-Attributes-To-Look-For-While-Choosing-Van-Rentals-Los-Angeles.php\" target=\"_blank\">7 Attributes To Look For While Choosing Van Rentals Los Angeles</a></p>\r\n<p><a title=\"12 Passenger Van Rental in Los Angeles Airport LAX\" href=\"../12-Passenger-Van-Rental-in-Los-Angeles-Airport-LAX.php\" target=\"_blank\">12 Passenger Van Rental in Los Angeles Airport LAX</a></p>\r\n<p><a title=\"Best LAX Van Rental Los Angeles\" href=\"../Best-LAX-Van-Rental-Los-Angeles.php\" target=\"_blank\">Best LAX Van Rental Los Angeles</a></p>', '<h3>LAX Van Rentals<br /> &nbsp;</h3>\r\n<p><a title=\"HOME LAX Van Rental | Los Angeles 12 15 Pasajeros Van Rentals | LA Van Rentals\" href=\"../index.php\">HOME | Los Angeles Airport LAX 12 15 Pasajeros Van Rentals</a><br /> <br /> <a title=\"15 &amp; 12 Pasajeros Los Angeles LAX  Vans Fleet\" href=\"../LAX-Pasajeros-Van-Fleet.php\">LAX Van Rentals Fleet </a><br /> <br /> <a title=\"Frequently Asked Questions LAX Van Rental Services \" href=\"https://lax-van-rentals.com/lax-van-rental-faq.php\">Frequently Asked Questions LAX Van Rentals Services </a><br /> <br /> <a title=\"Contact fcVans info@www.lax-van-rentals.com | call 855-877-4433&lt;/div&gt;\r\n	&lt;div&gt;\r\n		\" href=\"../Contact-lax-van-rentals.php\">Contact&nbsp;LAX Van Rentals&nbsp;info@lax-van-rentals.com | Call Toll Free </a><a title=\"Contact LAX Van Rentals info@www.lax-van-rentals.com | call 855-877-4433	\" href=\"../Contact-lax-van-rentals.php\">888-840-1198</a></p>\r\n<div>&nbsp;</div>\r\n<h3>What we offer:<br /> &nbsp;</h3>\r\n<p><a title=\"15 Pasajeros Van Rentals | Los Angeles Airport LAX Van Rentals\" href=\"lax-van-rentals.com/vehicle-details.php?vid=3\">15 Pasajeros Van Rentals | Los Angeles Airport LAX Van Rentals</a> <br /><br /><a title=\"12 Pasajeros Van Rentals | Los Angeles Airport LAX Van Rentals\" href=\"https://lax-van-rentals.com/vehicle-details.php?vid=2\">12 Pasajeros Van Rentals | Los Angeles Airport LAX Van Rentals</a><br /> <br /> <a title=\"Los Angeles Van Rental - Van Rental LA\" href=\"../Los-Angeles-Van-Rentals-Los-Angeles.php\">Los Angeles Van Rental - Van Rental LA - Rent a Van in Los Angeles</a><br /> <br /> <a title=\"LAX Van Rental | Los Angeles Airport Van Rental\" href=\"../Lax-Vans-Van-Rentals-Los-Angeles.php\">LAX Van Rental | Los Angeles Airport Van Rental</a><br /> <br /> <a title=\"Discount Van Rental Lax Coupon\" href=\"../Discount-Van-Rental-Lax-Coupon.php\">Discount LAX Van Rental Coupon</a><br /> <br /> <a title=\"Lax Van Rental Sitemap\" href=\"../Lax-Van-Rental-Sitemap.php\">LAX Van Rentals Sitemap</a><br /> <br /> <a title=\"8 Pasajeros Van Rentals | LAX 8 Pasajeros seat Van\" href=\"../8-Pasajeros-Van-Rentals-Los-Angeles.php\">8 Pasajeros Van Rentals | LAX 8 seat van Rentals Los Angeles</a></p>\r\n<div>&nbsp;</div>\r\n<p><a title=\"12 Pasajeros Van Rental Los Angeles | LAX 12 pass van rentals\" href=\"../12-Pasajeros-Van-Rentals-Los-Angeles.php\">12 Pasajeros Van Rental LAX 12 seat van Rentals Los Angeles</a> <a title=\"LAX 15 pass van rentals | 15 Pasajeros Van Rentals Los Angeles\" href=\"../15-Pasajeros-Van-Rentals-Los-Angeles.php\"><br /> <br /> 15 Pasajeros Van rentals | LAX 15 seat van Rentals Los Angeles</a><br /> <br /> <a title=\"Cargo Van Rental LAX | Los Angeles Cargo Van\" href=\"../Cargo-Van-Rentals-Los-Angeles.php\">Cargo Van Rental LAX | Los Angeles Cargo Van</a> <br /><br /><a title=\"Things to Do in Los Angeles | LAX Van Rentals\" href=\"lax-van-rentals.com/things-to-do-los-angeles-attraction.php\">Thing to Do in Los Angeles | Los Angeles Attractions</a>&nbsp;</p>\r\n<h3>Resources &amp; Information :<br /> &nbsp;</h3>\r\n<div><a href=\"#\">LAX Parking Terminals MAP</a>&nbsp;<br /> &nbsp;</div>\r\n<div><a href=\"#\">Los Angeles LAX Flight Status</a><br /> &nbsp;</div>\r\n<div><a href=\"#\">Los Angeles Van Rentals Driver</a><br /> &nbsp;</div>\r\n<div><a href=\"../Lax-Van-Rental-Sitemap.php\">Pasajeros Van Safety Tips</a><br /> &nbsp;</div>\r\n<div><a href=\"../Lax-Van-Rental-Sitemap.php\">California DMV Driving Rules</a><br /> &nbsp;</div>\r\n<div><a href=\"../Lax-Van-Rental-Sitemap.php\">Los Angeles LA Events</a></div>\r\n<p><br /> <a title=\"PRIVACY POLICY\" href=\"../privacy_policy.php\">Privacy &amp; Terms</a></p>', '<h3>LAX Van Rentals<br />&nbsp;</h3>\r\n<p><a title=\"HOME LAX Van Rental | Los Angeles 12 15 Pasajeros Van Rentals | LA Van Rentals\" href=\"../index.php\">HOME | Los Angeles Airport LAX 12 15 Pasajeros Van Rentals</a><br /><br /><a title=\"15 &amp; 12 Pasajeros Los Angeles LAX  Vans Fleet\" href=\"../LAX-Pasajeros-Van-Fleet.php\">LAX Van Rentals Fleet&nbsp;</a><br /><br /><a title=\"Frequently Asked Questions LAX Van Rental Services \" href=\"https://lax-van-rentals.com/lax-van-rental-faq.php\">Frequently Asked Questions LAX Van Rentals Services&nbsp;</a><br /><br /><a title=\"Contact fcVans info@www.lax-van-rentals.com | call 855-877-4433&lt;/div&gt;\r\n	&lt;div&gt;\r\n		\" href=\"../Contact-lax-van-rentals.php\">Contact&nbsp;LAX Van Rentals&nbsp;info@lax-van-rentals.com | Call Toll Free </a><a title=\"Contact LAX Van Rentals info@www.lax-van-rentals.com | call 855-877-4433	\" href=\"../Contact-lax-van-rentals.php\">888-840-1198</a></p>\r\n<div>&nbsp;</div>\r\n<h3>What we offer:<br />&nbsp;</h3>\r\n<p><a title=\"15 Pasajeros Van Rentals | Los Angeles Airport LAX Van Rentals\" href=\"lax-van-rentals.com/vehicle-details.php?vid=3\">15 Pasajeros Van Rentals | Los Angeles Airport LAX Van Rentals</a>&nbsp;<br /><br /><a title=\"12 Pasajeros Van Rentals | Los Angeles Airport LAX Van Rentals\" href=\"https://lax-van-rentals.com/vehicle-details.php?vid=2\">12 Pasajeros Van Rentals | Los Angeles Airport LAX Van Rentals</a><br /><br /><a title=\"Los Angeles Van Rental - Van Rental LA\" href=\"../Los-Angeles-Van-Rentals-Los-Angeles.php\">Los Angeles Van Rental - Van Rental LA - Rent a Van in Los Angeles</a><br /><br /><a title=\"LAX Van Rental | Los Angeles Airport Van Rental\" href=\"../Lax-Vans-Van-Rentals-Los-Angeles.php\">LAX Van Rental | Los Angeles Airport Van Rental</a><br /><br /><a title=\"Discount Van Rental Lax Coupon\" href=\"../Discount-Van-Rental-Lax-Coupon.php\">Discount LAX Van Rental Coupon</a><br /><br /><a title=\"Lax Van Rental Sitemap\" href=\"../Lax-Van-Rental-Sitemap.php\">LAX Van Rentals Sitemap</a><br /><br /><a title=\"8 Pasajeros Van Rentals | LAX 8 Pasajeros seat Van\" href=\"../8-Pasajeros-Van-Rentals-Los-Angeles.php\">8 Pasajeros Van Rentals | LAX 8 seat van Rentals Los Angeles</a></p>\r\n<div>&nbsp;</div>\r\n<p><a title=\"12 Pasajeros Van Rental Los Angeles | LAX 12 pass van rentals\" href=\"../12-Pasajeros-Van-Rentals-Los-Angeles.php\">12 Pasajeros Van Rental LAX 12 seat van Rentals Los Angeles</a>&nbsp;<a title=\"LAX 15 pass van rentals | 15 Pasajeros Van Rentals Los Angeles\" href=\"../15-Pasajeros-Van-Rentals-Los-Angeles.php\"><br /><br />15 Pasajeros Van rentals | LAX 15 seat van Rentals Los Angeles</a><br /><br /><a title=\"Cargo Van Rental LAX | Los Angeles Cargo Van\" href=\"../Cargo-Van-Rentals-Los-Angeles.php\">Cargo Van Rental LAX | Los Angeles Cargo Van</a>&nbsp;<br /><br /><a title=\"Things to Do in Los Angeles | LAX Van Rentals\" href=\"lax-van-rentals.com/things-to-do-los-angeles-attraction.php\">Thing to Do in Los Angeles | Los Angeles Attractions</a>&nbsp;<br /><br /></p>\r\n<h3>Resources &amp; Information :<br />&nbsp;</h3>\r\n<div><a href=\"#\">LAX Parking Terminals MAP</a>&nbsp;<br />&nbsp;</div>\r\n<div><a href=\"#\">Los Angeles LAX Flight Status</a><br />&nbsp;</div>\r\n<div><a href=\"#\">Los Angeles Van Rentals Driver</a><br />&nbsp;</div>\r\n<div><a href=\"../Lax-Van-Rental-Sitemap.php\">Pasajeros Van Safety Tips</a><br />&nbsp;</div>\r\n<div><a href=\"../Lax-Van-Rental-Sitemap.php\">California DMV Driving Rules</a><br />&nbsp;</div>\r\n<div><a href=\"../Lax-Van-Rental-Sitemap.php\">Los Angeles LA Events</a></div>\r\n<p><br /><a title=\"PRIVACY POLICY\" href=\"../privacy_policy.php\">Privacy &amp; Terms</a></p>', '<h3>LAX ?????? ???????? ??????? :<br /> &nbsp;</h3>\r\n<p><a title=\"HOME LAX Van Rental | Los Angeles 12 15 Passenger Van Rentals | LA Van Rentals\" href=\"../index.php\">???????? / ?????? ????? ??? ????? 12 ?? 15 ???? </a><br /> <br /> <a title=\"15 &amp; 12 Passenger Los Angeles LAX  Vans Fleet\" href=\"../LAX-Passenger-Van-Fleet.php\">???? ???? ????? ?? LAX ?????? ???????? ??????? </a><br /> <br /><a href=\"https://lax-van-rentals.com/lax-van-rental-faq.php\">????? ??????? ?? ??????? ???????</a><a title=\"Frequently Asked Questions LAX Van Rental Services \">&nbsp;</a><br /> <br /> <a title=\"Contact LAX Van REntals info@www.lax-van-rentals.com | call 855-877-4433	\" href=\"../Contact-lax-van-rentals.php\">????? ???? ??? info@lax-van-rentals.com | ?? ???? ?????l 8</a><a title=\"Contact LAX Van Rentals info@www.lax-van-rentals.com | call 855-877-4433	\" href=\"../Contact-lax-van-rentals.php\">888-840-1198</a></p>\r\n<div>&nbsp;</div>\r\n<h3>?? ?? ??????? ???? ?????? <br /> &nbsp;</h3>\r\n<p><a title=\"15 Passenger Van Rentals | Los Angeles Airport LAX Van Rentals\" href=\"../vehicle-details.php?vid=3\"> ?????? ????? ????? 15 ????? <br /><br /></a> <a title=\"12 Passenger Van Rentals | Los Angeles Airport LAX Van Rentals\" href=\"https://lax-van-rentals.com/vehicle-details.php?vid=2\">?????? ????? ????? 12 ????? </a><br /> <br /> <a title=\"Los Angeles Van Rental - Van Rental LA\" href=\"../Los-Angeles-Van-Rentals-Los-Angeles.php\"> ?????? ??????? ?? ??? ?????? </a><br /> <br /> <a title=\"LAX Van Rental | Los Angeles Airport Van Rental\" href=\"../Lax-Vans-Van-Rentals-Los-Angeles.php\">?????? ??????? ?? ???? ??? ?????? ?????? </a><br /> <br /> <a title=\"Discount Van Rental Lax Coupon\" href=\"../Discount-Van-Rental-Lax-Coupon.php\">??????? ??? ???????</a><br /> <br /> <a title=\"Lax Van Rental Sitemap\" href=\"../Lax-Van-Rental-Sitemap.php\">????? ???? ???????</a><br /> <br /> <a title=\"8 Passenger Van Rentals | LAX 8 Passenger seat Van\" href=\"../8-Passenger-Van-Rentals-Los-Angeles.php\">?????? ??????? ????? 8 ??????? ????? ?????? ?????</a></p>\r\n<div>&nbsp;</div>\r\n<p><a title=\"12 Passenger Van Rental Los Angeles | LAX 12 pass van rentals\" href=\"../12-Passenger-Van-Rentals-Los-Angeles.php\">?????? ??????? ????? 12 ????? ????? ?????? ?????</a> <a title=\"LAX 15 pass van rentals | 15 Passenger Van Rentals Los Angeles\" href=\"../15-Passenger-Van-Rentals-Los-Angeles.php\"><br /> <br /> ?????? ??????? ????? 15 ????? ????? ? 15 ????</a><br /> <br /> <a title=\"Cargo Van Rental LAX | Los Angeles Cargo Van\" href=\"../Cargo-Van-Rentals-Los-Angeles.php\">????? ?????? ???? ??????? </a> <a title=\"Things to Do in Los Angeles | LAX Van Rentals\" href=\"../things-to-do-los-angeles-attraction.php\">?????? ?????? ??????? ??????? ???? ??? ?????? </a>&nbsp;</p>\r\n<h3>??????? ?????????? :<br /> &nbsp;</h3>\r\n<div><a title=\"LAX Parking Terminals MAP\" href=\"../Lax-Map-Parking-Terminals.php\">????? ?????? ?????? </a>&nbsp;<br /> &nbsp;</div>\r\n<div><a title=\"LAX Flight Status\" href=\"../Lax-Flight-Status.php\">???? ?????? ?????? </a><br /> &nbsp;</div>\r\n<div><a href=\"#\">????? ???????? </a><br /> &nbsp;</div>\r\n<div><a title=\"LAX Van Rentals Safety tips \" href=\"../15-12-Passenger-Van-Safety.php\">??????? ???????</a><br /> &nbsp;</div>\r\n<div><a title=\"DMV Driving Rules In California\" href=\"../DMV-Driving-Rules-In-California.php\">?????? ????? ?? ??????????</a><br /> &nbsp;</div>\r\n<div><a title=\"Rent van for Los Angeles event\" href=\"../Los-Angeles-LA-Events.php\">????? ????? ??? ?????? </a></div>\r\n<p><br /> <a title=\"PRIVACY POLICY\" href=\"../privacy_policy.php\">?????? ?????????</a></p>'),
(10, 'Van Rentals Los Angeles', '<p><strong>Lax Van rentals</strong> with over 10 years experience in LAX and Los Angeles area is one of the largest commercial van rental companies and the best options for <strong>passenger van rentals in Los Angeles</strong> and southern California. <strong>Lax Van Rentals</strong> offers wide range of passenger vans including 12 seat and 15 seat passenger vans with a choice of size to suit your needs for <strong>Van Rental Los Angeles</strong>. Whether you are vacationing with extended family, gathering with friends or you are with sport group in Los Angeles, <strong>LAX Van Rentals</strong> have suitable passenger <strong>van rental</strong> for you.</p>\r\n<h2>Rent A Van in Los Angeles:</h2>\r\n<p>Los Angeles &nbsp;is home to many well-known attractions and there are many things to do in Los Angeles such as Hollywood Wax Museum &amp; galleries, Venice and Santa Monica beaches, The Getty Center, Universal Studio, Disneyland, Hollywood and many more. Visiting <a title=\"Los Angeles Attractions\" href=\"things-to-do-los-angeles-attraction.php\">Los Angeles attractions</a> becomes even more exciting and fun when you go with a large group of people or your family in a LAX van rental.<br /> <strong>LAX passenger vans</strong> allow everyone to travel together comfortably and safely. <strong>LAX Van Rentals</strong> offers <a title=\"12 Passenger Van Rentals\" href=\"http://lax-van-rentals.com/12-Passenger-Van-Rentals-Los-Angeles.php\">12 passenger van rentals</a> and <a title=\"15 Passenger Van Rentals\" href=\"http://lax-van-rentals.com/vehicle-details.php?vid=3\">15 passenger van rentals</a>, so you can choose the perfect size <strong>van rental</strong> for your family or party group.</p>\r\n<h2>Los Angeles Van Rental:</h2>\r\n<p>Planning a trip to Los Angeles for a large group or extended family can be tricky, especially when it is necessary to stay within the budget for<strong> Van Rentals Los Angeles</strong>. You do not need to rent multiple cars and paying a lot of money when it comes to traveling with more than 5 people. &nbsp;You can save some money with <strong>Van Rentals Los Angeles</strong> and rent a <strong>12 passenger van or 15 passenger van </strong>for your travels to Los Angeles area. Whether your extended family, friends or party group is staying in <strong>Los Angeles</strong> or traveling across the California state or country, for Van Rental Los Angeles you can rent a passenger van at <strong>LAX Van Rentals</strong>. <a title=\"Contact LAX Van Rentals\" href=\"http://lax-van-rentals.com/Contact-lax-van-rentals.php\">Contact us</a> for Van Rental Los Angeles or make a complete reservation to get discounted rate for the best passenger van rentals in Los Angeles.</p>\r\n<p style=\"text-align: center;\"><img style=\"width: 326px; height: 245px;\" src=\"http://lax-van-rentals.com/images/ford-e-350.jpg\" alt=\"LAX Van Rental Ford E350\" /></p>', '<p><strong>Lax Van alquiler</strong> con m&aacute;s de 10 a&ntilde;os de experiencia en LAX y el &aacute;rea de Los Angeles es una de las mayores empresas de alquiler de furgonetas comerciales y las mejores opciones para <strong>los pasajeros van de vacaciones en Los &Aacute;ngeles</strong> y el sur de California. <strong>Lax Van Rentals</strong> ofrece una amplia gama de furgonetas de pasajeros, incluyendo 12 asientos y 15 furgonetas de pasajeros de los asientos con una opci&oacute;n de tama&ntilde;o para adaptarse a sus necesidades de <strong>Van Rental Los Angeles.</strong> <span class=\"notranslate\"> Tanto si est&aacute; de vacaciones con la familia extendida, reunirse con amigos o est&aacute;n con el grupo deportivo en Los Angeles, <strong>LAX Van Rentals</strong> tienen adecuada <strong>alquiler de furgonetas</strong> de pasajeros para usted. </span></p>\r\n<h2>Rent A Van en Los &Aacute;ngeles:</h2>\r\n<p>Los Angeles es el hogar de muchas de las atracciones de renombre y hay muchas cosas que hacer en Los &Aacute;ngeles, como Hollywood Wax Museum &amp; galer&iacute;as, Venecia y las playas de Santa M&oacute;nica, The Getty Center, Universal Studios, Disneyland, Hollywood y muchos m&aacute;s. Visitar <a title=\"Qu&Atilde;&copy; hacer en Los &Atilde;ngeles\" href=\"http://lax-van-rentals.com/things_to_do_los_angeles.php&amp;usg=ALkJrhgzJ_LQNR2BBl_xqhzYwgINkZ87SQ\">lugares de inter&eacute;s de Los &Aacute;ngeles</a> se convierte en a&uacute;n m&aacute;s emocionante y divertido cuando vas con un grupo grande de personas o su familia en una furgoneta de alquiler LAX.<br /> <strong>Furgonetas LAX pasajeros</strong> que todos puedan viajar juntos con comodidad y seguridad. <strong>LAX Alquiler Van</strong> ofrece <a title=\"12 Passenger Van Rentals\" href=\"http://lax-van-rentals.com/12-Passenger-Van-Rentals-Los-Angeles.php&amp;usg=ALkJrhgQvb4NCQy1Aog1H8CnnKmfxZmqHg\">12 Furgonetas de pasajeros</a> y <a title=\"15 Passenger Van Rentals\" href=\"http://lax-van-rentals.com/vehicle-details.php%3Fvid%3D3&amp;usg=ALkJrhga-yMjpsrx8S___XSsjIhX0dlyPg\">15 Furgonetas de pasajeros</a> , as&iacute; que usted puede elegir el tama&ntilde;o perfecto <strong>furgoneta de alquiler</strong> para su grupo familiar o fiesta.</p>\r\n<h2>Los Angeles Van Rental:</h2>\r\n<p>Planificaci&oacute;n de un viaje a Los Angeles para un gran grupo o familia extensa puede ser dif&iacute;cil, especialmente cuando es necesario para mantenerse dentro del presupuesto para <strong>Van de vacaciones en Los &Aacute;ngeles.</strong> <span class=\"notranslate\"> No es necesario alquilar varios coches y pagar un mont&oacute;n de dinero cuando se trata de viajar con m&aacute;s de 5 personas.</span> <span class=\"notranslate\"> Usted puede ahorrar un poco de dinero con <strong>Van de vacaciones en Los &Aacute;ngeles</strong> y alquilar una <strong>camioneta para 12 pasajeros o 15 camioneta de pasajeros</strong> para sus viajes a la zona de Los Angeles. Ya sea que su familia extendida, amigos o grupo del partido se quedan en <strong>Los &Aacute;ngeles</strong> o viajando por el estado o pa&iacute;s de California, por Van Rental Los Angeles se puede alquilar una camioneta de pasajeros en <strong>LAX Van Rentals.</strong> <a title=\"Contacto LAX Van Rentals\" href=\"http://lax-van-rentals.com/Contact-lax-van-rentals.php&amp;usg=ALkJrhjVuchUqSz_GjiPiVPDWwl-FhLBZw\">P&oacute;ngase en contacto con nosotros</a> para Alquiler Van Los &Aacute;ngeles o hacer una completa reserva para conseguir tarifa para las mejores furgonetas de pasajeros vacacionales en Los &Aacute;ngeles con descuento.</span></p>\r\n<p style=\"text-align: center;\"><img style=\"width: 326px; height: 245px;\" title=\"15 Passenger Van Rentals Los Angeles\" src=\"http://lax-van-rentals.com/images/ford-e-350.jpg\" alt=\"LAX Van Rental Ford E350\" /></p>\r\n<p>&nbsp;</p>', '<p><span id=\"result_box\" lang=\"pt\"><span title=\"Van Rentals Los Angeles\r\n\r\n\"><br /></span><span title=\"Lax Van rentals with over 10 years experience in LAX and Los Angeles area is one of the largest commercial van rental companies and the best options for passenger van rentals in Los Angeles and southern California.\"><strong>Arrendamentos de Van Lax</strong> com mais de 10 anos de experi&ecirc;ncia na &aacute;rea de Los Angeles e Los Angeles &eacute; uma das maiores empresas de aluguer de van comercial e as melhores op&ccedil;&otilde;es para aluguel <strong>de van de passageiros em Los Angeles</strong> e no sul da Calif&oacute;rnia. </span><span title=\"Lax Van Rentals offers wide range of passenger vans including 12 seat and 15 seat passenger vans with a choice of size to suit your needs for Van Rental Los Angeles.\"><strong>Lax Van Rentals</strong> oferece ampla gama de vans de passageiros, incluindo 12 lugares e<strong> 15 vans de passageiros</strong> de assento com uma escolha de tamanho para atender &agrave;s suas necessidades para arrendamento Van Los Angeles. </span><span title=\"Whether you are vacationing with extended family, gathering with friends or you are with sport group in Los Angeles, LAX Van Rentals have suitable passenger van rental for you.\r\n\">Se voc&ecirc; est&aacute; de f&eacute;rias com a fam&iacute;lia alargada, reunindo com os amigos ou voc&ecirc; est&aacute; com o grupo esporte em Los Angeles, LAX Van Rentals t&ecirc;m de passageiros adequado van aluguer para voc&ecirc;.</span></span></p>\r\n<h2 style=\"color: #000000;\"><span id=\"result_box\" lang=\"pt\"><span title=\"Rent A Van in Los Angeles:\r\n\r\n\">Alugar uma van em Los Angeles:</span></span></h2>\r\n<p><span id=\"result_box\" lang=\"pt\"><span title=\"Los Angeles is home to many well-known attractions and there are many things to do in Los Angeles such as Hollywood Wax Museum &amp; galleries, Venice and Santa Monica beaches, The Getty Center, Universal Studio, Disneyland, Hollywood and many more.\">Los Angeles &eacute; o lar de muitas atra&ccedil;&otilde;es bem conhecidas e h&aacute; muitas coisas a fazer em Los Angeles como o Hollywood Wax Museum &amp; galerias, Veneza e praias de Santa Monica, The Getty Center, Universal Studio, Disneyland, Hollywood e muitos mais. </span><span title=\"Visiting Los Angeles attractions becomes even more exciting and fun when you go with a large group of people or your family in a LAX van rental.\r\n\">Visitando atrac&ccedil;&otilde;es de Los Angeles se torna ainda mais emocionante e divertido quando voc&ecirc; vai com um grande grupo de pessoas ou de sua fam&iacute;lia em um LAX aluguel de van.<br /></span><span title=\"LAX passenger vans allow everyone to travel together comfortably and safely.\">Carrinhas de passageiros LAX permitir que todos possam viajar juntos com conforto e seguran&ccedil;a. </span><span title=\"LAX Van Rentals offers 12 passenger van rentals and 15 passenger van rentals, so you can choose the perfect size van rental for your family or party group.\r\n\"><strong>LAX Van Rentals</strong> oferece 12 passageiros aluguer de carrinhas e 15 aluguel de van de passageiros, assim voc&ecirc; pode escolher o tamanho perfeito aluguer de van para o seu grupo familiar ou partido.</span></span></p>\r\n<p style=\"text-align: center;\"><img style=\"width: 326px; height: 245px;\" title=\"15 Passenger Van Rentals Los Angeles\" src=\"http://lax-van-rentals.com/images/ford-e-350.jpg\" alt=\"LAX Van Rental Ford E350\" /></p>\r\n<h2 style=\"color: #000000;\"><span id=\"result_box\" lang=\"pt\"><span title=\"Los Angeles Van Rental:\r\n\r\n\">Los Angeles Van Rental:<br /></span></span></h2>\r\n<p><span id=\"result_box\" lang=\"pt\"><span title=\"Planning a trip to Los Angeles for a large group or extended family can be tricky, especially when it is necessary to stay within the budget for Van Rentals Los Angeles.\">Planejando uma viagem para Los Angeles para um grande grupo ou fam&iacute;lia estendida pode ser complicado, especialmente quando &eacute; necess&aacute;rio ficar dentro do or&ccedil;amento para Van Aluguer de Los Angeles. </span><span title=\"You do not need to rent multiple cars and paying a lot of money when it comes to traveling with more than 5 people.\">Voc&ecirc; n&atilde;o precisa alugar v&aacute;rios carros e pagando um monte de dinheiro quando se trata de viajar com mais de 5 pessoas. </span><span title=\"You can save some money with Van Rentals Los Angeles and rent a 12 passenger van or 15 passenger van for your travels to Los Angeles area.\">Voc&ecirc; pode poupar algum dinheiro com <a title=\"Van Rentals Los Angeles\" href=\"../\">Van Rentals Los Angeles</a> e alugar uma van para 12 passageiros ou 15 passageiros van para as suas viagens para a &aacute;rea de Los Angeles. </span><span title=\"Whether your extended family, friends or party group is staying in Los Angeles or traveling across the California state or country, for Van Rental Los Angeles you can rent a passenger van at LAX Van Rentals.\">Quer a sua fam&iacute;lia estendida, amigos ou grupo do partido &eacute; ficar em Los Angeles ou em viagem em todo o estado da Calif&oacute;rnia ou pa&iacute;s, para arrendamento Van Los Angeles voc&ecirc; pode alugar uma van de passageiros no <strong>LAX Van Rentals</strong>. </span><span title=\"Contact us for Van Rental Los Angeles or make a complete reservation to get discounted rate for the best passenger van rentals in Los Angeles.\">Contacte-nos para<a title=\" Van Rental Los Angeles\" href=\"../\"> Van Rental Los Angeles</a> ou fazer uma reserva completa para obter taxa de desconto para o melhor aluguel de van de passageiros em Los Angeles.</span></span></p>', '<div dir=\"rtl\">الايجارات فان التراخي مع أكثر من 10 عاما من الخبرة في مطار لوس انجليس ومنطقة لوس انجليس هي واحدة من أكبر شركات تأجير سيارة تجارية وأفضل الخيارات لفان الايجارات الركاب في لوس أنجلوس وجنوب كاليفورنيا. التراخي إيجارات فان يقدم مجموعة واسعة من عربات الركاب بما في ذلك 12 مقعد و 15 عربات الركاب مقعد مع اختيار حجم لتناسب الاحتياجات الخاصة بك لتأجير فان لوس انجليس. سواء كنت عطلته مع العائلة الممتدة، وجمع مع الأصدقاء أو كنت مع مجموعة الرياضة في لوس أنجلوس، مطار لوس انجليس فان ديك إيجارات مناسبة الركاب فان استئجار بالنسبة لك.</div>');
INSERT INTO `footer_cms` (`id`, `key`, `content_eng`, `content_spa`, `content_por`, `content_arab`) VALUES
(11, 'Footer Menu First Column', '<div class=\"footer-links-sec-txt\"><a href=\"../\">Home</a></div>\r\n<div class=\"footer-links-sec-txt\"><a href=\"LAX-Passenger-Van-Fleet.php\">Van Fleet</a></div>\r\n<div class=\"footer-links-sec-txt\"><a href=\"lax-van-rental-faq.php\">FAQ</a></div>\r\n<div class=\"footer-links-sec-txt\"><a href=\"Contact-lax-van-rentals.php\">Contact us</a></div>\r\n<!-- <div class=\"footer-links-sec-txt\"><a href=\"contact.php\"></a></div> -->\r\n<div class=\"footer-links-sec-txt\"><a href=\"Discount-Van-Rental-Lax-Coupon.php\">Discount &amp; Coupons</a></div>\r\n<div class=\"footer-links-sec-txt\"><a href=\"Lax-Van-Rental-Sitemap.php\">Sitemap</a></div>\r\n<div class=\"footer-links-sec-txt\"><a href=\"blog.php\">Our&nbsp;Blog</a></div>', '<div class=\"footer-links-sec-txt\"><a href=\"../\">Casa&nbsp;</a></div>\r\n<div class=\"footer-links-sec-txt\"><a href=\"LAX-Passenger-Van-Fleet.php\">Pasajeros LAX Van Fleet&nbsp;</a></div>\r\n<div class=\"footer-links-sec-txt\"><a href=\"lax-van-rental-faq.php\">FAQ LAX Van Rentals&nbsp;</a></div>\r\n<div class=\"footer-links-sec-txt\"><a href=\"Contact-lax-van-rentals.php\">Contacto LAX Van Rentals</a></div>\r\n<!-- <div class=\"footer-links-sec-txt\"><a href=\"contact.php\"></a></div> -->\r\n<div class=\"footer-links-sec-txt\"><a href=\"Discount-Van-Rental-Lax-Coupon.php\">Van Discount Alquiler Cup&oacute;n Lax</a></div>\r\n<div class=\"footer-links-sec-txt\"><a href=\"Lax-Van-Rental-Sitemap.php\">LAX Van Mapa del sitio</a></div>\r\n<div class=\"footer-links-sec-txt\"><a href=\"blog.php\">LAX Van Rentals Blog</a></div>', '<div class=\"footer-links-sec-txt\"><a href=\"../\">Casa</a></div>\r\n<div class=\"footer-links-sec-txt\"><a href=\"LAX-Passenger-Van-Fleet.php\">Passageiros LAX Van Fleet</a></div>\r\n<div class=\"footer-links-sec-txt\"><a href=\"lax-van-rental-faq.php\">FAQ LAX Van Arrendamento</a></div>\r\n<div class=\"footer-links-sec-txt\"><a href=\"Contact-lax-van-rentals.php\">Contato LAX Van Arrendamento</a></div>\r\n<!-- <div class=\"footer-links-sec-txt\"><a href=\"contact.php\"></a></div> -->\r\n<div class=\"footer-links-sec-txt\"><a href=\"Discount-Van-Rental-Lax-Coupon.php\">Desconto Van Rental Lax Cupom</a></div>\r\n<div class=\"footer-links-sec-txt\"><a href=\"Lax-Van-Rental-Sitemap.php\">LAX Van Aluguer Mapa do Site</a></div>\r\n<div class=\"footer-links-sec-txt\"><a href=\"blog.php\">LAX Van Arrendamento Blog</a></div>', '<div class=\"footer-links-sec-txt\"><a href=\"../arabic/index.php\">الرئيسية</a></div>\r\n<div class=\"footer-links-sec-txt\"><a href=\"../arabic/LAX-Passenger-Van-Fleet.php\">فان الموجودة لدينا </a></div>\r\n<div class=\"footer-links-sec-txt\"><a href=\"../arabic/lax-van-rental-faq.php\">معلومات عن التأجير </a></div>\r\n<div class=\"footer-links-sec-txt\"><a href=\"../arabic/Contact-lax-van-rentals.php\">اتصل بنا </a></div>\r\n<div class=\"footer-links-sec-txt\"><a href=\"../arabic/Discount-Van-Rental-Lax-Coupon.php\">بطاقات الخصم للتاجير </a></div>\r\n<div class=\"footer-links-sec-txt\"><a href=\"../arabic/Lax-Van-Rental-Sitemap.php\">LAX فان إيجارات خريطة الموقع</a></div>\r\n<div class=\"footer-links-sec-txt\"><a href=\"../arabic/blog.php\">خريطة الموقع</a></div>'),
(12, 'Footer Menu Second Column', '<div class=\"footer-links-sec-txt\"><a href=\"Los-Angeles-Van-Rentals-Los-Angeles.php\"> Los Angeles Van Rental</a></div>\r\n<div class=\"footer-links-sec-txt\"><a href=\"Lax-Vans-Van-Rentals-Los-Angeles.php\">LAX Van Rentals</a></div>\r\n<div class=\"footer-links-sec-txt\"><a href=\"8-Passenger-Van-Rentals-Los-Angeles.php\">8 Passenger MiniVan Rentals</a></div>\r\n<div class=\"footer-links-sec-txt\"><a href=\"12-Passenger-Van-Rentals-Los-Angeles.php\">12 Passenger LAX Van Rentals</a></div>\r\n<div class=\"footer-links-sec-txt\"><a href=\"15-Passenger-Van-Rentals-Los-Angeles.php\">15 Passenger LAX Van Rentals</a></div>\r\n<div class=\"footer-links-sec-txt\"><a href=\"Cargo-Van-Rentals-Los-Angeles.php\">Cargo LAX Van Rentals</a></div>\r\n<div class=\"footer-links-sec-txt\"><a href=\"Van-Rentals-Los-Angeles.php\">Hire Van Rentals LA</a><br /> &nbsp;</div>', '<div class=\"footer-links-sec-txt\"><a href=\"Los-Angeles-Van-Rentals-Los-Angeles.php\"> Los Angeles Van Rental</a></div>\r\n<div class=\"footer-links-sec-txt\"><a href=\"Lax-Vans-Van-Rentals-Los-Angeles.php\">LAX Van Rentals</a></div>\r\n<div class=\"footer-links-sec-txt\"><a href=\"8-Passenger-Van-Rentals-Los-Angeles.php\">8 Pasajeros MiniVan Rentals</a></div>\r\n<div class=\"footer-links-sec-txt\"><a href=\"12-Passenger-Van-Rentals-Los-Angeles.php\">12 Pasajeros LAX Van Rentals</a></div>\r\n<div class=\"footer-links-sec-txt\"><a href=\"15-Passenger-Van-Rentals-Los-Angeles.php\">15 pasajeros LAX Van Rentals</a></div>\r\n<div class=\"footer-links-sec-txt\"><a href=\"Cargo-Van-Rentals-Los-Angeles.php\">Cargo LAX Van Rentals</a></div>\r\n<div class=\"footer-links-sec-txt\"><a href=\"Van-Rentals-Los-Angeles.php\">Furgonetas de LA </a><br /> &nbsp;</div>', '<div class=\"footer-links-sec-txt\"><a href=\"Los-Angeles-Van-Rentals-Los-Angeles.php\"> Los Angeles Van Rental</a></div>\r\n<div class=\"footer-links-sec-txt\"><a href=\"Lax-Vans-Van-Rentals-Los-Angeles.php\">LAX Van Arrendamento</a></div>\r\n<div class=\"footer-links-sec-txt\"><a href=\"8-Passenger-Van-Rentals-Los-Angeles.php\">8 Passageiros MiniVan Arrendamento</a></div>\r\n<div class=\"footer-links-sec-txt\"><a href=\"12-Passenger-Van-Rentals-Los-Angeles.php\">12 Passageiros LAX Van Arrendamento</a></div>\r\n<div class=\"footer-links-sec-txt\"><a href=\"15-Passenger-Van-Rentals-Los-Angeles.php\">15 Passageiros LAX Van Arrendamento</a></div>\r\n<div class=\"footer-links-sec-txt\"><a href=\"Cargo-Van-Rentals-Los-Angeles.php\">Carga LAX Van Arrendamento</a></div>\r\n<div class=\"footer-links-sec-txt\"><a href=\"Van-Rentals-Los-Angeles.php\">Van Arrendamento Los Angeles</a><br /> &nbsp;</div>', '<div class=\"footer-links-sec-txt\"><a href=\"../arabic/Los-Angeles-Van-Rentals-Los-Angeles.php\">لوس انجليس فان تأجير</a></div>\r\n<div class=\"footer-links-sec-txt\"><a href=\"../arabic/Lax-Vans-Van-Rentals-Los-Angeles.php\">LAX فان إيجارات</a></div>\r\n<div class=\"footer-links-sec-txt\"><a href=\"../arabic/8-Passenger-Van-Rentals-Los-Angeles.php\">ركاب مطار لوس انجليس فان إيجارات8</a></div>\r\n<div class=\"footer-links-sec-txt\"><a href=\"../arabic/12-Passenger-Van-Rentals-Los-Angeles.php\">12 ركاب مطار لوس انجليس فان إيجارات</a></div>\r\n<div class=\"footer-links-sec-txt\"><a href=\"../arabic/15-Passenger-Van-Rentals-Los-Angeles.php\">15 ركاب مطار لوس انجليس فان إيجارات</a></div>\r\n<div class=\"footer-links-sec-txt\"><a href=\"../arabic/Cargo-Van-Rentals-Los-Angeles.php\">البضائع LAX فان إيجارات</a></div>\r\n<div class=\"footer-links-sec-txt\"><a href=\"../arabic/Van-Rentals-Los-Angeles.php\">فان إيجارات LA</a></div>'),
(13, 'Footer Menu Third Column', '<div class=\"footer-links-sec-txt\"><a href=\"things-to-do-los-angeles-attraction.php\">Los Angeles Attractions</a></div>\r\n<div class=\"footer-links-sec-txt\"><a href=\"Lax-Map-Parking-Terminals.php\"> LAX Parking &amp; Terminals Maps</a></div>\r\n<div class=\"footer-links-sec-txt\"><a href=\"Lax-Flight-Status.php\">LAX Airport Flight Status</a></div>\r\n<div class=\"footer-links-sec-txt\"><a href=\"Los-Angeles-Van-Rentals-With-Driver.php\">LAX Van Rental with Driver</a></div>\r\n<div class=\"footer-links-sec-txt\"><a href=\"15-12-Passenger-Van-Safety.php\">LAX Passenger Van Safety Tips</a></div>\r\n<div class=\"footer-links-sec-txt\"><a href=\"DMV-Driving-Rules-In-California.php\">California DMV Driving Rules</a></div>\r\n<div class=\"footer-links-sec-txt\"><a href=\"Los-Angeles-LA-Events.php\">Rent Van for LA Event </a></div>', '<div class=\"footer-links-sec-txt\"><a href=\"things-to-do-los-angeles-attraction.php\">Qu&eacute; hacer en Los &Aacute;ngeles</a></div>\r\n<div class=\"footer-links-sec-txt\"><a href=\"Lax-Map-Parking-Terminals.php\">Aparcamiento LAX y Terminales Mapas</a></div>\r\n<div class=\"footer-links-sec-txt\"><a href=\"Lax-Flight-Status.php\">LAX Airporto Flight Status</a></div>\r\n<div class=\"footer-links-sec-txt\"><a href=\"Los-Angeles-Van-Rentals-With-Driver.php\">A<span id=\"result_box\" class=\"short_text\" lang=\"es\"><span class=\"hps\">lquiler de&nbsp;Camionetas</span> <span class=\"hps\">con conductor</span></span></a></div>\r\n<div class=\"footer-links-sec-txt\"><a href=\"15-12-Passenger-Van-Safety.php\">Consejos de LAX Van seguridad</a></div>\r\n<div class=\"footer-links-sec-txt\"><a href=\"DMV-Driving-Rules-In-California.php\">California DMV normas de circulaci&oacute;n</a></div>\r\n<div class=\"footer-links-sec-txt\"><a href=\"Los-Angeles-LA-Events.php\"><span id=\"result_box\" class=\"short_text\" lang=\"es\"><span class=\"hps\">Alquilar un</span> <span class=\"hps\">Van</span> <span class=\"hps\">Le</span> <span class=\"hps\">Evento</span></span> </a></div>', '<div class=\"footer-links-sec-txt\"><a href=\"things-to-do-los-angeles-attraction.php\">Atra&ccedil;&otilde;es Los Angeles</a></div>\r\n<div class=\"footer-links-sec-txt\"><a href=\"Lax-Map-Parking-Terminals.php\">Estacionamento LAX Terminais e Mapas</a></div>\r\n<div class=\"footer-links-sec-txt\"><a href=\"Lax-Flight-Status.php\">LAX Flight Status</a></div>\r\n<div class=\"footer-links-sec-txt\"><a href=\"Los-Angeles-Van-Rentals-With-Driver.php\">LAX v<span id=\"result_box\" class=\"short_text\" lang=\"pt\"><span class=\"hps\">an</span> <span class=\"hps\">de aluguel com</span> <span class=\"hps\">motorista</span></span></a></div>\r\n<div class=\"footer-links-sec-txt\"><a href=\"15-12-Passenger-Van-Safety.php\">Dicas de LAX Van Seguran&ccedil;a</a></div>\r\n<div class=\"footer-links-sec-txt\"><a href=\"DMV-Driving-Rules-In-California.php\">Calif&oacute;rnia DMV Regras de condu&ccedil;&atilde;o</a></div>\r\n<div class=\"footer-links-sec-txt\"><a href=\"Los-Angeles-LA-Events.php\"><span id=\"result_box\" class=\"short_text\" lang=\"pt\"><span class=\"hps\">Alugar um</span> <span class=\"hps\">evento</span> <span class=\"hps\">Van</span> <span class=\"hps\">Le</span></span></a></div>', '<div class=\"footer-links-sec-txt\"><a href=\"../arabic/things-to-do-los-angeles-attraction.php\">لوس انجليس الجذب</a></div>\r\n<div class=\"footer-links-sec-txt\"><a href=\"../arabic/Lax-Map-Parking-Terminals.php\">موقف سيارات مطار لوس انجليس والفرض خرائط</a></div>\r\n<div class=\"footer-links-sec-txt\"><a href=\"../arabic/Lax-Flight-Status.php\">لوس أنجلوس LAX الطيران الحالة</a></div>\r\n<div class=\"footer-links-sec-txt\"><a href=\"../arabic/Los-Angeles-Van-Rentals-With-Driver.php\">لوس انجليس فان تأجير سائق</a></div>\r\n<div class=\"footer-links-sec-txt\"><a href=\"../arabic/15-12-Passenger-Van-Safety.php\">نصائح الركاب LAX فان السلامة</a></div>\r\n<div class=\"footer-links-sec-txt\"><a href=\"../arabic/DMV-Driving-Rules-In-California.php\">كاليفورنيا قوانين القيادة DMV</a></div>\r\n<div class=\"footer-links-sec-txt\"><a href=\"../arabic/Los-Angeles-LA-Events.php\">الإيجار فان لوس أنجلوس LA</a></div>'),
(14, 'Footer Menu Fourth Column', '<div style=\"font-family: Tahoma, Geneva, sans-serif;\r\ncolor: #FFF;\r\nfont-size: 12px;\r\ntext-decoration: none;\">\r\n	<strong>Los Angeles </strong>\r\n	<div style=\"clear:both;\">\r\n		&nbsp;</div>\r\n	<br />\r\n	8726 S.&nbsp;Sepulveda Blvd. #D-235<br />\r\n	Los Angeles, CA &nbsp;90045<br />\r\n	USA<br />\r\n	Toll-Free: 1-888-840-1198<br />\r\n	Fax:&nbsp;&nbsp;&nbsp;&nbsp;&nbsp; 607-429-1402<br />\r\n	<br />\r\n	<a href=\"https://maps.google.com/maps?q=8726+S.+Sepulveda+Blvd+%23D-235+Los+Angeles,+CA+90045&amp;hl=en&amp;ll=33.95814,-118.396142&amp;spn=0.001333,0.002642&amp;sll=33.958005,-118.396142&amp;sspn=0.001333,0.002642&amp;hnear=8726+S+Sepulveda+Blvd,+Los+Angeles,+California+90045&amp;t=m&amp;z=19&amp;iwloc=A\" style=\"background-image: inherit; background-size: inherit; background-attachment: inherit; background-origin: inherit; background-clip: inherit; background-color: inherit; color: rgb(0, 102, 204); background-position: inherit inherit; background-repeat: inherit inherit;\" target=\"_blank\">View Map</a></div>\r\n', '<div style=\"font-family: Tahoma, Geneva, sans-serif;\r\ncolor: #FFF;\r\nfont-size: 12px;\r\ntext-decoration: none;\">\r\n	<strong>Los Angeles </strong>\r\n	<div style=\"clear:both;\">\r\n		&nbsp;</div>\r\n	<br />\r\n	8726 S.&nbsp;Sepulveda Blvd. #D-235<br />\r\n	Los Angeles, CA &nbsp;90045<br />\r\n	USA<br />\r\n	Gratis: 1-888-840-1198<br />\r\n	Fax:&nbsp;&nbsp;&nbsp;&nbsp;&nbsp; 607-429-1402<br />\r\n	<br />\r\n	<a href=\"https://maps.google.com/maps?q=8726+S.+Sepulveda+Blvd+%23D-235+Los+Angeles,+CA+90045&amp;hl=en&amp;ll=33.95814,-118.396142&amp;spn=0.001333,0.002642&amp;sll=33.958005,-118.396142&amp;sspn=0.001333,0.002642&amp;hnear=8726+S+Sepulveda+Blvd,+Los+Angeles,+California+90045&amp;t=m&amp;z=19&amp;iwloc=A\" style=\"background-image: inherit; background-size: inherit; background-attachment: inherit; background-origin: inherit; background-clip: inherit; background-color: inherit; color: rgb(0, 102, 204); background-position: inherit inherit; background-repeat: inherit inherit;\" target=\"_blank\">View Map</a></div>\r\n', '<div style=\"font-family: Tahoma, Geneva, sans-serif;\r\ncolor: #FFF;\r\nfont-size: 12px;\r\ntext-decoration: none;\">\r\n	<strong>Los Angeles </strong>\r\n	<div style=\"clear:both;\">\r\n		&nbsp;</div>\r\n	<br />\r\n	8726 S.&nbsp;Sepulveda Blvd. #D-235<br />\r\n	Los Angeles, CA &nbsp;90045<br />\r\n	USA<br />\r\n	GrÃ¡tis: 1-888-840-1198<br />\r\n	Fax:&nbsp;&nbsp;&nbsp;&nbsp;&nbsp; 607-429-1402<br />\r\n	<br />\r\n	<a href=\"https://maps.google.com/maps?q=8726+S.+Sepulveda+Blvd+%23D-235+Los+Angeles,+CA+90045&amp;hl=en&amp;ll=33.95814,-118.396142&amp;spn=0.001333,0.002642&amp;sll=33.958005,-118.396142&amp;sspn=0.001333,0.002642&amp;hnear=8726+S+Sepulveda+Blvd,+Los+Angeles,+California+90045&amp;t=m&amp;z=19&amp;iwloc=A\" style=\"background-image: inherit; background-size: inherit; background-attachment: inherit; background-origin: inherit; background-clip: inherit; background-color: inherit; color: rgb(0, 102, 204); background-position: inherit inherit; background-repeat: inherit inherit;\" target=\"_blank\">View Map</a></div>\r\n', '');

-- --------------------------------------------------------

--
